{"id":10221,"date":"2021-03-20T09:59:46","date_gmt":"2021-03-20T09:59:46","guid":{"rendered":"https:\/\/mariafrieden-hamminkeln.de\/?page_id=10221"},"modified":"2021-03-20T10:05:33","modified_gmt":"2021-03-20T10:05:33","slug":"familiengottesdienst-fuer-zuhause-21-maerz-2021","status":"publish","type":"page","link":"https:\/\/mariafrieden-hamminkeln.de\/?page_id=10221","title":{"rendered":"Familiengottesdienst f\u00fcr Zuhause (21. M\u00e4rz 2021)"},"content":{"rendered":"<table style=\"border-collapse: collapse; width: 100%;\">\n<tbody>\n<tr>\n<td style=\"width: 100%; background-color: #c8c8c8;\">\n<h1 style=\"text-align: center;\"><span style=\"font-size: 14pt; color: #ff6600;\">Gebrauchsanweisung: Familiengottesdienste f\u00fcr Zuhause<\/span><\/h1>\n<ul style=\"list-style-type: square;\">\n<li><span style=\"font-size: 10pt; color: #000000;\">Sie k\u00f6nnen diesen Gottesdienst f\u00fcr sich als Familie feiern. Sie k\u00f6nnen aber auch gemeinsam mit einer befreundeten Familie, den Nachbarn oder Gro\u00dfeltern tun.<\/span><\/li>\n<li><span style=\"font-size: 10pt; color: #000000;\">\u00dcberlegen Sie sich gemeinsam, zu welcher Uhrzeit Sie diesen Gottesdienst feiern m\u00f6chten. Vielleicht nehmen Sie die Gottesdienstzeit Ihrer Kirche.<\/span><\/li>\n<li><span style=\"font-size: 10pt; color: #000000;\">Suchen Sie sich gemeinsam einen Ort, an dem Sie gut diesen Gottesdienst feiern k\u00f6nnen. Das kann der Esstisch, die Couch im Wohnzimmer sein oder auch auf dem Teppichboden sitzend im Kinderzimmer.<\/span><\/li>\n<li><span style=\"font-size: 10pt; color: #000000;\">Schauen Sie, wie Sie diesen Ort gestalten. Wenn m\u00f6glich, z\u00fcnden Sie eine Kerze an und stellen Sie diese in die Mitte, legen eine (Kinder-)Bibel und evtl. ein kleines Wandkreuz dazu.<\/span><\/li>\n<li><span style=\"font-size: 10pt; color: #000000;\">Sie k\u00f6nnen einzelne oder alle Texte nehmen. Sie k\u00f6nnen sie selbst lesen bzw. beten oder auch einige anh\u00f6ren.<\/span><\/li>\n<\/ul>\n<\/td>\n<\/tr>\n<\/tbody>\n<\/table>\n<h1><span style=\"color: #ff0000; font-size: 18pt;\">Familiengottesdienst zum 21. M\u00e4rz 2021<br \/>\n5. Fastensonntag<\/span><\/h1>\n<p><em><span style=\"color: #0000ff;\">Per Mausklick auf den Pfeil die Audio-Datei abspielen. Wir starten mit Glockengel\u00e4ut:<\/span><\/em><\/p>\n<!--[if lt IE 9]><script>document.createElement('audio');<\/script><![endif]-->\n<audio class=\"wp-audio-shortcode\" id=\"audio-10221-1\" preload=\"none\" style=\"width: 100%;\" controls=\"controls\"><source type=\"audio\/mpeg\" src=\"https:\/\/mariafrieden-hamminkeln.de\/wp-content\/uploads\/2021\/02\/1-2021-02-21-Glocken-Gelaeut.mp3?_=1\" \/><a href=\"https:\/\/mariafrieden-hamminkeln.de\/wp-content\/uploads\/2021\/02\/1-2021-02-21-Glocken-Gelaeut.mp3\">https:\/\/mariafrieden-hamminkeln.de\/wp-content\/uploads\/2021\/02\/1-2021-02-21-Glocken-Gelaeut.mp3<\/a><\/audio>\n<p><span style=\"color: #008000;\"><strong>Lied:<\/strong><\/span> Manchmal feiern wir mitten im Tag<\/p>\n<p><iframe loading=\"lazy\" title=\"Splitscreen Video zu Manchmal feiern wir mitten im Tag\" width=\"625\" height=\"352\" src=\"https:\/\/www.youtube.com\/embed\/DKwRgPJY1jI?feature=oembed\" frameborder=\"0\" allow=\"accelerometer; autoplay; clipboard-write; encrypted-media; gyroscope; picture-in-picture\" allowfullscreen><\/iframe><\/p>\n<p><span style=\"color: #3366ff;\"><i style=\"font-size: 1rem;\">Jetzt folgt die Begr\u00fc\u00dfung (auf den Pfeil klicken):<br \/>\n<\/i><\/span><\/p>\n<audio class=\"wp-audio-shortcode\" id=\"audio-10221-2\" preload=\"none\" style=\"width: 100%;\" controls=\"controls\"><source type=\"audio\/mpeg\" src=\"https:\/\/mariafrieden-hamminkeln.de\/wp-content\/uploads\/2021\/03\/2021-03-21-Begruessung2.mp3?_=2\" \/><a href=\"https:\/\/mariafrieden-hamminkeln.de\/wp-content\/uploads\/2021\/03\/2021-03-21-Begruessung2.mp3\">https:\/\/mariafrieden-hamminkeln.de\/wp-content\/uploads\/2021\/03\/2021-03-21-Begruessung2.mp3<\/a><\/audio>\n<p style=\"padding-left: 40px;\"><span style=\"color: #008000;\"><strong>Begr\u00fc\u00dfung<br \/>\n<\/strong><\/span><\/p>\n<p style=\"padding-left: 40px;\">Liebe Kinder, liebe Eltern, ganz herzlich begr\u00fc\u00dfen wir euch zu unserem Familiengottesdienst mitten in der Fastenzeit.<\/p>\n<p style=\"padding-left: 40px;\">Sch\u00f6n, dass ihr der Einladung gefolgt seid und wir nun gemeinsam Gottesdienst feiern.<br \/>\nBeginnen wir mit dem Kreuzzeichen, das uns an Gott erinnert und in dessen Namen wir nun zusammen sind.<\/p>\n<p style=\"padding-left: 40px;\">Wir sprechen gemeinsam \u2013 <strong>Im Namen des Vaters und des Sohnes und des Heiligen Geistes. Amen<\/strong><\/p>\n<p><span style=\"color: #008000;\"><span style=\"color: #3366ff;\"><i>Per Mausklick auf den Pfeil die Audio-Datei abspielen:<\/i><\/span><\/span><\/p>\n<audio class=\"wp-audio-shortcode\" id=\"audio-10221-3\" preload=\"none\" style=\"width: 100%;\" controls=\"controls\"><source type=\"audio\/mpeg\" src=\"https:\/\/mariafrieden-hamminkeln.de\/wp-content\/uploads\/2021\/03\/2021-03-21-Einleitung-Teil-1.mp3?_=3\" \/><a href=\"https:\/\/mariafrieden-hamminkeln.de\/wp-content\/uploads\/2021\/03\/2021-03-21-Einleitung-Teil-1.mp3\">https:\/\/mariafrieden-hamminkeln.de\/wp-content\/uploads\/2021\/03\/2021-03-21-Einleitung-Teil-1.mp3<\/a><\/audio>\n<p style=\"padding-left: 40px;\"><img loading=\"lazy\" decoding=\"async\" class=\"alignright size-medium wp-image-10242\" src=\"https:\/\/mariafrieden-hamminkeln.de\/wp-content\/uploads\/2021\/03\/Logo-300x300.jpg\" alt=\"\" width=\"300\" height=\"300\" srcset=\"https:\/\/mariafrieden-hamminkeln.de\/wp-content\/uploads\/2021\/03\/Logo-300x300.jpg 300w, https:\/\/mariafrieden-hamminkeln.de\/wp-content\/uploads\/2021\/03\/Logo-1024x1024.jpg 1024w, https:\/\/mariafrieden-hamminkeln.de\/wp-content\/uploads\/2021\/03\/Logo-150x150.jpg 150w, https:\/\/mariafrieden-hamminkeln.de\/wp-content\/uploads\/2021\/03\/Logo-768x768.jpg 768w, https:\/\/mariafrieden-hamminkeln.de\/wp-content\/uploads\/2021\/03\/Logo-624x624.jpg 624w, https:\/\/mariafrieden-hamminkeln.de\/wp-content\/uploads\/2021\/03\/Logo.jpg 1080w\" sizes=\"(max-width: 300px) 100vw, 300px\" \/>Viele Veranstaltungen beginnen mit einem <strong>\u201eWarm-up\u201c<\/strong>. Das hei\u00dft, mit einer Aufw\u00e4rm\u00fcbung, damit man so richtig in Stimmung kommt. So wollen auch wir uns auf diesen Gottesdienst einstimmen. Vielleicht etwas ungew\u00f6hnlicher, etwas anders als sonst, n\u00e4mlich mit <strong>\u201eStopp-Tanz\u201c<\/strong>. Ich hoffe ihr kennt das aus dem Kindergarten oder aus der Schule. Ihr schiebt gleich den Stuhl oder den Couchtisch etwas zur Seite, bestimmt eine\/n Spielleiter\/in, sucht euch passende Musik aus, und dann geht es los. Der\/die Spielleiter\/in stellt die Musik an und ihr tanzt durch den Raum. Irgendwann macht der\/die Spielleiter\/in die Musik aus und dann m\u00fcsst ihr in der aktuellen Position \u201eeinfrieren\u201c. Ihr d\u00fcrft euch nicht mehr bewegen. Erst wenn der\/die Spielleiter\/in \u201eweiter\u201c sagt, tanzt ihr die n\u00e4chste Runde. Los geht\u2019s! Viel Spa\u00df dabei!<\/p>\n<p><span style=\"color: #008000;\"><span style=\"color: #3366ff;\"><i>Per Mausklick auf den Pfeil die Audio-Datei abspielen:<\/i><\/span><\/span><\/p>\n<audio class=\"wp-audio-shortcode\" id=\"audio-10221-4\" preload=\"none\" style=\"width: 100%;\" controls=\"controls\"><source type=\"audio\/mpeg\" src=\"https:\/\/mariafrieden-hamminkeln.de\/wp-content\/uploads\/2021\/03\/2021-03-21-Einleitung-Teil-2.mp3?_=4\" \/><a href=\"https:\/\/mariafrieden-hamminkeln.de\/wp-content\/uploads\/2021\/03\/2021-03-21-Einleitung-Teil-2.mp3\">https:\/\/mariafrieden-hamminkeln.de\/wp-content\/uploads\/2021\/03\/2021-03-21-Einleitung-Teil-2.mp3<\/a><\/audio>\n<p style=\"padding-left: 40px;\">Stellt euch mal vor, wir k\u00f6nnten das im richtigen Leben auch machen, einfach mal auf \u201eStopp\u201c dr\u00fccken und alles anhalten.<br \/>\nWann w\u00fcrdest du gerne auf \u201eStopp\u201c dr\u00fccken?<br \/>\nIch w\u00fcrde es dann machen wollen, wenn ich ganz gl\u00fccklich bin. Damit das nie aufh\u00f6rt. Oder aber wenn ich glaube, dass bald etwas ganz Schlimmes passiert. Dann w\u00fcrde ich auch auf Stopp dr\u00fccken, damit es eben nicht passiert und ich es vielleicht \u00e4ndern k\u00f6nnte.<br \/>\nManchmal muss aber etwas geschehen, was auf den ersten Blick schmerzhaft und traurig ist, damit etwas Neues anfangen kann. Das klingt jetzt ein bisschen kompliziert und manchmal k\u00f6nnen wir das am Anfang auch nicht ganz begreifen.<br \/>\nDeshalb sind hier mal ein paar Beispiele.<\/p>\n<p><span style=\"color: #008000;\"><span style=\"color: #3366ff;\"><i>Per Mausklick auf den Pfeil die Audio-Datei abspielen:<\/i><\/span><\/span><\/p>\n<audio class=\"wp-audio-shortcode\" id=\"audio-10221-5\" preload=\"none\" style=\"width: 100%;\" controls=\"controls\"><source type=\"audio\/mpeg\" src=\"https:\/\/mariafrieden-hamminkeln.de\/wp-content\/uploads\/2021\/03\/2021-03-21-Beispiele.mp3?_=5\" \/><a href=\"https:\/\/mariafrieden-hamminkeln.de\/wp-content\/uploads\/2021\/03\/2021-03-21-Beispiele.mp3\">https:\/\/mariafrieden-hamminkeln.de\/wp-content\/uploads\/2021\/03\/2021-03-21-Beispiele.mp3<\/a><\/audio>\n<p style=\"padding-left: 40px;\"><span style=\"color: #008000;\"><strong>Beispiele<\/strong><\/span><\/p>\n<ul>\n<li style=\"list-style-type: none;\">\n<ul>\n<li>Manch einer w\u00fcrde gerne auf Nacht uns Dunkelheit verzichten. Aber wenn die Sonne am Abend nicht im Westen untergehen w\u00fcrde, k\u00f6nnte sie am anderen Morgen nicht wieder im Osten zu einem neuen Tag aufgehen.<\/li>\n<li>Eine Impfung tut f\u00fcr den Moment weh. Aber wenn wir dem K\u00f6rper nicht die Chance geben, sich rechtzeitig auf ein Virus einzustellen, werden die Folgen vielleicht viel dramatischer.<\/li>\n<li>Das eine Raupe ihr Leben aufgeben muss, ist sicher nicht sch\u00f6n. Aber t\u00e4te sie das nicht, k\u00f6nnte sie nie zu einem herrlichen bunten Schmetterling werden.<\/li>\n<li>Auf eine kalte Dusche am Morgen kann man eigentlich gerne verzichten. Aber wer sie \u00fcber sich ergehen l\u00e4sst, f\u00fchlt sich danach frisch und fit f\u00fcr den ganzen Tag.<\/li>\n<li>Abschied nehmen tut weh. Aber manchmal wei\u00df man erst dann, wie viel einem der andere bedeutet. Und ist umso fr\u00f6hlicher, wenn man ihn wieder in die Arme nehmen kann.<\/li>\n<li>Viele werden im Herbst depressiv, weil scheinbar alles Leben vergeht. Aber muss die Natur nicht Kr\u00e4fte tanken, um im n\u00e4chsten Fr\u00fchling neu zu erbl\u00fchen?<\/li>\n<\/ul>\n<\/li>\n<\/ul>\n<p><span style=\"color: #008000;\"><span style=\"color: #3366ff;\"><i>Per Mausklick auf den Pfeil die Audio-Datei abspielen:<\/i><\/span><\/span><\/p>\n<audio class=\"wp-audio-shortcode\" id=\"audio-10221-6\" preload=\"none\" style=\"width: 100%;\" controls=\"controls\"><source type=\"audio\/mpeg\" src=\"https:\/\/mariafrieden-hamminkeln.de\/wp-content\/uploads\/2021\/03\/2021-03-21-Evangelium.mp3?_=6\" \/><a href=\"https:\/\/mariafrieden-hamminkeln.de\/wp-content\/uploads\/2021\/03\/2021-03-21-Evangelium.mp3\">https:\/\/mariafrieden-hamminkeln.de\/wp-content\/uploads\/2021\/03\/2021-03-21-Evangelium.mp3<\/a><\/audio>\n<p style=\"padding-left: 40px;\"><span style=\"color: #008000;\"><strong>Evangelium<\/strong><\/span><\/p>\n<p style=\"padding-left: 40px;\">Auf den ersten Blick erz\u00e4hlen all die Beispiele von Erfahrungen, auf die wir gerne verzichten w\u00fcrden. Die J\u00fcngerinnen und J\u00fcnger h\u00e4tte es auch gerne gehabt, dass f\u00fcr Sie die Zeit stehen bleibt. Dass Jesus weiterlebt, dass er auf ewig bei Ihnen bleibt. Aber heute h\u00f6ren wir, dass er ihnen sagt: Es gibt einen gr\u00f6\u00dferen Plan. Auch wenn es sich im Moment nicht richtig anf\u00fchlt: Glaubt mir, dass sich alles zum Guten wendet.<\/p>\n<p style=\"padding-left: 40px;\">H\u00f6ren wir, was uns der Evangelis Johannes aufgeschrieben hat<\/p>\n<p style=\"padding-left: 40px;\">Kurz vor seinem Tod sagte Jesus zu seinen J\u00fcngern: Die Stunde ist gekommen, dass sich f\u00fcr den Menschensohn erf\u00fcllt, was vorhergesagt wird.<\/p>\n<p style=\"padding-left: 40px;\"><img loading=\"lazy\" decoding=\"async\" class=\"alignright size-medium wp-image-10239\" src=\"https:\/\/mariafrieden-hamminkeln.de\/wp-content\/uploads\/2021\/03\/Weizenfeld-300x213.jpg\" alt=\"\" width=\"300\" height=\"213\" srcset=\"https:\/\/mariafrieden-hamminkeln.de\/wp-content\/uploads\/2021\/03\/Weizenfeld-300x213.jpg 300w, https:\/\/mariafrieden-hamminkeln.de\/wp-content\/uploads\/2021\/03\/Weizenfeld-1024x727.jpg 1024w, https:\/\/mariafrieden-hamminkeln.de\/wp-content\/uploads\/2021\/03\/Weizenfeld-768x545.jpg 768w, https:\/\/mariafrieden-hamminkeln.de\/wp-content\/uploads\/2021\/03\/Weizenfeld-1536x1090.jpg 1536w, https:\/\/mariafrieden-hamminkeln.de\/wp-content\/uploads\/2021\/03\/Weizenfeld-624x443.jpg 624w, https:\/\/mariafrieden-hamminkeln.de\/wp-content\/uploads\/2021\/03\/Weizenfeld.jpg 1747w\" sizes=\"(max-width: 300px) 100vw, 300px\" \/>Amen, amen, ich sage euch: wenn das Weizenkorn nicht in die Erde f\u00e4llt und stirbt, bleibt es allein; wenn es aber stirbt, bringt es reiche Frucht.<\/p>\n<p style=\"padding-left: 40px;\">Wer sein Leben liebt, verliert es; wer aber sein Leben in dieser Welt geringachtet, wird es bewahren bis ins ewige Leben. Wenn einer mir dienen will, folge er mir nach; und wo ich bin, dort wird auch mein Diener sein. Wenn einer mir dient, wird der Vater ihn ehren.<\/p>\n<p style=\"padding-left: 40px;\"><strong>Frohe Botschaft unseres Herrn Jesus Christus<\/strong><\/p>\n<p><span style=\"color: #008000;\"><span style=\"color: #3366ff;\"><i>Per Mausklick auf den Pfeil die Audio-Datei abspielen:<\/i><\/span><\/span><\/p>\n<audio class=\"wp-audio-shortcode\" id=\"audio-10221-7\" preload=\"none\" style=\"width: 100%;\" controls=\"controls\"><source type=\"audio\/mpeg\" src=\"https:\/\/mariafrieden-hamminkeln.de\/wp-content\/uploads\/2021\/03\/2021-03-21-Gedanken.mp3?_=7\" \/><a href=\"https:\/\/mariafrieden-hamminkeln.de\/wp-content\/uploads\/2021\/03\/2021-03-21-Gedanken.mp3\">https:\/\/mariafrieden-hamminkeln.de\/wp-content\/uploads\/2021\/03\/2021-03-21-Gedanken.mp3<\/a><\/audio>\n<p style=\"padding-left: 40px;\"><span style=\"color: #008000;\"><strong>Zum Nachdenken<\/strong><\/span><\/p>\n<p style=\"padding-left: 40px;\"><img loading=\"lazy\" decoding=\"async\" class=\"alignleft size-medium wp-image-10240\" src=\"https:\/\/mariafrieden-hamminkeln.de\/wp-content\/uploads\/2021\/03\/Koerner-300x213.jpg\" alt=\"\" width=\"300\" height=\"213\" srcset=\"https:\/\/mariafrieden-hamminkeln.de\/wp-content\/uploads\/2021\/03\/Koerner-300x213.jpg 300w, https:\/\/mariafrieden-hamminkeln.de\/wp-content\/uploads\/2021\/03\/Koerner-1024x727.jpg 1024w, https:\/\/mariafrieden-hamminkeln.de\/wp-content\/uploads\/2021\/03\/Koerner-768x545.jpg 768w, https:\/\/mariafrieden-hamminkeln.de\/wp-content\/uploads\/2021\/03\/Koerner-1536x1090.jpg 1536w, https:\/\/mariafrieden-hamminkeln.de\/wp-content\/uploads\/2021\/03\/Koerner-624x443.jpg 624w, https:\/\/mariafrieden-hamminkeln.de\/wp-content\/uploads\/2021\/03\/Koerner.jpg 1747w\" sizes=\"(max-width: 300px) 100vw, 300px\" \/>Wenn das Weizenkorn nicht sterben w\u00fcrde, dann k\u00f6nnte es sich nicht vermehren und wir h\u00e4tten nichts zu essen. Es bleibt einsam.<\/p>\n<p style=\"padding-left: 40px;\">Aber wenn man es einpflanzt und es dann bl\u00fcht, entsteht daraus noch mehr Weizen.<\/p>\n<p style=\"padding-left: 40px;\">Diesen Weizen kann man mahlen und zu Brot machen, davon w\u00fcrden viele Menschen satt werden.<\/p>\n<p style=\"padding-left: 40px;\">Wer nur sich selbst sieht und seine eigenen Vorteile, der bleibt allein.<\/p>\n<p style=\"padding-left: 40px;\">Wer aber teilt und anderen damit eine Freude macht, der erlebt selbst gro\u00dfe Freude und sein Tun tr\u00e4gt Fr\u00fcchte. Manchmal m\u00fcssen wir etwas wagen und zulassen, um damit etwas positives zu bewirken.<\/p>\n<p style=\"padding-left: 40px;\">Oder, manchmal m\u00fcssen wir etwas Trauriges erleben, um sp\u00e4ter das Gute darin zu erkennen.<\/p>\n<p style=\"padding-left: 40px;\">Daran glauben wir: wenn wir sterben ist nicht alles vorbei, denn wir k\u00f6nnen bei Gott weiterleben.<\/p>\n<p><span style=\"color: #008000;\"><strong>Lied:<\/strong><\/span> Kleines Senfkorn Hoffnung<\/p>\n<p><iframe loading=\"lazy\" title=\"Kleines Senfkorn Hoffnung\" width=\"625\" height=\"352\" src=\"https:\/\/www.youtube.com\/embed\/eDqIusvDAlY?feature=oembed\" frameborder=\"0\" allow=\"accelerometer; autoplay; clipboard-write; encrypted-media; gyroscope; picture-in-picture\" allowfullscreen><\/iframe><\/p>\n<p><span style=\"color: #008000;\"><span style=\"color: #3366ff;\"><i>Per Mausklick auf den Pfeil die Audio-Datei abspielen:<\/i><\/span><\/span><\/p>\n<audio class=\"wp-audio-shortcode\" id=\"audio-10221-8\" preload=\"none\" style=\"width: 100%;\" controls=\"controls\"><source type=\"audio\/mpeg\" src=\"https:\/\/mariafrieden-hamminkeln.de\/wp-content\/uploads\/2021\/03\/2021-03-21-Credo.mp3?_=8\" \/><a href=\"https:\/\/mariafrieden-hamminkeln.de\/wp-content\/uploads\/2021\/03\/2021-03-21-Credo.mp3\">https:\/\/mariafrieden-hamminkeln.de\/wp-content\/uploads\/2021\/03\/2021-03-21-Credo.mp3<\/a><\/audio>\n<p style=\"padding-left: 40px;\"><strong><span style=\"color: #008000;\">Glaubensbekenntnis<\/span><\/strong><\/p>\n<p style=\"padding-left: 40px;\">Gott, ich glaube daran, dass von dir alles kommt und zu dir alles geht. Dazwischen aber machen wir unendlich viele schritte auf dieser Erde. Manche gemeinsam, manche allein.<\/p>\n<p style=\"padding-left: 40px;\">Gott, ich glaube daran, dass du uns als freie Menschen geschaffen hast, dass unser Leben mehr ist als vorbestimmtes Schicksal, dass wir selbst unsere weichen stellen k\u00f6nnen und sollen.<\/p>\n<p style=\"padding-left: 40px;\">Gott, ich glaube daran, dass wir manchmal Wege gehen m\u00fcssen, die auf den ersten Blick schmerzhaft sind, die im Nachhinein aber zu Entwicklung, Fortschritt und Weiterkommen f\u00fchren.<\/p>\n<p style=\"padding-left: 40px;\">Gott, ich glaube daran, dass uns dein Sohn Jesus auf diesen Wegen vorausgegangen ist und immer an unserer Seite bleibt: Vor allem dann, wenn unser Weg durch den Tod hindurch ins neue Leben f\u00fchrt.<\/p>\n<p style=\"padding-left: 40px;\">Gott, ich glaube daran, dass alles Sterben nur ein Durchgang ist, dass am Ende der Anfang steht \u2013 und ein neues Aufbrechen und Beginnen in deiner Ewigkeit.<\/p>\n<p style=\"padding-left: 40px;\">Amen<\/p>\n<p><span style=\"color: #008000;\"><span style=\"color: #3366ff;\"><i>Per Mausklick auf den Pfeil die Audio-Datei abspielen:<\/i><\/span><\/span><\/p>\n<audio class=\"wp-audio-shortcode\" id=\"audio-10221-9\" preload=\"none\" style=\"width: 100%;\" controls=\"controls\"><source type=\"audio\/mpeg\" src=\"https:\/\/mariafrieden-hamminkeln.de\/wp-content\/uploads\/2021\/03\/2021-03-21-Schlussgebet.mp3?_=9\" \/><a href=\"https:\/\/mariafrieden-hamminkeln.de\/wp-content\/uploads\/2021\/03\/2021-03-21-Schlussgebet.mp3\">https:\/\/mariafrieden-hamminkeln.de\/wp-content\/uploads\/2021\/03\/2021-03-21-Schlussgebet.mp3<\/a><\/audio>\n<p style=\"padding-left: 40px;\"><span style=\"color: #008000;\"><strong>Schlussgebet<\/strong><\/span><\/p>\n<p style=\"padding-left: 40px;\"><img loading=\"lazy\" decoding=\"async\" class=\"alignright size-medium wp-image-10243\" src=\"https:\/\/mariafrieden-hamminkeln.de\/wp-content\/uploads\/2021\/03\/Saat-300x213.jpg\" alt=\"\" width=\"300\" height=\"213\" srcset=\"https:\/\/mariafrieden-hamminkeln.de\/wp-content\/uploads\/2021\/03\/Saat-300x213.jpg 300w, https:\/\/mariafrieden-hamminkeln.de\/wp-content\/uploads\/2021\/03\/Saat-1024x727.jpg 1024w, https:\/\/mariafrieden-hamminkeln.de\/wp-content\/uploads\/2021\/03\/Saat-768x545.jpg 768w, https:\/\/mariafrieden-hamminkeln.de\/wp-content\/uploads\/2021\/03\/Saat-1536x1090.jpg 1536w, https:\/\/mariafrieden-hamminkeln.de\/wp-content\/uploads\/2021\/03\/Saat-624x443.jpg 624w, https:\/\/mariafrieden-hamminkeln.de\/wp-content\/uploads\/2021\/03\/Saat.jpg 1747w\" sizes=\"(max-width: 300px) 100vw, 300px\" \/>Gott, die Natur zeigt uns durch den Jahreskreislauf die Verg\u00e4nglichkeit unseres Lebens.<br \/>\nGeburt und Tod, Kommen und Gehen bestimmen den Rhythmus unseres Lebens.<br \/>\nFreudige sowie auch traurige Ereignisse geh\u00f6ren dazu.<br \/>\nDu hast uns gelehrt, dass aus dem Tod neues Leben entsteht, so wie aus den ges\u00e4ten Weizenk\u00f6rnern, neue Weizenk\u00f6rner hervorgehen.<br \/>\nDarauf hoffen und vertrauen wir.<\/p>\n<p><span style=\"color: #008000;\"><span style=\"color: #3366ff;\"><i>Per Mausklick auf den Pfeil die Audio-Datei abspielen:<\/i><\/span><\/span><\/p>\n<audio class=\"wp-audio-shortcode\" id=\"audio-10221-10\" preload=\"none\" style=\"width: 100%;\" controls=\"controls\"><source type=\"audio\/mpeg\" src=\"https:\/\/mariafrieden-hamminkeln.de\/wp-content\/uploads\/2021\/03\/2021-03-21-Segen.mp3?_=10\" \/><a href=\"https:\/\/mariafrieden-hamminkeln.de\/wp-content\/uploads\/2021\/03\/2021-03-21-Segen.mp3\">https:\/\/mariafrieden-hamminkeln.de\/wp-content\/uploads\/2021\/03\/2021-03-21-Segen.mp3<\/a><\/audio>\n<p style=\"padding-left: 40px;\"><span style=\"color: #008000;\"><strong>Segen<\/strong><\/span><\/p>\n<p style=\"padding-left: 40px;\">Reicht euch f\u00fcr den Segen die H\u00e4nde.<br \/>\nSo wie das Weizenkorn neu erbl\u00fchen wird, so wird auch der Mensch zu neuem Leben auferstehen.<br \/>\nSo segne Euch der allm\u00e4chtige Gott. Der Vater, der Sohn und der Heilige Geist. <strong>Amen.<\/strong><\/p>\n<p><strong><span style=\"color: #008000;\">Lied:<\/span> <\/strong>M\u00f6ge die Stra\u00dfe<\/p>\n<p><iframe loading=\"lazy\" title=\"M\u00f6ge die Stra\u00dfe - Irisches Segenslied\" width=\"625\" height=\"352\" src=\"https:\/\/www.youtube.com\/embed\/xNfpyPMhrSI?feature=oembed\" frameborder=\"0\" allow=\"accelerometer; autoplay; clipboard-write; encrypted-media; gyroscope; picture-in-picture\" allowfullscreen><\/iframe><\/p>\n<p><strong><a href=\"https:\/\/homepage.ruhr-uni-bochum.de\/Manfred.Hauenschild\/pdf\/M%C3%B6gedieStra%C3%9Fe.pdf\" target=\"_blank\" rel=\"noopener\">Liedtext<\/a>\u00a0<\/strong><\/p>\n<p><span style=\"color: #008000;\"><strong>Aktion<\/strong><\/span><\/p>\n<p>Nimm ein paar Samenk\u00f6rner und steck sie in einen kleinen Blumentopf mit Erde. Wenn du sie in die Sonne stellst und regelm\u00e4\u00dfig gie\u00dft, kannst du Beobachten, wie sie sich ver\u00e4ndern. Wie sie wachsen und Bl\u00e4tter und Bl\u00fcten hervorbringen<\/p>\n<p><span style=\"color: #008000;\"><strong>Ausmalbild: <\/strong><a href=\"https:\/\/mariafrieden-hamminkeln.de\/wp-content\/uploads\/2021\/03\/Ausmalbild.pdf\" target=\"_blank\" rel=\"noopener\"><span style=\"color: #000000;\">Hier als PDF zum Herunterladen<\/span><\/a><\/span><\/p>\n<p>Hier der <a href=\"https:\/\/mariafrieden-hamminkeln.de\/wp-content\/uploads\/2021\/03\/Ablauf-21.3.21.pdf\" target=\"_blank\" rel=\"noopener noreferrer\">gesamte Ablauf als PDF zum Download<\/a>.<\/p>\n ","protected":false},"excerpt":{"rendered":"<p>Gebrauchsanweisung: Familiengottesdienste f\u00fcr Zuhause Sie k\u00f6nnen diesen Gottesdienst f\u00fcr sich als Familie feiern. Sie k\u00f6nnen aber auch gemeinsam mit einer befreundeten Familie, den Nachbarn oder Gro\u00dfeltern tun. \u00dcberlegen Sie sich gemeinsam, zu welcher Uhrzeit Sie diesen Gottesdienst feiern m\u00f6chten. Vielleicht nehmen Sie die Gottesdienstzeit Ihrer Kirche. Suchen Sie sich gemeinsam einen Ort, an dem Sie [&hellip;]<\/p>\n","protected":false},"author":1,"featured_media":0,"parent":8615,"menu_order":0,"comment_status":"closed","ping_status":"closed","template":"","meta":{"footnotes":""},"_links":{"self":[{"href":"https:\/\/mariafrieden-hamminkeln.de\/index.php?rest_route=\/wp\/v2\/pages\/10221"}],"collection":[{"href":"https:\/\/mariafrieden-hamminkeln.de\/index.php?rest_route=\/wp\/v2\/pages"}],"about":[{"href":"https:\/\/mariafrieden-hamminkeln.de\/index.php?rest_route=\/wp\/v2\/types\/page"}],"author":[{"embeddable":true,"href":"https:\/\/mariafrieden-hamminkeln.de\/index.php?rest_route=\/wp\/v2\/users\/1"}],"replies":[{"embeddable":true,"href":"https:\/\/mariafrieden-hamminkeln.de\/index.php?rest_route=%2Fwp%2Fv2%2Fcomments&post=10221"}],"version-history":[{"count":6,"href":"https:\/\/mariafrieden-hamminkeln.de\/index.php?rest_route=\/wp\/v2\/pages\/10221\/revisions"}],"predecessor-version":[{"id":10245,"href":"https:\/\/mariafrieden-hamminkeln.de\/index.php?rest_route=\/wp\/v2\/pages\/10221\/revisions\/10245"}],"up":[{"embeddable":true,"href":"https:\/\/mariafrieden-hamminkeln.de\/index.php?rest_route=\/wp\/v2\/pages\/8615"}],"wp:attachment":[{"href":"https:\/\/mariafrieden-hamminkeln.de\/index.php?rest_route=%2Fwp%2Fv2%2Fmedia&parent=10221"}],"curies":[{"name":"wp","href":"https:\/\/api.w.org\/{rel}","templated":true}]}}