{"id":135,"date":"2014-03-29T11:59:37","date_gmt":"2014-03-29T11:59:37","guid":{"rendered":"http:\/\/mariafrieden-hamminkeln.de\/?page_id=135"},"modified":"2025-01-29T16:06:26","modified_gmt":"2025-01-29T16:06:26","slug":"unsere-pfarrbueros","status":"publish","type":"page","link":"https:\/\/mariafrieden-hamminkeln.de\/?page_id=135","title":{"rendered":"Pfarrb\u00fcros"},"content":{"rendered":"<p>Unser Pfarrb\u00fcro ist nicht nur ein Ort der Information und Organisation, sondern auch Anlaufstelle f\u00fcr Menschen in den verschiedensten Lebenssituationen mit ihren vielf\u00e4ltigen Anliegen.<\/p>\n<p>Oft sind die Mitarbeiterinnen im Pfarrb\u00fcro dabei die ersten Ansprechpartnerinnen in der Gemeinde und leisten damit eine wichtige Vermittlung zur Seelsorge hin. Daneben bew\u00e4ltigen sie eine Vielzahl von Sekretariats- und Verwaltungsaufgaben, die zu einem modernen B\u00fcroalltag dazugeh\u00f6ren.<\/p>\n<p><span style=\"color: #99cc00;\"><strong>Die Pfarrsekret\u00e4rinnen hei\u00dfen alle Besucherinnen und Besucher zu den \u00d6ffnungszeiten herzlich willkommen!<\/strong><\/span><\/p>\n<p>E-Mail-Adresse der Pfarrei:\u00a0\u00a0\u00a0\u00a0\u00a0 <span style=\"color: #0000ff;\"><a href=\"mailto:mariafrieden-hamminkeln@bistum-muenster.de\"><span style=\"color: #0000ff;\">mariafrieden-hamminkeln@bistum-muenster.de<\/span><\/a><\/span><\/p>\n<p><img loading=\"lazy\" decoding=\"async\" class=\"alignleft size-thumbnail wp-image-6691\" src=\"https:\/\/mariafrieden-hamminkeln.de\/wp-content\/uploads\/2019\/02\/Dingden1-150x150.jpg\" alt=\"\" width=\"150\" height=\"150\" \/><\/p>\n<p>&nbsp;<\/p>\n<p><span style=\"font-size: medium;\"><strong><span style=\"color: #800080;\">St. Pankratius &#8211; Dingden<\/span><\/strong><\/span><br \/>\nAm Wedem Hoven 1, 46499 Hamminkeln<br \/>\n<strong><span style=\"color: #000080;\">Pfarrsekret\u00e4rin: Angelika Sack<\/span><\/strong><br \/>\nTelefon 02852 960809 110<br \/>\nE-Mail\u00a0\u00a0 <span style=\"color: #0000ff;\"><a href=\"mailto:sack-a@bistum-muenster.de\"><span style=\"color: #0000ff;\">sack-a@bistum-muenster.de<\/span><\/a><\/span><\/p>\n<p><span style=\"color: #993366;\"><strong><span style=\"color: #000000;\">\u00d6ffnungszeiten:<br \/>\n<\/span><\/strong><\/span><\/p>\n<table style=\"border-collapse: collapse; width: 100%;\" border=\"1\">\n<tbody>\n<tr>\n<td style=\"width: 19.808%;\">Montag<\/td>\n<td style=\"width: 80.192%;\">8:00 \u00a0&#8211; 12:00 Uhr<\/td>\n<\/tr>\n<tr>\n<td style=\"width: 19.808%;\">Dienstag<\/td>\n<td style=\"width: 80.192%;\">8:00 \u00a0&#8211; 12:00 Uhr<\/td>\n<\/tr>\n<tr>\n<td style=\"width: 19.808%;\">Mittwoch<\/td>\n<td style=\"width: 80.192%;\">8:00 \u00a0&#8211; 12:00 Uhr und 15:00 &#8211; 17:00 Uhr<\/td>\n<\/tr>\n<tr>\n<td style=\"width: 19.808%;\">Freitag<\/td>\n<td style=\"width: 80.192%;\">8:00 \u00a0&#8211; 12:00 Uhr<\/td>\n<\/tr>\n<\/tbody>\n<\/table>\n<p><span style=\"color: #800080; font-size: medium;\"><strong><img loading=\"lazy\" decoding=\"async\" class=\"alignleft size-thumbnail wp-image-335\" src=\"https:\/\/mariafrieden-hamminkeln.de\/wp-content\/uploads\/2014\/03\/mehrhoog-150x150.jpg\" alt=\"\" width=\"150\" height=\"150\" \/><\/strong><\/span><\/p>\n<p><span style=\"color: #800080; font-size: medium;\"><strong><br \/>\nHeilig Kreuz &#8211; Mehrhoog<\/strong><\/span><br \/>\nKirchstra\u00dfe 17, 46499 Hamminkeln<br \/>\n<span style=\"color: #000080;\"><strong>Pfarrsekret\u00e4rinnen: Kathrin Luckmann, Tanja Maier-Bach<\/strong><\/span><br \/>\nTelefon 02857 2041<br \/>\nE-Mail\u00a0\u00a0<span style=\"color: #0000ff;\"> <a href=\"mailto:luckmann-k@bistum-muenster.de\">luckmann-k@bistum-muenster.de<\/a><\/span><br \/>\n<a href=\"mailto:maier-bach@bistum-muenster.de\"><span style=\"color: #0000ff;\"> maier-bach@bistum-muenster.de<\/span><\/a><\/p>\n<p><strong><span style=\"color: #993366;\"><span style=\"color: #000000;\">\u00d6ffnungszeiten:<\/span><\/span><\/strong><\/p>\n<table style=\"border-collapse: collapse; width: 100%; height: 96px;\" border=\"1\">\n<tbody>\n<tr style=\"height: 24px;\">\n<td style=\"width: 20.6806%; height: 24px;\">Dienstag<\/td>\n<td style=\"width: 79.3194%; height: 24px;\">9:00 \u00a0&#8211; 12:00 Uhr<\/td>\n<\/tr>\n<tr style=\"height: 24px;\">\n<td style=\"width: 20.6806%; height: 24px;\">Donnerstag<\/td>\n<td style=\"width: 79.3194%; height: 24px;\">14:30 \u00a0&#8211; 17:30 Uhr<\/td>\n<\/tr>\n<tr style=\"height: 24px;\">\n<td style=\"width: 20.6806%; height: 24px;\">Freitag<\/td>\n<td style=\"width: 79.3194%; height: 24px;\">9:00 &#8211; 12:00 Uhr<\/td>\n<\/tr>\n<\/tbody>\n<\/table>\n<p><img loading=\"lazy\" decoding=\"async\" class=\"alignleft wp-image-1697 size-thumbnail\" src=\"https:\/\/mariafrieden-hamminkeln.de\/wp-content\/uploads\/2015\/06\/DSC_0049-150x150.jpg\" alt=\"\" width=\"150\" height=\"150\" \/><\/p>\n<p>&nbsp;<\/p>\n<p><strong><span style=\"color: #800080; font-size: medium;\">St. Maria Himmelfahrt &#8211; Hamminkeln<\/span><br \/>\n<\/strong>Marienplatz 2, 46499 Hamminkeln<br \/>\n<strong><span style=\"color: #000080;\">Pfarrsekret\u00e4rin: Claudia Feldmann<\/span><\/strong><br \/>\nTelefon 02852 960809 410<br \/>\nE-Mail\u00a0\u00a0 <span style=\"color: #0000ff;\"><a href=\"mailto:feldmann-c@bistum-muenster.de\">feldmann-c@bistum-muenster.de<\/a><\/span><\/p>\n<p><span style=\"color: #000000;\"><strong>\u00d6ffnungszeiten:<\/strong><\/span><\/p>\n<table style=\"border-collapse: collapse; width: 100%;\" border=\"1\">\n<tbody>\n<tr>\n<td style=\"width: 20.1571%;\">Mittwoch<\/td>\n<td style=\"width: 79.8429%;\">9:30 \u00a0&#8211; 12:00 Uhr<\/td>\n<\/tr>\n<tr>\n<td style=\"width: 20.1571%;\">Donnerstag<\/td>\n<td style=\"width: 79.8429%;\">8:00 \u00a0&#8211; 12:00 Uhr<\/td>\n<\/tr>\n<\/tbody>\n<\/table>\n<p><strong><span style=\"color: #800080; font-size: medium;\"><img loading=\"lazy\" decoding=\"async\" class=\"alignleft size-thumbnail wp-image-328\" src=\"https:\/\/mariafrieden-hamminkeln.de\/wp-content\/uploads\/2014\/03\/ringenberg2-150x150.jpg\" alt=\"\" width=\"150\" height=\"150\" \/><\/span><\/strong><\/p>\n<p>&nbsp;<\/p>\n<p><strong><span style=\"color: #800080; font-size: medium;\">Christus K\u00f6nig &#8211; Ringenberg<\/span><br \/>\n<\/strong>Hauptstra\u00dfe 21, 46499 Hamminkeln<br \/>\n<strong><span style=\"color: #000080;\">Pfarrsekret\u00e4rin: Maria K\u00f6lking<\/span><\/strong><br \/>\nTelefon 02852 960809 310<br \/>\nE-Mail\u00a0\u00a0\u00a0 <span style=\"color: #0000ff;\"><a href=\"mailto:koelking-m@bistum-muenster.de\"><span style=\"color: #0000ff;\">koelking-m@bistum-muenster.de<\/span><\/a><\/span><\/p>\n<p><strong>\u00d6ffnungszeiten:<\/strong><\/p>\n<table style=\"border-collapse: collapse; width: 100%;\" border=\"1\">\n<tbody>\n<tr>\n<td style=\"width: 20.3316%;\">Dienstag<\/td>\n<td style=\"width: 79.6684%;\">16:00 &#8211; 18:00 Uhr<\/td>\n<\/tr>\n<tr>\n<td style=\"width: 20.3316%;\">Donnerstag<\/td>\n<td style=\"width: 79.6684%;\">8:30 \u00a0&#8211; 11:00 Uhr<\/td>\n<\/tr>\n<tr>\n<td style=\"width: 20.3316%;\">Freitag<\/td>\n<td style=\"width: 79.6684%;\">8:30 \u00a0&#8211; 11:00 Uhr<\/td>\n<\/tr>\n<\/tbody>\n<\/table>\n<p><strong style=\"font-size: 1rem;\"><span style=\"color: #800080; font-size: medium;\"><img loading=\"lazy\" decoding=\"async\" class=\"alignleft size-thumbnail wp-image-342\" src=\"https:\/\/mariafrieden-hamminkeln.de\/wp-content\/uploads\/2014\/03\/loikum1-150x150.jpg\" alt=\"\" width=\"150\" height=\"150\" \/><\/span><\/strong><\/p>\n<p>&nbsp;<\/p>\n<p><strong style=\"font-size: 1rem;\"><span style=\"color: #800080; font-size: medium;\">St. Antonius &#8211; Loikum<br \/>\n<\/span><\/strong>Antoniusstra\u00dfe 8, 46499 Hamminkeln<br \/>\n<strong><span style=\"color: #000080;\">Pfarrsekret\u00e4rin: Angelika Sack<\/span><\/strong><br \/>\nTelefon 02852 960809 210<br \/>\nE-Mail\u00a0\u00a0 <span style=\"color: #0000ff;\"><a style=\"color: #0000ff;\" href=\"mailto:sack-a@bistum-muenster.de\">sack-a@bistum-muenster.de<\/a><\/span><\/p>\n<p><span style=\"color: #000000;\"><strong>\u00d6ffnungszeiten:<br \/>\n<\/strong><\/span><\/p>\n<table style=\"border-collapse: collapse; width: 100%;\" border=\"1\">\n<tbody>\n<tr>\n<td style=\"width: 20.1571%;\">Dienstag<\/td>\n<td style=\"width: 79.8429%;\">15:00 &#8211; 17:00 Uhr<\/td>\n<\/tr>\n<\/tbody>\n<\/table>\n<p>&nbsp;<\/p>\n ","protected":false},"excerpt":{"rendered":"<p>Unser Pfarrb\u00fcro ist nicht nur ein Ort der Information und Organisation, sondern auch Anlaufstelle f\u00fcr Menschen in den verschiedensten Lebenssituationen mit ihren vielf\u00e4ltigen Anliegen. Oft sind die Mitarbeiterinnen im Pfarrb\u00fcro dabei die ersten Ansprechpartnerinnen in der Gemeinde und leisten damit eine wichtige Vermittlung zur Seelsorge hin. Daneben bew\u00e4ltigen sie eine Vielzahl von Sekretariats- und Verwaltungsaufgaben, [&hellip;]<\/p>\n","protected":false},"author":1,"featured_media":0,"parent":14,"menu_order":0,"comment_status":"closed","ping_status":"closed","template":"","meta":{"footnotes":""},"_links":{"self":[{"href":"https:\/\/mariafrieden-hamminkeln.de\/index.php?rest_route=\/wp\/v2\/pages\/135"}],"collection":[{"href":"https:\/\/mariafrieden-hamminkeln.de\/index.php?rest_route=\/wp\/v2\/pages"}],"about":[{"href":"https:\/\/mariafrieden-hamminkeln.de\/index.php?rest_route=\/wp\/v2\/types\/page"}],"author":[{"embeddable":true,"href":"https:\/\/mariafrieden-hamminkeln.de\/index.php?rest_route=\/wp\/v2\/users\/1"}],"replies":[{"embeddable":true,"href":"https:\/\/mariafrieden-hamminkeln.de\/index.php?rest_route=%2Fwp%2Fv2%2Fcomments&post=135"}],"version-history":[{"count":80,"href":"https:\/\/mariafrieden-hamminkeln.de\/index.php?rest_route=\/wp\/v2\/pages\/135\/revisions"}],"predecessor-version":[{"id":16184,"href":"https:\/\/mariafrieden-hamminkeln.de\/index.php?rest_route=\/wp\/v2\/pages\/135\/revisions\/16184"}],"up":[{"embeddable":true,"href":"https:\/\/mariafrieden-hamminkeln.de\/index.php?rest_route=\/wp\/v2\/pages\/14"}],"wp:attachment":[{"href":"https:\/\/mariafrieden-hamminkeln.de\/index.php?rest_route=%2Fwp%2Fv2%2Fmedia&parent=135"}],"curies":[{"name":"wp","href":"https:\/\/api.w.org\/{rel}","templated":true}]}}

Pfarrbüros

<p>Unser Pfarrbüro ist nicht nur ein Ort der Information und Organisation, sondern auch Anlaufstelle für Menschen in den verschiedensten Lebenssituationen mit ihren vielfältigen Anliegen.</p>
<p>Oft sind die Mitarbeiterinnen im Pfarrbüro dabei die ersten Ansprechpartnerinnen in der Gemeinde und leisten damit eine wichtige Vermittlung zur Seelsorge hin. Daneben bewältigen sie eine Vielzahl von Sekretariats- und Verwaltungsaufgaben, die zu einem modernen Büroalltag dazugehören.</p>
<p><span style="color: #99cc00;"><strong>Die Pfarrsekretärinnen heißen alle Besucherinnen und Besucher zu den Öffnungszeiten herzlich willkommen!</strong></span></p>
<p>E-Mail-Adresse der Pfarrei:      <span style="color: #0000ff;"><a href="mailto:mariafrieden-hamminkeln@bistum-muenster.de"><span style="color: #0000ff;">mariafrieden-hamminkeln@bistum-muenster.de</span></a></span></p>
<p><img loading="lazy" decoding="async" class="alignleft size-thumbnail wp-image-6691" src="https://mariafrieden-hamminkeln.de/wp-content/uploads/2019/02/Dingden1-150x150.jpg" alt="" width="150" height="150" /></p>
<p>&nbsp;</p>
<p><span style="font-size: medium;"><strong><span style="color: #800080;">St. Pankratius &#8211; Dingden</span></strong></span><br />
Am Wedem Hoven 1, 46499 Hamminkeln<br />
<strong><span style="color: #000080;">Pfarrsekretärin: Angelika Sack</span></strong><br />
Telefon 02852 960809 110<br />
E-Mail   <span style="color: #0000ff;"><a href="mailto:sack-a@bistum-muenster.de"><span style="color: #0000ff;">sack-a@bistum-muenster.de</span></a></span></p>
<p><span style="color: #993366;"><strong><span style="color: #000000;">Öffnungszeiten:<br />
</span></strong></span></p>
<table style="border-collapse: collapse; width: 100%;" border="1">
<tbody>
<tr>
<td style="width: 19.808%;">Montag</td>
<td style="width: 80.192%;">8:00  &#8211; 12:00 Uhr</td>
</tr>
<tr>
<td style="width: 19.808%;">Dienstag</td>
<td style="width: 80.192%;">8:00  &#8211; 12:00 Uhr</td>
</tr>
<tr>
<td style="width: 19.808%;">Mittwoch</td>
<td style="width: 80.192%;">8:00  &#8211; 12:00 Uhr und 15:00 &#8211; 17:00 Uhr</td>
</tr>
<tr>
<td style="width: 19.808%;">Freitag</td>
<td style="width: 80.192%;">8:00  &#8211; 12:00 Uhr</td>
</tr>
</tbody>
</table>
<p><span style="color: #800080; font-size: medium;"><strong><img loading="lazy" decoding="async" class="alignleft size-thumbnail wp-image-335" src="https://mariafrieden-hamminkeln.de/wp-content/uploads/2014/03/mehrhoog-150x150.jpg" alt="" width="150" height="150" /></strong></span></p>
<p><span style="color: #800080; font-size: medium;"><strong><br />
Heilig Kreuz &#8211; Mehrhoog</strong></span><br />
Kirchstraße 17, 46499 Hamminkeln<br />
<span style="color: #000080;"><strong>Pfarrsekretärinnen: Kathrin Luckmann, Tanja Maier-Bach</strong></span><br />
Telefon 02857 2041<br />
E-Mail  <span style="color: #0000ff;"> <a href="mailto:luckmann-k@bistum-muenster.de">luckmann-k@bistum-muenster.de</a></span><br />
<a href="mailto:maier-bach@bistum-muenster.de"><span style="color: #0000ff;"> maier-bach@bistum-muenster.de</span></a></p>
<p><strong><span style="color: #993366;"><span style="color: #000000;">Öffnungszeiten:</span></span></strong></p>
<table style="border-collapse: collapse; width: 100%; height: 96px;" border="1">
<tbody>
<tr style="height: 24px;">
<td style="width: 20.6806%; height: 24px;">Dienstag</td>
<td style="width: 79.3194%; height: 24px;">9:00  &#8211; 12:00 Uhr</td>
</tr>
<tr style="height: 24px;">
<td style="width: 20.6806%; height: 24px;">Donnerstag</td>
<td style="width: 79.3194%; height: 24px;">14:30  &#8211; 17:30 Uhr</td>
</tr>
<tr style="height: 24px;">
<td style="width: 20.6806%; height: 24px;">Freitag</td>
<td style="width: 79.3194%; height: 24px;">9:00 &#8211; 12:00 Uhr</td>
</tr>
</tbody>
</table>
<p><img loading="lazy" decoding="async" class="alignleft wp-image-1697 size-thumbnail" src="https://mariafrieden-hamminkeln.de/wp-content/uploads/2015/06/DSC_0049-150x150.jpg" alt="" width="150" height="150" /></p>
<p>&nbsp;</p>
<p><strong><span style="color: #800080; font-size: medium;">St. Maria Himmelfahrt &#8211; Hamminkeln</span><br />
</strong>Marienplatz 2, 46499 Hamminkeln<br />
<strong><span style="color: #000080;">Pfarrsekretärin: Claudia Feldmann</span></strong><br />
Telefon 02852 960809 410<br />
E-Mail   <span style="color: #0000ff;"><a href="mailto:feldmann-c@bistum-muenster.de">feldmann-c@bistum-muenster.de</a></span></p>
<p><span style="color: #000000;"><strong>Öffnungszeiten:</strong></span></p>
<table style="border-collapse: collapse; width: 100%;" border="1">
<tbody>
<tr>
<td style="width: 20.1571%;">Mittwoch</td>
<td style="width: 79.8429%;">9:30  &#8211; 12:00 Uhr</td>
</tr>
<tr>
<td style="width: 20.1571%;">Donnerstag</td>
<td style="width: 79.8429%;">8:00  &#8211; 12:00 Uhr</td>
</tr>
</tbody>
</table>
<p><strong><span style="color: #800080; font-size: medium;"><img loading="lazy" decoding="async" class="alignleft size-thumbnail wp-image-328" src="https://mariafrieden-hamminkeln.de/wp-content/uploads/2014/03/ringenberg2-150x150.jpg" alt="" width="150" height="150" /></span></strong></p>
<p>&nbsp;</p>
<p><strong><span style="color: #800080; font-size: medium;">Christus König &#8211; Ringenberg</span><br />
</strong>Hauptstraße 21, 46499 Hamminkeln<br />
<strong><span style="color: #000080;">Pfarrsekretärin: Maria Kölking</span></strong><br />
Telefon 02852 960809 310<br />
E-Mail    <span style="color: #0000ff;"><a href="mailto:koelking-m@bistum-muenster.de"><span style="color: #0000ff;">koelking-m@bistum-muenster.de</span></a></span></p>
<p><strong>Öffnungszeiten:</strong></p>
<table style="border-collapse: collapse; width: 100%;" border="1">
<tbody>
<tr>
<td style="width: 20.3316%;">Dienstag</td>
<td style="width: 79.6684%;">16:00 &#8211; 18:00 Uhr</td>
</tr>
<tr>
<td style="width: 20.3316%;">Donnerstag</td>
<td style="width: 79.6684%;">8:30  &#8211; 11:00 Uhr</td>
</tr>
<tr>
<td style="width: 20.3316%;">Freitag</td>
<td style="width: 79.6684%;">8:30  &#8211; 11:00 Uhr</td>
</tr>
</tbody>
</table>
<p><strong style="font-size: 1rem;"><span style="color: #800080; font-size: medium;"><img loading="lazy" decoding="async" class="alignleft size-thumbnail wp-image-342" src="https://mariafrieden-hamminkeln.de/wp-content/uploads/2014/03/loikum1-150x150.jpg" alt="" width="150" height="150" /></span></strong></p>
<p>&nbsp;</p>
<p><strong style="font-size: 1rem;"><span style="color: #800080; font-size: medium;">St. Antonius &#8211; Loikum<br />
</span></strong>Antoniusstraße 8, 46499 Hamminkeln<br />
<strong><span style="color: #000080;">Pfarrsekretärin: Angelika Sack</span></strong><br />
Telefon 02852 960809 210<br />
E-Mail   <span style="color: #0000ff;"><a style="color: #0000ff;" href="mailto:sack-a@bistum-muenster.de">sack-a@bistum-muenster.de</a></span></p>
<p><span style="color: #000000;"><strong>Öffnungszeiten:<br />
</strong></span></p>
<table style="border-collapse: collapse; width: 100%;" border="1">
<tbody>
<tr>
<td style="width: 20.1571%;">Dienstag</td>
<td style="width: 79.8429%;">15:00 &#8211; 17:00 Uhr</td>
</tr>
</tbody>
</table>
<p>&nbsp;</p>

<p>Unser Pfarrbüro ist nicht nur ein Ort der Information und Organisation, sondern auch Anlaufstelle für Menschen in den verschiedensten Lebenssituationen mit ihren vielfältigen Anliegen. Oft sind die Mitarbeiterinnen im Pfarrbüro dabei die ersten Ansprechpartnerinnen in der Gemeinde und leisten damit eine wichtige Vermittlung zur Seelsorge hin. Daneben bewältigen sie eine Vielzahl von Sekretariats- und Verwaltungsaufgaben, [&hellip;]</p>
