{"id":13923,"date":"2023-05-04T13:25:22","date_gmt":"2023-05-04T13:25:22","guid":{"rendered":"https:\/\/mariafrieden-hamminkeln.de\/?page_id=13923"},"modified":"2024-01-30T11:14:21","modified_gmt":"2024-01-30T11:14:21","slug":"thomas-morus-haus","status":"publish","type":"page","link":"https:\/\/mariafrieden-hamminkeln.de\/?page_id=13923","title":{"rendered":"Thomas Morus Haus Hamminkeln"},"content":{"rendered":"<p style=\"text-align: center;\"><span style=\"font-size: 14pt;\"><strong><span style=\"color: #ff0000;\">Beratung und Begleitung<br \/>\n<\/span><span style=\"color: #ff0000;\">f\u00fcr Familien und Senior*innen<br \/>\n<\/span><span style=\"color: #ff0000;\">im Thomas Morus Haus<\/span><\/strong><\/span><\/p>\n<p style=\"text-align: center;\"><a href=\"https:\/\/mariafrieden-hamminkeln.de\/wp-content\/uploads\/2023\/05\/Thomas-Morus-Haus-Logo.jpg\"><img loading=\"lazy\" decoding=\"async\" class=\" wp-image-13924 aligncenter\" src=\"https:\/\/mariafrieden-hamminkeln.de\/wp-content\/uploads\/2023\/05\/Thomas-Morus-Haus-Logo.jpg\" alt=\"\" width=\"259\" height=\"259\" srcset=\"https:\/\/mariafrieden-hamminkeln.de\/wp-content\/uploads\/2023\/05\/Thomas-Morus-Haus-Logo.jpg 192w, https:\/\/mariafrieden-hamminkeln.de\/wp-content\/uploads\/2023\/05\/Thomas-Morus-Haus-Logo-150x150.jpg 150w\" sizes=\"(max-width: 259px) 100vw, 259px\" \/><\/a><\/p>\n<p style=\"text-align: center;\"><span style=\"font-size: 12pt;\"><strong><span style=\"color: #ff0000;\">Wir kommen Ihnen entgegen!<\/span><\/strong><\/span><\/p>\n<p><a href=\"https:\/\/mariafrieden-hamminkeln.de\/wp-content\/uploads\/2017\/04\/Caritas.jpg\"><img loading=\"lazy\" decoding=\"async\" class=\"alignleft wp-image-3645\" src=\"https:\/\/mariafrieden-hamminkeln.de\/wp-content\/uploads\/2017\/04\/Caritas.jpg\" alt=\"\" width=\"150\" height=\"155\" srcset=\"https:\/\/mariafrieden-hamminkeln.de\/wp-content\/uploads\/2017\/04\/Caritas.jpg 1621w, https:\/\/mariafrieden-hamminkeln.de\/wp-content\/uploads\/2017\/04\/Caritas-291x300.jpg 291w, https:\/\/mariafrieden-hamminkeln.de\/wp-content\/uploads\/2017\/04\/Caritas-993x1024.jpg 993w, https:\/\/mariafrieden-hamminkeln.de\/wp-content\/uploads\/2017\/04\/Caritas-624x643.jpg 624w\" sizes=\"(max-width: 150px) 100vw, 150px\" \/><\/a>Caritasverband<br \/>\nf\u00fcr die Dekanate<br \/>\nDinslaken und Wesel<\/p>\n<p><span style=\"color: #ff0000;\"><strong>Thomas Morus Haus<br \/>\n<\/strong><strong>Diersfordter Str. 17<br \/>\n<\/strong><strong>46499 Hamminkeln<\/strong><\/span><\/p>\n<p><span style=\"color: #ff0000;\">Informationen und Beratung f\u00fcr \u00e4ltere Menschen und ihre Angeh\u00f6rigen<\/span><\/p>\n<ul>\n<li>Alten- und Demenzberatung<br \/>\n(mittwochs, 10:00 \u2013 12:00 Uhr + 14:00 &#8211; 16:00 Uhr;<br \/>\nfreitags, 10:00 \u2013 12:00 Uhr + 14:00 &#8211; 16:00 Uhr;<br \/>\nsowie nach Vereinbarung)<br \/>\nTel.: 02852 \/ 5097922, Mobil: 0160 \/ 2276932<br \/>\nE-Mail: <a style=\"font-size: 1rem;\" href=\"mailto:altenberatung@caritas-wesel.de\">altenberatung@caritas-wesel.de<\/a><br \/>\n<a style=\"font-size: 1rem;\" href=\"mailto:demenzberatung@caritas-wesel.de\">demenzberatung@caritas-wesel.de<\/a><\/li>\n<\/ul>\n<ul>\n<li>Wohnberatung<br \/>\n(donnerstags, 14:00 \u2013 16:00 Uhr;<br \/>\nsowie nach Vereinbarung)<br \/>\nTel.: 02852 \/ 5097923, 0281 \/ 3417825<br \/>\nE-Mail: <a style=\"font-size: 1rem;\" href=\"mailto:wohnberatungsstelle@caritas-wesel.de\">wohnberatungsstelle@caritas-wesel.de<\/a><\/li>\n<\/ul>\n<ul>\n<li>Ambulanter Palliativ- und Hospizdienst<br \/>\n(dienstags, 14:00 \u2013 16:00 Uhr;<br \/>\nsowie nach Vereinbarung)<br \/>\nTel.: 02852 \/ 5097923, 02064 \/ 47540824<br \/>\nE-Mail: <a style=\"font-size: 1rem;\" href=\"mailto:palliativ@caritas-dinslaken.de\">palliativ@caritas-dinslaken.de<\/a><\/li>\n<\/ul>\n<p><span style=\"color: #ff0000;\">Informationen und Beratung f\u00fcr Familien, Alleinerziehende, Kinder und Jugendliche<\/span><\/p>\n<ul>\n<li>Erziehungsberatung<br \/>\n(montags, 14:00 &#8211; 17:00 Uhr;<br \/>\ndienstags + freitags, 9:00 \u2013 12:00 Uhr)<br \/>\nTel.: 02852 \/ 5097923<br \/>\nE-Mail: <a style=\"font-size: 1rem;\" href=\"mailto:erziehungsberatung@caritas-wesel.de\">erziehungsberatung@caritas-wesel.de<\/a><\/li>\n<\/ul>\n<ul>\n<li>Kurberatung<br \/>\n(1. Mittwoch im Monat, 9:00 \u2013 12:00 Uhr)<br \/>\nTel.: 02852 \/ 5097923<br \/>\nE-Mail: <a style=\"font-size: 1rem;\" href=\"mailto:kurberatung@caritas-wesel.de\">kurberatung@caritas-wesel.de<\/a><\/li>\n<\/ul>\n<ul>\n<li>Ambulante Jugendhilfe<br \/>\n(donnerstags, 10:00 \u2013 12:00 Uhr)<br \/>\nTel.: 02852 \/ 5097923<br \/>\nE-Mail: <a style=\"font-size: 1rem;\" href=\"mailto:jugendhilfe@caritas-wesel.de\">jugendhilfe@caritas-wesel.de<\/a><\/li>\n<\/ul>\n<p><span style=\"color: #ff0000;\">Informationen und Beratung f\u00fcr Fl\u00fcchtlinge<\/span><\/p>\n<ul>\n<li>Fl\u00fcchtlingshilfe<br \/>\n(montags \u2013 freitags, 9:00 \u2013 14:00 Uhr)<br \/>\nTel. 02852 \/ 9651203 + 02852 \/ 9651204<br \/>\nE-Mail: <a style=\"font-size: 1rem;\" href=\"mailto:fluechtlingshilfe@caritas-hamminkeln.de\">fluechtlingshilfe@caritas-hamminkeln.de<\/a><\/li>\n<\/ul>\n<p><span style=\"color: #ff0000;\">Tagespflege Hamminkeln<\/span><\/p>\n<ul>\n<li>Tel. 02852 \/ 5067475<br \/>\nE-Mail: <a style=\"font-size: 1rem;\" href=\"mailto:tagespflege@caritas-hamminkeln.de\">tagespflege@caritas-hamminkeln.de<\/a><\/li>\n<\/ul>\n<p>Weitere Infos <a href=\"https:\/\/caritas-wesel.de\/pflege-und-beratung\/tagespflege\/tagespflege-hamminkeln\">hier<\/a><\/p>\n ","protected":false},"excerpt":{"rendered":"<p>Beratung und Begleitung f\u00fcr Familien und Senior*innen im Thomas Morus Haus Wir kommen Ihnen entgegen! Caritasverband f\u00fcr die Dekanate Dinslaken und Wesel Thomas Morus Haus Diersfordter Str. 17 46499 Hamminkeln Informationen und Beratung f\u00fcr \u00e4ltere Menschen und ihre Angeh\u00f6rigen Alten- und Demenzberatung (mittwochs, 10:00 \u2013 12:00 Uhr + 14:00 &#8211; 16:00 Uhr; freitags, 10:00 \u2013 [&hellip;]<\/p>\n","protected":false},"author":1,"featured_media":0,"parent":0,"menu_order":0,"comment_status":"closed","ping_status":"closed","template":"","meta":{"footnotes":""},"_links":{"self":[{"href":"https:\/\/mariafrieden-hamminkeln.de\/index.php?rest_route=\/wp\/v2\/pages\/13923"}],"collection":[{"href":"https:\/\/mariafrieden-hamminkeln.de\/index.php?rest_route=\/wp\/v2\/pages"}],"about":[{"href":"https:\/\/mariafrieden-hamminkeln.de\/index.php?rest_route=\/wp\/v2\/types\/page"}],"author":[{"embeddable":true,"href":"https:\/\/mariafrieden-hamminkeln.de\/index.php?rest_route=\/wp\/v2\/users\/1"}],"replies":[{"embeddable":true,"href":"https:\/\/mariafrieden-hamminkeln.de\/index.php?rest_route=%2Fwp%2Fv2%2Fcomments&post=13923"}],"version-history":[{"count":12,"href":"https:\/\/mariafrieden-hamminkeln.de\/index.php?rest_route=\/wp\/v2\/pages\/13923\/revisions"}],"predecessor-version":[{"id":14948,"href":"https:\/\/mariafrieden-hamminkeln.de\/index.php?rest_route=\/wp\/v2\/pages\/13923\/revisions\/14948"}],"wp:attachment":[{"href":"https:\/\/mariafrieden-hamminkeln.de\/index.php?rest_route=%2Fwp%2Fv2%2Fmedia&parent=13923"}],"curies":[{"name":"wp","href":"https:\/\/api.w.org\/{rel}","templated":true}]}}