{"id":14,"date":"2014-03-29T10:03:51","date_gmt":"2014-03-29T10:03:51","guid":{"rendered":"http:\/\/mariafrieden-hamminkeln.de\/?page_id=14"},"modified":"2020-12-31T18:41:15","modified_gmt":"2020-12-31T18:41:15","slug":"menschen","status":"publish","type":"page","link":"https:\/\/mariafrieden-hamminkeln.de\/?page_id=14","title":{"rendered":"\u00dcber uns"},"content":{"rendered":"<p>Ehrenamtliche und hauptamtliche Menschen gestalten unser Gemeindeleben: Past\u00f6re, Pastoralreferentinnen, Pfarreir\u00e4te, Pfarreisekret\u00e4rinnen und viele mehr.<\/p>\n<p>Hier finden Sie die Namen und Kontaktm\u00f6glichkeiten:<\/p>\n<p><a title=\"Seelsorger\" href=\"http:\/\/mariafrieden-hamminkeln.de\/?page_id=41\">Seelsorgeteam<\/a><\/p>\n<p><a href=\"https:\/\/mariafrieden-hamminkeln.de\/?page_id=135\">Pfarrb\u00fcros<\/a><\/p>\n<p><a href=\"http:\/\/mariafrieden-hamminkeln.de\/?page_id=43\">Mitarbeiter<\/a><\/p>\n<p><a href=\"http:\/\/mariafrieden-hamminkeln.de\/?page_id=45\">Gremien<\/a><\/p>\n ","protected":false},"excerpt":{"rendered":"<p>Ehrenamtliche und hauptamtliche Menschen gestalten unser Gemeindeleben: Past\u00f6re, Pastoralreferentinnen, Pfarreir\u00e4te, Pfarreisekret\u00e4rinnen und viele mehr. Hier finden Sie die Namen und Kontaktm\u00f6glichkeiten: Seelsorgeteam Pfarrb\u00fcros Mitarbeiter Gremien<\/p>\n","protected":false},"author":1,"featured_media":0,"parent":0,"menu_order":1,"comment_status":"closed","ping_status":"closed","template":"","meta":{"footnotes":""},"_links":{"self":[{"href":"https:\/\/mariafrieden-hamminkeln.de\/index.php?rest_route=\/wp\/v2\/pages\/14"}],"collection":[{"href":"https:\/\/mariafrieden-hamminkeln.de\/index.php?rest_route=\/wp\/v2\/pages"}],"about":[{"href":"https:\/\/mariafrieden-hamminkeln.de\/index.php?rest_route=\/wp\/v2\/types\/page"}],"author":[{"embeddable":true,"href":"https:\/\/mariafrieden-hamminkeln.de\/index.php?rest_route=\/wp\/v2\/users\/1"}],"replies":[{"embeddable":true,"href":"https:\/\/mariafrieden-hamminkeln.de\/index.php?rest_route=%2Fwp%2Fv2%2Fcomments&post=14"}],"version-history":[{"count":7,"href":"https:\/\/mariafrieden-hamminkeln.de\/index.php?rest_route=\/wp\/v2\/pages\/14\/revisions"}],"predecessor-version":[{"id":9713,"href":"https:\/\/mariafrieden-hamminkeln.de\/index.php?rest_route=\/wp\/v2\/pages\/14\/revisions\/9713"}],"wp:attachment":[{"href":"https:\/\/mariafrieden-hamminkeln.de\/index.php?rest_route=%2Fwp%2Fv2%2Fmedia&parent=14"}],"curies":[{"name":"wp","href":"https:\/\/api.w.org\/{rel}","templated":true}]}}

Über uns

<p>Ehrenamtliche und hauptamtliche Menschen gestalten unser Gemeindeleben: Pastöre, Pastoralreferentinnen, Pfarreiräte, Pfarreisekretärinnen und viele mehr.</p>
<p>Hier finden Sie die Namen und Kontaktmöglichkeiten:</p>
<p><a title="Seelsorger" href="http://mariafrieden-hamminkeln.de/?page_id=41">Seelsorgeteam</a></p>
<p><a href="https://mariafrieden-hamminkeln.de/?page_id=135">Pfarrbüros</a></p>
<p><a href="http://mariafrieden-hamminkeln.de/?page_id=43">Mitarbeiter</a></p>
<p><a href="http://mariafrieden-hamminkeln.de/?page_id=45">Gremien</a></p>

<p>Ehrenamtliche und hauptamtliche Menschen gestalten unser Gemeindeleben: Pastöre, Pastoralreferentinnen, Pfarreiräte, Pfarreisekretärinnen und viele mehr. Hier finden Sie die Namen und Kontaktmöglichkeiten: Seelsorgeteam Pfarrbüros Mitarbeiter Gremien</p>
