{"id":15216,"date":"2024-03-07T07:44:17","date_gmt":"2024-03-07T07:44:17","guid":{"rendered":"https:\/\/mariafrieden-hamminkeln.de\/?page_id=15216"},"modified":"2025-01-24T11:26:43","modified_gmt":"2025-01-24T11:26:43","slug":"kita-verbundleitung","status":"publish","type":"page","link":"https:\/\/mariafrieden-hamminkeln.de\/?page_id=15216","title":{"rendered":"Kita-Verbundleitung"},"content":{"rendered":"<p><a href=\"http:\/\/kitas-mariafrieden.de\">Vier Tageseinrichtungen f\u00fcr Kinder<\/a> befinden sich in Tr\u00e4gerschaft der Kirchengemeinde und bilden ab dem 01.04.2024 den Kita-Verbund Maria Frieden.<\/p>\n<p>Dieser Verbund wird von der Verbundleitung in enger Kooperation mit den Einrichtungsleitungen, dem Kirchenvorstand und der Zentralrendantur gef\u00fchrt.<\/p>\n<p>Die p\u00e4dagogische Arbeit wird in der Kita vor Ort geplant und reflektiert. Die p\u00e4dagogischen Fachkr\u00e4fte und die Einrichtungsleitung bleiben die ma\u00dfgeblichen Begleitpersonen f\u00fcr die Kinder und Ansprechpartner f\u00fcr die Elternschaft im Alltag. \u00dcbergeordnete Aufgaben werden gemeinsam geregelt, dazu bilden die Verbund- und die Einrichtungsleitungen ein gemeinsames Team unter F\u00fchrung der Verbundleitung.<\/p>\n<p><a href=\"https:\/\/mariafrieden-hamminkeln.de\/wp-content\/uploads\/2024\/03\/Bielefeld.jpg\"><img loading=\"lazy\" decoding=\"async\" class=\"alignleft size-full wp-image-15217\" src=\"https:\/\/mariafrieden-hamminkeln.de\/wp-content\/uploads\/2024\/03\/Bielefeld.jpg\" alt=\"\" width=\"200\" height=\"300\" \/><\/a><\/p>\n<p>&nbsp;<\/p>\n<p><span style=\"color: #000080;\"><strong>Kita-Verbundleitung<\/strong><\/span><br \/>\n<span style=\"color: #000080;\"><strong>Bernhild Bielefeld<\/strong><\/span><\/p>\n<p>Am Wedem Hoven 1<br \/>\n46499 Hamminkeln<br \/>\nTelefon 02852 960809 130<br \/>\n<a href=\"mailto:bielefeld-b@bistum-muenster.de\">bielefeld-b@bistum-muenster.de<\/a><\/p>\n ","protected":false},"excerpt":{"rendered":"<p>Vier Tageseinrichtungen f\u00fcr Kinder befinden sich in Tr\u00e4gerschaft der Kirchengemeinde und bilden ab dem 01.04.2024 den Kita-Verbund Maria Frieden. Dieser Verbund wird von der Verbundleitung in enger Kooperation mit den Einrichtungsleitungen, dem Kirchenvorstand und der Zentralrendantur gef\u00fchrt. Die p\u00e4dagogische Arbeit wird in der Kita vor Ort geplant und reflektiert. Die p\u00e4dagogischen Fachkr\u00e4fte und die Einrichtungsleitung [&hellip;]<\/p>\n","protected":false},"author":1,"featured_media":0,"parent":0,"menu_order":0,"comment_status":"closed","ping_status":"closed","template":"","meta":{"footnotes":""},"_links":{"self":[{"href":"https:\/\/mariafrieden-hamminkeln.de\/index.php?rest_route=\/wp\/v2\/pages\/15216"}],"collection":[{"href":"https:\/\/mariafrieden-hamminkeln.de\/index.php?rest_route=\/wp\/v2\/pages"}],"about":[{"href":"https:\/\/mariafrieden-hamminkeln.de\/index.php?rest_route=\/wp\/v2\/types\/page"}],"author":[{"embeddable":true,"href":"https:\/\/mariafrieden-hamminkeln.de\/index.php?rest_route=\/wp\/v2\/users\/1"}],"replies":[{"embeddable":true,"href":"https:\/\/mariafrieden-hamminkeln.de\/index.php?rest_route=%2Fwp%2Fv2%2Fcomments&post=15216"}],"version-history":[{"count":3,"href":"https:\/\/mariafrieden-hamminkeln.de\/index.php?rest_route=\/wp\/v2\/pages\/15216\/revisions"}],"predecessor-version":[{"id":16178,"href":"https:\/\/mariafrieden-hamminkeln.de\/index.php?rest_route=\/wp\/v2\/pages\/15216\/revisions\/16178"}],"wp:attachment":[{"href":"https:\/\/mariafrieden-hamminkeln.de\/index.php?rest_route=%2Fwp%2Fv2%2Fmedia&parent=15216"}],"curies":[{"name":"wp","href":"https:\/\/api.w.org\/{rel}","templated":true}]}}