{"id":1775,"date":"2015-08-25T08:03:25","date_gmt":"2015-08-25T08:03:25","guid":{"rendered":"http:\/\/mariafrieden-hamminkeln.de\/?page_id=1775"},"modified":"2023-05-09T09:37:12","modified_gmt":"2023-05-09T09:37:12","slug":"caritas","status":"publish","type":"page","link":"https:\/\/mariafrieden-hamminkeln.de\/?page_id=1775","title":{"rendered":"Caritas"},"content":{"rendered":"<p><a href=\"http:\/\/mariafrieden-hamminkeln.de\/wp-content\/uploads\/2017\/04\/Caritas.jpg\"><img loading=\"lazy\" decoding=\"async\" class=\"alignleft size-thumbnail wp-image-3645\" src=\"http:\/\/mariafrieden-hamminkeln.de\/wp-content\/uploads\/2017\/04\/Caritas-150x150.jpg\" alt=\"Caritas\" width=\"150\" height=\"150\" \/><\/a>Die Caritas ist mehr als eine Organisation. Sie ist eine Grundhaltung gegen\u00fcber Menschen, besonders gegen\u00fcber Menschen in Not. Ihre Wurzeln hat sie in der Liebe Jesu zu den Menschen. Wie er will sie ohne Ansehen der Nation, des Status oder der Konfession den Menschen mit Liebe und Achtung begegnen.<\/p>\n<p>Auch in unserer Pfarrei wird dieser Dienst gelebt und Menschen geholfen, die in Not geraten sind.<\/p>\n<p>M\u00f6chten Sie die Caritas unterst\u00fctzen,<br \/>\ndann k\u00f6nnen sie eine Spende auf das folgende Konto \u00fcberweisen:<\/p>\n<p>Zentralrendantur Dinslaken\/Wesel<br \/>\nIBAN:\u00a0 DE19356605993000514011<br \/>\nBIC:\u00a0\u00a0\u00a0\u00a0\u00a0GEN0DED1RLW<br \/>\nVerwendungszweck: Pfarrcaritas Maria Frieden<\/p>\n<p>Ben\u00f6tigen Sie eine Spendenquittung, dann melden Sie sich bitte im Pfarrb\u00fcro und hinterlassen bitte auf der \u00dcberweisung ihren Namen und ihre Adresse.<\/p>\n<p><span style=\"color: #ff0000;\">Weitere Informationen oder Hilfe erhalten Sie bei<br \/>\n<\/span>Pastoralreferentin Sandra Joosten unter Tel. 02852 \/ 960809-416<\/p>\n ","protected":false},"excerpt":{"rendered":"<p>Die Caritas ist mehr als eine Organisation. Sie ist eine Grundhaltung gegen\u00fcber Menschen, besonders gegen\u00fcber Menschen in Not. Ihre Wurzeln hat sie in der Liebe Jesu zu den Menschen. Wie er will sie ohne Ansehen der Nation, des Status oder der Konfession den Menschen mit Liebe und Achtung begegnen. Auch in unserer Pfarrei wird dieser [&hellip;]<\/p>\n","protected":false},"author":1,"featured_media":0,"parent":18,"menu_order":0,"comment_status":"closed","ping_status":"open","template":"","meta":{"footnotes":""},"_links":{"self":[{"href":"https:\/\/mariafrieden-hamminkeln.de\/index.php?rest_route=\/wp\/v2\/pages\/1775"}],"collection":[{"href":"https:\/\/mariafrieden-hamminkeln.de\/index.php?rest_route=\/wp\/v2\/pages"}],"about":[{"href":"https:\/\/mariafrieden-hamminkeln.de\/index.php?rest_route=\/wp\/v2\/types\/page"}],"author":[{"embeddable":true,"href":"https:\/\/mariafrieden-hamminkeln.de\/index.php?rest_route=\/wp\/v2\/users\/1"}],"replies":[{"embeddable":true,"href":"https:\/\/mariafrieden-hamminkeln.de\/index.php?rest_route=%2Fwp%2Fv2%2Fcomments&post=1775"}],"version-history":[{"count":9,"href":"https:\/\/mariafrieden-hamminkeln.de\/index.php?rest_route=\/wp\/v2\/pages\/1775\/revisions"}],"predecessor-version":[{"id":13976,"href":"https:\/\/mariafrieden-hamminkeln.de\/index.php?rest_route=\/wp\/v2\/pages\/1775\/revisions\/13976"}],"up":[{"embeddable":true,"href":"https:\/\/mariafrieden-hamminkeln.de\/index.php?rest_route=\/wp\/v2\/pages\/18"}],"wp:attachment":[{"href":"https:\/\/mariafrieden-hamminkeln.de\/index.php?rest_route=%2Fwp%2Fv2%2Fmedia&parent=1775"}],"curies":[{"name":"wp","href":"https:\/\/api.w.org\/{rel}","templated":true}]}}

<p><a href="http://mariafrieden-hamminkeln.de/wp-content/uploads/2017/04/Caritas.jpg"><img loading="lazy" decoding="async" class="alignleft size-thumbnail wp-image-3645" src="http://mariafrieden-hamminkeln.de/wp-content/uploads/2017/04/Caritas-150x150.jpg" alt="Caritas" width="150" height="150" /></a>Die Caritas ist mehr als eine Organisation. Sie ist eine Grundhaltung gegenüber Menschen, besonders gegenüber Menschen in Not. Ihre Wurzeln hat sie in der Liebe Jesu zu den Menschen. Wie er will sie ohne Ansehen der Nation, des Status oder der Konfession den Menschen mit Liebe und Achtung begegnen.</p>
<p>Auch in unserer Pfarrei wird dieser Dienst gelebt und Menschen geholfen, die in Not geraten sind.</p>
<p>Möchten Sie die Caritas unterstützen,<br />
dann können sie eine Spende auf das folgende Konto überweisen:</p>
<p>Zentralrendantur Dinslaken/Wesel<br />
IBAN:  DE19356605993000514011<br />
BIC:     GEN0DED1RLW<br />
Verwendungszweck: Pfarrcaritas Maria Frieden</p>
<p>Benötigen Sie eine Spendenquittung, dann melden Sie sich bitte im Pfarrbüro und hinterlassen bitte auf der Überweisung ihren Namen und ihre Adresse.</p>
<p><span style="color: #ff0000;">Weitere Informationen oder Hilfe erhalten Sie bei<br />
</span>Pastoralreferentin Sandra Joosten unter Tel. 02852 / 960809-416</p>

<p>Die Caritas ist mehr als eine Organisation. Sie ist eine Grundhaltung gegenüber Menschen, besonders gegenüber Menschen in Not. Ihre Wurzeln hat sie in der Liebe Jesu zu den Menschen. Wie er will sie ohne Ansehen der Nation, des Status oder der Konfession den Menschen mit Liebe und Achtung begegnen. Auch in unserer Pfarrei wird dieser [&hellip;]</p>
