{"id":247,"date":"2014-04-07T07:43:15","date_gmt":"2014-04-07T07:43:15","guid":{"rendered":"http:\/\/mariafrieden-hamminkeln.de\/?page_id=247"},"modified":"2022-12-23T07:26:26","modified_gmt":"2022-12-23T07:26:26","slug":"senioren","status":"publish","type":"page","link":"https:\/\/mariafrieden-hamminkeln.de\/?page_id=247","title":{"rendered":"Senioren"},"content":{"rendered":"<p><a href=\"https:\/\/mariafrieden-hamminkeln.de\/wp-content\/uploads\/2022\/12\/Seniorennachmittage.jpg\"><img loading=\"lazy\" decoding=\"async\" class=\"alignnone size-full wp-image-13324\" src=\"https:\/\/mariafrieden-hamminkeln.de\/wp-content\/uploads\/2022\/12\/Seniorennachmittage.jpg\" alt=\"\" width=\"722\" height=\"285\" srcset=\"https:\/\/mariafrieden-hamminkeln.de\/wp-content\/uploads\/2022\/12\/Seniorennachmittage.jpg 722w, https:\/\/mariafrieden-hamminkeln.de\/wp-content\/uploads\/2022\/12\/Seniorennachmittage-300x118.jpg 300w, https:\/\/mariafrieden-hamminkeln.de\/wp-content\/uploads\/2022\/12\/Seniorennachmittage-624x246.jpg 624w\" sizes=\"(max-width: 722px) 100vw, 722px\" \/><\/a><\/p>\n<p><a href=\"http:\/\/mariafrieden-hamminkeln.de\/wp-content\/uploads\/2014\/04\/Seniorentag.jpg\"><img loading=\"lazy\" decoding=\"async\" class=\"alignleft size-medium wp-image-4271\" src=\"http:\/\/mariafrieden-hamminkeln.de\/wp-content\/uploads\/2014\/04\/Seniorentag-300x212.jpg\" alt=\"Seniorentag\" width=\"300\" height=\"212\" srcset=\"https:\/\/mariafrieden-hamminkeln.de\/wp-content\/uploads\/2014\/04\/Seniorentag-300x212.jpg 300w, https:\/\/mariafrieden-hamminkeln.de\/wp-content\/uploads\/2014\/04\/Seniorentag-1024x723.jpg 1024w, https:\/\/mariafrieden-hamminkeln.de\/wp-content\/uploads\/2014\/04\/Seniorentag-624x441.jpg 624w\" sizes=\"(max-width: 300px) 100vw, 300px\" \/><\/a><strong><em><span style=\"color: #ff6600;\">Der Seniorentag stellt sich vor!<\/span><\/em><\/strong><\/p>\n<p>Seit 50 Jahren treffen sich jede Woche 40 &#8211; 50 Senioren im Dingdener Pfarrheim zum Kaffeetrinken, Kartenspielen, Handarbeiten und Kl\u00f6nen. Sie freuen sich dar\u00fcber, dass sich jede Woche \u201aflei\u00dfige Helferinnen\u2019 finden, um mit ihnen sch\u00f6ne Stunden zu verbringen.<\/p>\n<p>&nbsp;<\/p>\n<p>Au\u00dfer Kaffeetrinken, Kartenspielen und Handarbeiten findet jedes Jahr eine Halbtagesfahrt statt. Hinzu kommen Jubil\u00e4en, Geburtstage, Karneval, Osterfeier, Erntedank und eine Weihnachtsfeier.<\/p>\n<p><em>\u201eDer heilige Tag f\u00fcr die Senioren\u201c<\/em><\/p>\n<p>Der Dienstag ist der heilige Tag der Senioren \u2013 ausfallen darf er nicht. Nur die Sommerferien werden soeben akzeptiert.<\/p>\n<p>Im Seniorentag hat sich auch eine Strickgruppe gegr\u00fcndet. Die \u201eWollm\u00e4use\u201c stricken f\u00fcr einen guten Zweck (Kinderschutzbund Bocholt, Friedensdorf Oberhausen usw.) die sch\u00f6nsten Wollsachen wie Pullover, M\u00fctzen, Erstlingsgarnituren, Sch\u00fchchen und Decken. Am Kerzensonntag findet in Dingden ein Basar statt. Ein Teil der Verkaufserl\u00f6se wird zudem f\u00fcr Wolle und weiteres Material verwendet.<\/p>\n<p>Also, wie man sieht ist f\u00fcr jeden etwas dabei. Mitmachen k\u00f6nnen Frauen und M\u00e4nner gleich welcher Konfession.<\/p>\n<p>Der Seniorentag findet jede Woche, immer<br \/>\n<strong>dienstags von 15 Uhr bis 18 Uhr<\/strong>, im Pfarrheim in Dingden statt.<\/p>\n<p>Neue G\u00e4ste melden sich bitte bei<br \/>\nInge Wolberg (Telefon 02852 \/ 60 77) oder<br \/>\nChristel Schulte (Telefon 02852 \/ 9 40 84).<\/p>\n<p>Das K\u00fcchenteam Inge Wolberg, Christel Schulte, Josefa Bollmann, Maria Bollmann und Hedwig Klein-Hitpa\u00df hei\u00dft alle<\/p>\n<p style=\"text-align: left;\"><strong><span style=\"color: #ff6600;\">\u201aHerzlich Willkommen\u2019<\/span><\/strong>.<\/p>\n<p style=\"text-align: left;\"><em>Inge Wolberg<\/em><\/p>\n ","protected":false},"excerpt":{"rendered":"<p>Der Seniorentag stellt sich vor! Seit 50 Jahren treffen sich jede Woche 40 &#8211; 50 Senioren im Dingdener Pfarrheim zum Kaffeetrinken, Kartenspielen, Handarbeiten und Kl\u00f6nen. Sie freuen sich dar\u00fcber, dass sich jede Woche \u201aflei\u00dfige Helferinnen\u2019 finden, um mit ihnen sch\u00f6ne Stunden zu verbringen. &nbsp; Au\u00dfer Kaffeetrinken, Kartenspielen und Handarbeiten findet jedes Jahr eine Halbtagesfahrt statt. [&hellip;]<\/p>\n","protected":false},"author":1,"featured_media":0,"parent":18,"menu_order":0,"comment_status":"closed","ping_status":"closed","template":"","meta":{"footnotes":""},"_links":{"self":[{"href":"https:\/\/mariafrieden-hamminkeln.de\/index.php?rest_route=\/wp\/v2\/pages\/247"}],"collection":[{"href":"https:\/\/mariafrieden-hamminkeln.de\/index.php?rest_route=\/wp\/v2\/pages"}],"about":[{"href":"https:\/\/mariafrieden-hamminkeln.de\/index.php?rest_route=\/wp\/v2\/types\/page"}],"author":[{"embeddable":true,"href":"https:\/\/mariafrieden-hamminkeln.de\/index.php?rest_route=\/wp\/v2\/users\/1"}],"replies":[{"embeddable":true,"href":"https:\/\/mariafrieden-hamminkeln.de\/index.php?rest_route=%2Fwp%2Fv2%2Fcomments&post=247"}],"version-history":[{"count":7,"href":"https:\/\/mariafrieden-hamminkeln.de\/index.php?rest_route=\/wp\/v2\/pages\/247\/revisions"}],"predecessor-version":[{"id":13325,"href":"https:\/\/mariafrieden-hamminkeln.de\/index.php?rest_route=\/wp\/v2\/pages\/247\/revisions\/13325"}],"up":[{"embeddable":true,"href":"https:\/\/mariafrieden-hamminkeln.de\/index.php?rest_route=\/wp\/v2\/pages\/18"}],"wp:attachment":[{"href":"https:\/\/mariafrieden-hamminkeln.de\/index.php?rest_route=%2Fwp%2Fv2%2Fmedia&parent=247"}],"curies":[{"name":"wp","href":"https:\/\/api.w.org\/{rel}","templated":true}]}}