{"id":405,"date":"2014-04-10T18:38:00","date_gmt":"2014-04-10T18:38:00","guid":{"rendered":"http:\/\/mariafrieden-hamminkeln.de\/?page_id=405"},"modified":"2026-01-16T19:42:19","modified_gmt":"2026-01-16T19:42:19","slug":"die-ortsausschuesse","status":"publish","type":"page","link":"https:\/\/mariafrieden-hamminkeln.de\/?page_id=405","title":{"rendered":"Die Gemeindeaussch\u00fcsse"},"content":{"rendered":"<p>Neben dem <a title=\"Pfarreirat\" href=\"http:\/\/mariafrieden-hamminkeln.de\/?page_id=47\">Pfarreirat <\/a>werden in den einzelnen Gemeindeteilen der Pfarrei Maria Frieden auch Gemeindeaussch\u00fcsse installiert, die gleichzeitig am 6.\/7. November 2025 gew\u00e4hlt worden sind. Sie werden f\u00fcr die Wahrung der \u00f6ffentlichen Belange einer Gemeinde gebildet. Die Zahl der Mitglieder der Gemeindeaussch\u00fcsse soll nach den Bed\u00fcrfnissen der einzelnen Gemeinden festgelegt werden.<\/p>\n<p><span style=\"color: #000000; line-height: 1.714285714; font-size: 1rem;\"><strong><span style=\"color: #ff6600;\">Gemeindeausschuss St. Pankratius Dingden<\/span><br \/>\n<span style=\"color: #ff6600;\"> (Ansprechpartnerin: Kornelia Opalka, Telefon 02852 \/ 968738)<br \/>\n<\/span><\/strong>Nicole Brinks<br \/>\nSimon van Hal<br \/>\nVerena Holtkamp<br \/>\nNorbert Ne\u00df<br \/>\nKornelia Opalka (Pfarreirat)<br \/>\nChristina Mertsch<br \/>\n<\/span><span style=\"color: #000000;\">Sandra Joosten (Pastoralreferentin)<\/span><\/p>\n<p><span style=\"color: #000000;\"><strong><span style=\"color: #ff6600;\"><strong>Gemeindeausschuss\u00a0<\/strong>St. Maria Himmelfahrt Hamminkeln<\/span><br \/>\n<span style=\"color: #ff6600;\"> (Ansprechpartnerin: Ilona Kammeier, Telefon 02852 \/ 711144)<\/span><br \/>\n<\/strong><\/span><span style=\"color: #000000;\">Claudia Feldmann<\/span><br \/>\n<span style=\"color: #000000;\">Agnes Holtkamp<br \/>\nIlona Kammeier (Pfarreirat)<br \/>\nSusanne Mindthoff<br \/>\nRainer van Nahmen<br \/>\n<\/span><span style=\"color: #000000;\">Susanne Rohloff<br \/>\nKarl-Heinz Seegers<br \/>\n<\/span><span style=\"color: #000000;\">Maria Thier (Pastoralreferentin)<br \/>\n<\/span><\/p>\n<p><span style=\"color: #800000;\"><strong><span style=\"color: #ff6600;\"><strong>Gemeindeausschuss <\/strong>St. Antonius Loikum<\/span><br \/>\n<span style=\"color: #ff6600;\"> (Ansprechpartnerin: Ursula Klump, Telefon 02852 \/ 3944)<\/span><br \/>\n<\/strong><\/span>Silvia Borkes-Bu\u00dfhaus (Pfarreirat)<br \/>\nBenedikta B\u00fcning<br \/>\nKatharina de Baey<br \/>\nMaria Dr\u00e4ger<br \/>\nUrsula Klump (Pfarreirat)<br \/>\nHelena Lamers<br \/>\nGregor Schweckhorst<br \/>\nIrmgard Stenkamp<br \/>\nThomas Linsen (Pastor)<\/p>\n<p><span style=\"color: #800000;\"><strong><span style=\"color: #ff6600;\"><strong>Gemeindeausschuss <\/strong>Heilig Kreuz Mehrhoog<\/span><br \/>\n<span style=\"color: #ff6600;\"> (Ansprechpartner: Bernhard Becker, Telefon 02857 \/ 3402)<\/span><br \/>\n<\/strong><\/span>Bernhard Becker<br \/>\nKornelia Bisdorf (Pfarreirat)<br \/>\nVeronika Hiepass-Aryus-Sent<br \/>\nKathrin Luckmann<br \/>\nBernadette Peters (Pfarreirat)<br \/>\n<span style=\"color: #000000;\">Andreas Schnelting<br \/>\nUlrike Schnelting<br \/>\nAnna Steenstra<br \/>\nMaria Thier (Pastoralreferentin)<br \/>\n<\/span><\/p>\n<p><span style=\"color: #ff6600;\"><strong>Gemeindeausschuss Christus K\u00f6nig Ringenberg<br \/>\n(Ansprechpartnerin: Petra Opgen-Rhein, Telefon 02852 \/ 1466)<br \/>\n<\/strong><\/span>Mechthild Klein-Hitpa\u00df<br \/>\nEva Lysikowski (Pfarreirat)<br \/>\nB\u00e4rbel Nassi<br \/>\nPetra Opgen-Rhein<br \/>\nIrene Spinneken<br \/>\nTristan Sittnick<br \/>\nSara Verhoeven (Pfarreirat)<br \/>\nAbraham Manalil (Pastor)<\/p>\n ","protected":false},"excerpt":{"rendered":"<p>Neben dem Pfarreirat werden in den einzelnen Gemeindeteilen der Pfarrei Maria Frieden auch Gemeindeaussch\u00fcsse installiert, die gleichzeitig am 6.\/7. November 2025 gew\u00e4hlt worden sind. Sie werden f\u00fcr die Wahrung der \u00f6ffentlichen Belange einer Gemeinde gebildet. Die Zahl der Mitglieder der Gemeindeaussch\u00fcsse soll nach den Bed\u00fcrfnissen der einzelnen Gemeinden festgelegt werden. Gemeindeausschuss St. Pankratius Dingden (Ansprechpartnerin: [&hellip;]<\/p>\n","protected":false},"author":1,"featured_media":0,"parent":47,"menu_order":0,"comment_status":"closed","ping_status":"closed","template":"","meta":{"footnotes":""},"_links":{"self":[{"href":"https:\/\/mariafrieden-hamminkeln.de\/index.php?rest_route=\/wp\/v2\/pages\/405"}],"collection":[{"href":"https:\/\/mariafrieden-hamminkeln.de\/index.php?rest_route=\/wp\/v2\/pages"}],"about":[{"href":"https:\/\/mariafrieden-hamminkeln.de\/index.php?rest_route=\/wp\/v2\/types\/page"}],"author":[{"embeddable":true,"href":"https:\/\/mariafrieden-hamminkeln.de\/index.php?rest_route=\/wp\/v2\/users\/1"}],"replies":[{"embeddable":true,"href":"https:\/\/mariafrieden-hamminkeln.de\/index.php?rest_route=%2Fwp%2Fv2%2Fcomments&post=405"}],"version-history":[{"count":43,"href":"https:\/\/mariafrieden-hamminkeln.de\/index.php?rest_route=\/wp\/v2\/pages\/405\/revisions"}],"predecessor-version":[{"id":16873,"href":"https:\/\/mariafrieden-hamminkeln.de\/index.php?rest_route=\/wp\/v2\/pages\/405\/revisions\/16873"}],"up":[{"embeddable":true,"href":"https:\/\/mariafrieden-hamminkeln.de\/index.php?rest_route=\/wp\/v2\/pages\/47"}],"wp:attachment":[{"href":"https:\/\/mariafrieden-hamminkeln.de\/index.php?rest_route=%2Fwp%2Fv2%2Fmedia&parent=405"}],"curies":[{"name":"wp","href":"https:\/\/api.w.org\/{rel}","templated":true}]}}