{"id":43,"date":"2014-03-29T10:28:01","date_gmt":"2014-03-29T10:28:01","guid":{"rendered":"http:\/\/mariafrieden-hamminkeln.de\/?page_id=43"},"modified":"2024-01-30T11:03:05","modified_gmt":"2024-01-30T11:03:05","slug":"mitarbeiter","status":"publish","type":"page","link":"https:\/\/mariafrieden-hamminkeln.de\/?page_id=43","title":{"rendered":"K\u00fcsterinnen"},"content":{"rendered":"<p><span style=\"color: #000000;\"><strong>Unsere K\u00fcsterinnen mit den entsprechenden Zust\u00e4ndigkeitsbereichen:<\/strong><\/span><\/p>\n<p><span style=\"color: #ff6600;\"><strong>St. Pankratius Dingden<br \/>\n<\/strong><\/span>Nicole Brinks<br \/>\nMaria Arping<\/p>\n<p><span style=\"color: #ff6600;\"><strong>St. Maria Himmelfahrt Hamminkeln<br \/>\n<\/strong><\/span>Maria Schulte-Drevenack<\/p>\n<p><span style=\"color: #ff6600;\"><strong>Heilig Kreuz Mehrhoog<\/strong><\/span><br \/>\nK\u00e4the Liedmann<br \/>\nAnna Steenstra<\/p>\n<p><span style=\"color: #ff6600;\"><strong>Christus K\u00f6nig Ringenberg<br \/>\n<\/strong><\/span>Petra Opgen-Rhein<\/p>\n<p><span style=\"color: #ff6600;\"><strong>St. Antonius Loikum<br \/>\n<\/strong><\/span>Benedikta B\u00fcning<br \/>\nMaria Arping<\/p>\n ","protected":false},"excerpt":{"rendered":"<p>Unsere K\u00fcsterinnen mit den entsprechenden Zust\u00e4ndigkeitsbereichen: St. Pankratius Dingden Nicole Brinks Maria Arping St. Maria Himmelfahrt Hamminkeln Maria Schulte-Drevenack Heilig Kreuz Mehrhoog K\u00e4the Liedmann Anna Steenstra Christus K\u00f6nig Ringenberg Petra Opgen-Rhein St. Antonius Loikum Benedikta B\u00fcning Maria Arping<\/p>\n","protected":false},"author":1,"featured_media":0,"parent":14,"menu_order":0,"comment_status":"closed","ping_status":"closed","template":"","meta":{"footnotes":""},"_links":{"self":[{"href":"https:\/\/mariafrieden-hamminkeln.de\/index.php?rest_route=\/wp\/v2\/pages\/43"}],"collection":[{"href":"https:\/\/mariafrieden-hamminkeln.de\/index.php?rest_route=\/wp\/v2\/pages"}],"about":[{"href":"https:\/\/mariafrieden-hamminkeln.de\/index.php?rest_route=\/wp\/v2\/types\/page"}],"author":[{"embeddable":true,"href":"https:\/\/mariafrieden-hamminkeln.de\/index.php?rest_route=\/wp\/v2\/users\/1"}],"replies":[{"embeddable":true,"href":"https:\/\/mariafrieden-hamminkeln.de\/index.php?rest_route=%2Fwp%2Fv2%2Fcomments&post=43"}],"version-history":[{"count":23,"href":"https:\/\/mariafrieden-hamminkeln.de\/index.php?rest_route=\/wp\/v2\/pages\/43\/revisions"}],"predecessor-version":[{"id":14947,"href":"https:\/\/mariafrieden-hamminkeln.de\/index.php?rest_route=\/wp\/v2\/pages\/43\/revisions\/14947"}],"up":[{"embeddable":true,"href":"https:\/\/mariafrieden-hamminkeln.de\/index.php?rest_route=\/wp\/v2\/pages\/14"}],"wp:attachment":[{"href":"https:\/\/mariafrieden-hamminkeln.de\/index.php?rest_route=%2Fwp%2Fv2%2Fmedia&parent=43"}],"curies":[{"name":"wp","href":"https:\/\/api.w.org\/{rel}","templated":true}]}}