{"id":4518,"date":"2017-09-24T09:59:14","date_gmt":"2017-09-24T09:59:14","guid":{"rendered":"http:\/\/mariafrieden-hamminkeln.de\/?page_id=4518"},"modified":"2019-02-13T09:01:35","modified_gmt":"2019-02-13T09:01:35","slug":"pastoralplan-fuer-maria-frieden","status":"publish","type":"page","link":"https:\/\/mariafrieden-hamminkeln.de\/?page_id=4518","title":{"rendered":"Pastoralplan f\u00fcr Maria Frieden"},"content":{"rendered":"<p><a href=\"https:\/\/mariafrieden-hamminkeln.de\/wp-content\/uploads\/2018\/12\/Leitbild-Grafik.pdf\" target=\"_blank\" rel=\"noopener\"><img loading=\"lazy\" decoding=\"async\" class=\"aligncenter size-large wp-image-6478\" src=\"https:\/\/mariafrieden-hamminkeln.de\/wp-content\/uploads\/2018\/12\/Leitbild-Grafik-1024x471.jpg\" alt=\"\" width=\"625\" height=\"287\" srcset=\"https:\/\/mariafrieden-hamminkeln.de\/wp-content\/uploads\/2018\/12\/Leitbild-Grafik-1024x471.jpg 1024w, https:\/\/mariafrieden-hamminkeln.de\/wp-content\/uploads\/2018\/12\/Leitbild-Grafik-300x138.jpg 300w, https:\/\/mariafrieden-hamminkeln.de\/wp-content\/uploads\/2018\/12\/Leitbild-Grafik-768x353.jpg 768w, https:\/\/mariafrieden-hamminkeln.de\/wp-content\/uploads\/2018\/12\/Leitbild-Grafik-624x287.jpg 624w\" sizes=\"(max-width: 625px) 100vw, 625px\" \/><\/a><\/p>\n<p>Pfarreien im Bistum M\u00fcnster stellen sich immer wieder neu die Frage, wie sie ihre Pastoral vor Ort zukunftsf\u00e4hig ausrichten k\u00f6nnen. Der Prozess der Pastoralplanung im Bistum M\u00fcnster systematisiert dies und nimmt sowohl die Pfarreien wie auch die Bistumsebene hierbei verbindlich in die Pflicht. Die Satzung der Pfarreir\u00e4te sieht vor, dass alle Pfarreien im Bistum M\u00fcnster einen Lokalen Pastoralplan entwickeln.<\/p>\n<p>Der Pastoralplan f\u00fcr Maria Frieden wurde in monatelanger Arbeit und vielen Diskussionen und Gespr\u00e4ch durch eine Steuerungsgruppe erarbeitet.<strong> Der Pfarreirat hat das fertige Werk in seiner Sitzung am 27. November 2018 verabschiedet.<\/strong> Es kann hier geladen und gelesen werden:<\/p>\n<p><a href=\"https:\/\/mariafrieden-hamminkeln.de\/wp-content\/uploads\/2018\/12\/Leitbild-zum-Pastoralplan.pdf\" target=\"_blank\" rel=\"noopener\">Leitbild zum Pastoralplan<\/a> (Auszug aus dem Pfarrbrief Advent 2018)<br \/>\n<a href=\"https:\/\/mariafrieden-hamminkeln.de\/wp-content\/uploads\/2018\/12\/Pastoralplan-27.11.2018.pdf\" target=\"_blank\" rel=\"noopener\">Pastoralplan<\/a><br \/>\n<a href=\"https:\/\/mariafrieden-hamminkeln.de\/wp-content\/uploads\/2018\/12\/Anhang-Pastoralplan-27.11.2018.pdf\" target=\"_blank\" rel=\"noopener\">Anhang zum Pastoralplan<\/a><\/p>\n<p><span style=\"font-size: 10pt;\">Auszug aus dem Protokoll des Pfarreirates vom 27. November 2018: &#8222;Der Pastoralplan werde in der Langfassung nun ans Bistum weitergegeben. Eine formale Genehmigung erfolge von dort nicht; es w\u00fcrden nun weitere, vertiefende Gespr\u00e4che zwischen der Pfarrei und dem Bistum gef\u00fchrt. Der Pastoralplan stelle die Grundlage f\u00fcr alles weitere Handeln dar, wie z.B. beim Immobilienkonzept. Pastor Lamers appellierte an den Pfarreirat, daran mitzuwirken, dass der Pastoralplan \u201enicht Ladenh\u00fcter, sondern Handlungsorgan\u201c werde. Im Anhang F werden die weiteren Aktivit\u00e4ten f\u00fcr den Pfarreirat detailliert beschreiben, z.B. regelm\u00e4\u00dfige Evaluation und Einberufung einer Pfarrversammlung in 2019. Der Pastoralplan wird regelm\u00e4\u00dfiger TOP im Pfarreirat, der Vorstand des Pfarreirates steuert die weitere aktive Umsetzung. Die Steuerungsgruppe, die den Pastoralplan erarbeitet hat, tagt letztmalig im Januar 2019. Der Pfarreirat dankt den Mitgliedern f\u00fcr den engagierten Einsatz! Die Bekanntmachung des Pastoralplans erfolgt nun durch Presse, Pfarrbrief (als Doppelseite im Mittelteil zum Herausnehmen) sowie mit von Franz-Josef Keiten erstellten Mobil\u00e9s f\u00fcr die Kirchen und Einrichtungen. Der Pfarreirat votiert einstimmig daf\u00fcr, dass das Mobil\u00e9 in den Kirchen und Einrichtungen aufgeh\u00e4ngt wird. Es wird dar\u00fcber hinaus angeregt, die Querh\u00f6lzer ggf. durch Klangh\u00f6lzer zu ersetzen. Der Pastoralplan soll auf der Homepage ver\u00f6ffentlicht werden. In den Gemeindenachrichten soll die Beschlussfassung ebenfalls vermeldet werden \u2013 verbunden mit dem Hinweis auf den Download per Homepage sowie die M\u00f6glichkeit, eine Printfassung des umfangreichen Papiers im Pfarrb\u00fcro auf Anfrage erhalten zu k\u00f6nnen.&#8220;<\/span><\/p>\n<p><strong>EIN BLICK ZUR\u00dcCK<\/strong><\/p>\n<p>Schon am 11. Juli 2017 wurden erste Zwischenergebnisse im Rahmen einer Pfarrversammlung vorgestellt. Grundlage dazu lieferte eine Umfrage in der Pfarrei.<\/p>\n<p>Prozessbeschreibung, Analyse der Ist-Situation, Zukunftsbild:<br \/>\n<a href=\"http:\/\/mariafrieden-hamminkeln.de\/wp-content\/uploads\/2017\/07\/Pr\u00e4sentation-Maria-Frieden-Pfarrversammlung-2017.pdf\"><img loading=\"lazy\" decoding=\"async\" src=\"http:\/\/mariafrieden-hamminkeln.de\/wp-content\/uploads\/2017\/07\/Pastoralplan-150x150.jpg\" alt=\"Pastoralplan\" width=\"150\" height=\"150\" \/><\/a><\/p>\n<p>Offene Fragen, Themenfelder:<br \/>\n<a style=\"font-size: 1rem;\" href=\"http:\/\/mariafrieden-hamminkeln.de\/wp-content\/uploads\/2017\/07\/Fragebogenaktion.pdf\"><img loading=\"lazy\" decoding=\"async\" src=\"http:\/\/mariafrieden-hamminkeln.de\/wp-content\/uploads\/2017\/07\/Pfarrversammlung-11.-Juli-2017-150x150.jpg\" alt=\"Pfarrversammlung 11. Juli 2017\" width=\"150\" height=\"150\" \/><\/a><\/p>\n<p>Die Fertigung der Mobiles f\u00fcr die Kirchen, Pfarrheime, Kinderg\u00e4rten unserer Pfarrgemeinde geht in die Endphase.<\/p>\n\n\t\t<style type=\"text\/css\">\n\t\t\t#gallery-1 {\n\t\t\t\tmargin: auto;\n\t\t\t}\n\t\t\t#gallery-1 .gallery-item {\n\t\t\t\tfloat: left;\n\t\t\t\tmargin-top: 10px;\n\t\t\t\ttext-align: center;\n\t\t\t\twidth: 50%;\n\t\t\t}\n\t\t\t#gallery-1 img {\n\t\t\t\tborder: 2px solid #cfcfcf;\n\t\t\t}\n\t\t\t#gallery-1 .gallery-caption {\n\t\t\t\tmargin-left: 0;\n\t\t\t}\n\t\t\t\/* see gallery_shortcode() in wp-includes\/media.php *\/\n\t\t<\/style>\n\t\t<div id='gallery-1' class='gallery galleryid-4518 gallery-columns-2 gallery-size-thumbnail'><dl class='gallery-item'>\n\t\t\t<dt class='gallery-icon portrait'>\n\t\t\t\t<a href='https:\/\/mariafrieden-hamminkeln.de\/?attachment_id=6721'><img loading=\"lazy\" decoding=\"async\" width=\"150\" height=\"150\" src=\"https:\/\/mariafrieden-hamminkeln.de\/wp-content\/uploads\/2019\/02\/Mobile1-150x150.jpg\" class=\"attachment-thumbnail size-thumbnail\" alt=\"\" \/><\/a>\n\t\t\t<\/dt><\/dl><dl class='gallery-item'>\n\t\t\t<dt class='gallery-icon portrait'>\n\t\t\t\t<a href='https:\/\/mariafrieden-hamminkeln.de\/?attachment_id=6722'><img loading=\"lazy\" decoding=\"async\" width=\"150\" height=\"150\" src=\"https:\/\/mariafrieden-hamminkeln.de\/wp-content\/uploads\/2019\/02\/Mobile-4-150x150.jpg\" class=\"attachment-thumbnail size-thumbnail\" alt=\"\" \/><\/a>\n\t\t\t<\/dt><\/dl><br style=\"clear: both\" \/><dl class='gallery-item'>\n\t\t\t<dt class='gallery-icon portrait'>\n\t\t\t\t<a href='https:\/\/mariafrieden-hamminkeln.de\/?attachment_id=6723'><img loading=\"lazy\" decoding=\"async\" width=\"150\" height=\"150\" src=\"https:\/\/mariafrieden-hamminkeln.de\/wp-content\/uploads\/2019\/02\/Mobile3-150x150.jpg\" class=\"attachment-thumbnail size-thumbnail\" alt=\"\" \/><\/a>\n\t\t\t<\/dt><\/dl><dl class='gallery-item'>\n\t\t\t<dt class='gallery-icon portrait'>\n\t\t\t\t<a href='https:\/\/mariafrieden-hamminkeln.de\/?attachment_id=6724'><img loading=\"lazy\" decoding=\"async\" width=\"150\" height=\"150\" src=\"https:\/\/mariafrieden-hamminkeln.de\/wp-content\/uploads\/2019\/02\/Mobile2-150x150.jpg\" class=\"attachment-thumbnail size-thumbnail\" alt=\"\" \/><\/a>\n\t\t\t<\/dt><\/dl><br style=\"clear: both\" \/>\n\t\t<\/div>\n\n<p>Auf den Fotos kann man echte Handarbeit erkennen. Jede Platte des Mobiles ist individuell gestaltet.<\/p>\n<p>17 Mobiles m\u00fcssen gefertigt werden. Bald werden sie ihrer Bestimmung \u00fcbergeben werden k\u00f6nnen: \u00fcber unser Leitbild zu informieren.<\/p>\n<p>R. Lamers, Pfr.<\/p>\n ","protected":false},"excerpt":{"rendered":"<p>Pfarreien im Bistum M\u00fcnster stellen sich immer wieder neu die Frage, wie sie ihre Pastoral vor Ort zukunftsf\u00e4hig ausrichten k\u00f6nnen. Der Prozess der Pastoralplanung im Bistum M\u00fcnster systematisiert dies und nimmt sowohl die Pfarreien wie auch die Bistumsebene hierbei verbindlich in die Pflicht. Die Satzung der Pfarreir\u00e4te sieht vor, dass alle Pfarreien im Bistum M\u00fcnster [&hellip;]<\/p>\n","protected":false},"author":1,"featured_media":0,"parent":47,"menu_order":0,"comment_status":"closed","ping_status":"closed","template":"","meta":{"footnotes":""},"_links":{"self":[{"href":"https:\/\/mariafrieden-hamminkeln.de\/index.php?rest_route=\/wp\/v2\/pages\/4518"}],"collection":[{"href":"https:\/\/mariafrieden-hamminkeln.de\/index.php?rest_route=\/wp\/v2\/pages"}],"about":[{"href":"https:\/\/mariafrieden-hamminkeln.de\/index.php?rest_route=\/wp\/v2\/types\/page"}],"author":[{"embeddable":true,"href":"https:\/\/mariafrieden-hamminkeln.de\/index.php?rest_route=\/wp\/v2\/users\/1"}],"replies":[{"embeddable":true,"href":"https:\/\/mariafrieden-hamminkeln.de\/index.php?rest_route=%2Fwp%2Fv2%2Fcomments&post=4518"}],"version-history":[{"count":12,"href":"https:\/\/mariafrieden-hamminkeln.de\/index.php?rest_route=\/wp\/v2\/pages\/4518\/revisions"}],"predecessor-version":[{"id":6737,"href":"https:\/\/mariafrieden-hamminkeln.de\/index.php?rest_route=\/wp\/v2\/pages\/4518\/revisions\/6737"}],"up":[{"embeddable":true,"href":"https:\/\/mariafrieden-hamminkeln.de\/index.php?rest_route=\/wp\/v2\/pages\/47"}],"wp:attachment":[{"href":"https:\/\/mariafrieden-hamminkeln.de\/index.php?rest_route=%2Fwp%2Fv2%2Fmedia&parent=4518"}],"curies":[{"name":"wp","href":"https:\/\/api.w.org\/{rel}","templated":true}]}}

Pastoralplan für Maria Frieden

<p><a href="https://mariafrieden-hamminkeln.de/wp-content/uploads/2018/12/Leitbild-Grafik.pdf" target="_blank" rel="noopener"><img loading="lazy" decoding="async" class="aligncenter size-large wp-image-6478" src="https://mariafrieden-hamminkeln.de/wp-content/uploads/2018/12/Leitbild-Grafik-1024x471.jpg" alt="" width="625" height="287" srcset="https://mariafrieden-hamminkeln.de/wp-content/uploads/2018/12/Leitbild-Grafik-1024x471.jpg 1024w, https://mariafrieden-hamminkeln.de/wp-content/uploads/2018/12/Leitbild-Grafik-300x138.jpg 300w, https://mariafrieden-hamminkeln.de/wp-content/uploads/2018/12/Leitbild-Grafik-768x353.jpg 768w, https://mariafrieden-hamminkeln.de/wp-content/uploads/2018/12/Leitbild-Grafik-624x287.jpg 624w" sizes="(max-width: 625px) 100vw, 625px" /></a></p>
<p>Pfarreien im Bistum Münster stellen sich immer wieder neu die Frage, wie sie ihre Pastoral vor Ort zukunftsfähig ausrichten können. Der Prozess der Pastoralplanung im Bistum Münster systematisiert dies und nimmt sowohl die Pfarreien wie auch die Bistumsebene hierbei verbindlich in die Pflicht. Die Satzung der Pfarreiräte sieht vor, dass alle Pfarreien im Bistum Münster einen Lokalen Pastoralplan entwickeln.</p>
<p>Der Pastoralplan für Maria Frieden wurde in monatelanger Arbeit und vielen Diskussionen und Gespräch durch eine Steuerungsgruppe erarbeitet.<strong> Der Pfarreirat hat das fertige Werk in seiner Sitzung am 27. November 2018 verabschiedet.</strong> Es kann hier geladen und gelesen werden:</p>
<p><a href="https://mariafrieden-hamminkeln.de/wp-content/uploads/2018/12/Leitbild-zum-Pastoralplan.pdf" target="_blank" rel="noopener">Leitbild zum Pastoralplan</a> (Auszug aus dem Pfarrbrief Advent 2018)<br />
<a href="https://mariafrieden-hamminkeln.de/wp-content/uploads/2018/12/Pastoralplan-27.11.2018.pdf" target="_blank" rel="noopener">Pastoralplan</a><br />
<a href="https://mariafrieden-hamminkeln.de/wp-content/uploads/2018/12/Anhang-Pastoralplan-27.11.2018.pdf" target="_blank" rel="noopener">Anhang zum Pastoralplan</a></p>
<p><span style="font-size: 10pt;">Auszug aus dem Protokoll des Pfarreirates vom 27. November 2018: &#8222;Der Pastoralplan werde in der Langfassung nun ans Bistum weitergegeben. Eine formale Genehmigung erfolge von dort nicht; es würden nun weitere, vertiefende Gespräche zwischen der Pfarrei und dem Bistum geführt. Der Pastoralplan stelle die Grundlage für alles weitere Handeln dar, wie z.B. beim Immobilienkonzept. Pastor Lamers appellierte an den Pfarreirat, daran mitzuwirken, dass der Pastoralplan „nicht Ladenhüter, sondern Handlungsorgan“ werde. Im Anhang F werden die weiteren Aktivitäten für den Pfarreirat detailliert beschreiben, z.B. regelmäßige Evaluation und Einberufung einer Pfarrversammlung in 2019. Der Pastoralplan wird regelmäßiger TOP im Pfarreirat, der Vorstand des Pfarreirates steuert die weitere aktive Umsetzung. Die Steuerungsgruppe, die den Pastoralplan erarbeitet hat, tagt letztmalig im Januar 2019. Der Pfarreirat dankt den Mitgliedern für den engagierten Einsatz! Die Bekanntmachung des Pastoralplans erfolgt nun durch Presse, Pfarrbrief (als Doppelseite im Mittelteil zum Herausnehmen) sowie mit von Franz-Josef Keiten erstellten Mobilés für die Kirchen und Einrichtungen. Der Pfarreirat votiert einstimmig dafür, dass das Mobilé in den Kirchen und Einrichtungen aufgehängt wird. Es wird darüber hinaus angeregt, die Querhölzer ggf. durch Klanghölzer zu ersetzen. Der Pastoralplan soll auf der Homepage veröffentlicht werden. In den Gemeindenachrichten soll die Beschlussfassung ebenfalls vermeldet werden – verbunden mit dem Hinweis auf den Download per Homepage sowie die Möglichkeit, eine Printfassung des umfangreichen Papiers im Pfarrbüro auf Anfrage erhalten zu können.&#8220;</span></p>
<p><strong>EIN BLICK ZURÜCK</strong></p>
<p>Schon am 11. Juli 2017 wurden erste Zwischenergebnisse im Rahmen einer Pfarrversammlung vorgestellt. Grundlage dazu lieferte eine Umfrage in der Pfarrei.</p>
<p>Prozessbeschreibung, Analyse der Ist-Situation, Zukunftsbild:<br />
<a href="http://mariafrieden-hamminkeln.de/wp-content/uploads/2017/07/Präsentation-Maria-Frieden-Pfarrversammlung-2017.pdf"><img loading="lazy" decoding="async" src="http://mariafrieden-hamminkeln.de/wp-content/uploads/2017/07/Pastoralplan-150x150.jpg" alt="Pastoralplan" width="150" height="150" /></a></p>
<p>Offene Fragen, Themenfelder:<br />
<a style="font-size: 1rem;" href="http://mariafrieden-hamminkeln.de/wp-content/uploads/2017/07/Fragebogenaktion.pdf"><img loading="lazy" decoding="async" src="http://mariafrieden-hamminkeln.de/wp-content/uploads/2017/07/Pfarrversammlung-11.-Juli-2017-150x150.jpg" alt="Pfarrversammlung 11. Juli 2017" width="150" height="150" /></a></p>
<p>Die Fertigung der Mobiles für die Kirchen, Pfarrheime, Kindergärten unserer Pfarrgemeinde geht in die Endphase.</p>

		<style type="text/css">
			#gallery-1 {
				margin: auto;
			}
			#gallery-1 .gallery-item {
				float: left;
				margin-top: 10px;
				text-align: center;
				width: 50%;
			}
			#gallery-1 img {
				border: 2px solid #cfcfcf;
			}
			#gallery-1 .gallery-caption {
				margin-left: 0;
			}
			/* see gallery_shortcode() in wp-includes/media.php */
		</style>
		<div id='gallery-1' class='gallery galleryid-4518 gallery-columns-2 gallery-size-thumbnail'><dl class='gallery-item'>
			<dt class='gallery-icon portrait'>
				<a href='https://mariafrieden-hamminkeln.de/?attachment_id=6721'><img loading="lazy" decoding="async" width="150" height="150" src="https://mariafrieden-hamminkeln.de/wp-content/uploads/2019/02/Mobile1-150x150.jpg" class="attachment-thumbnail size-thumbnail" alt="" /></a>
			</dt></dl><dl class='gallery-item'>
			<dt class='gallery-icon portrait'>
				<a href='https://mariafrieden-hamminkeln.de/?attachment_id=6722'><img loading="lazy" decoding="async" width="150" height="150" src="https://mariafrieden-hamminkeln.de/wp-content/uploads/2019/02/Mobile-4-150x150.jpg" class="attachment-thumbnail size-thumbnail" alt="" /></a>
			</dt></dl><br style="clear: both" /><dl class='gallery-item'>
			<dt class='gallery-icon portrait'>
				<a href='https://mariafrieden-hamminkeln.de/?attachment_id=6723'><img loading="lazy" decoding="async" width="150" height="150" src="https://mariafrieden-hamminkeln.de/wp-content/uploads/2019/02/Mobile3-150x150.jpg" class="attachment-thumbnail size-thumbnail" alt="" /></a>
			</dt></dl><dl class='gallery-item'>
			<dt class='gallery-icon portrait'>
				<a href='https://mariafrieden-hamminkeln.de/?attachment_id=6724'><img loading="lazy" decoding="async" width="150" height="150" src="https://mariafrieden-hamminkeln.de/wp-content/uploads/2019/02/Mobile2-150x150.jpg" class="attachment-thumbnail size-thumbnail" alt="" /></a>
			</dt></dl><br style="clear: both" />
		</div>

<p>Auf den Fotos kann man echte Handarbeit erkennen. Jede Platte des Mobiles ist individuell gestaltet.</p>
<p>17 Mobiles müssen gefertigt werden. Bald werden sie ihrer Bestimmung übergeben werden können: über unser Leitbild zu informieren.</p>
<p>R. Lamers, Pfr.</p>

<p>Pfarreien im Bistum Münster stellen sich immer wieder neu die Frage, wie sie ihre Pastoral vor Ort zukunftsfähig ausrichten können. Der Prozess der Pastoralplanung im Bistum Münster systematisiert dies und nimmt sowohl die Pfarreien wie auch die Bistumsebene hierbei verbindlich in die Pflicht. Die Satzung der Pfarreiräte sieht vor, dass alle Pfarreien im Bistum Münster [&hellip;]</p>
