{"id":47,"date":"2014-03-29T10:28:29","date_gmt":"2014-03-29T10:28:29","guid":{"rendered":"http:\/\/mariafrieden-hamminkeln.de\/?page_id=47"},"modified":"2025-12-04T13:52:45","modified_gmt":"2025-12-04T13:52:45","slug":"pfarreirat","status":"publish","type":"page","link":"https:\/\/mariafrieden-hamminkeln.de\/?page_id=47","title":{"rendered":"Pfarreirat"},"content":{"rendered":"<p>Zur Unterst\u00fctzung der seelsorglichen und pastoralen Arbeit in der Pfarrei Maria Frieden wird der Pfarreirat gew\u00e4hlt. Die Wahl hat am 9. November 2025 stattgefunden. Neben den gew\u00e4hlten Mitgliedern geh\u00f6rt dem Pfarreirat Pfarrer Thomas Linsen, ein weiterer Priester, ein Vertreter der Diakone, eine Pastoralreferentin, ein Vertreter des Kirchenvorstandes und ein Vertreter der Mitarbeiterinnen und Mitarbeiter der Pfarrei. Au\u00dferdem k\u00f6nnen durch den Pfarrer Berufungen ausgesprochen werden.<\/p>\n<p><span style=\"color: #ff6600;\"><strong>Die gew\u00e4hlten Mitglieder des Pfarreirates sind:<\/strong><\/span><\/p>\n<p><span style=\"color: #ff6600;\"><strong>St. Pankratius Dingden<\/strong><\/span><br \/>\nKornelia Opalka (Vorsitz)<br \/>\nVerena Holtkamp<\/p>\n<p><span style=\"color: #ff6600;\"><strong>St. Maria Himmelfahrt Hamminkeln<\/strong><\/span><br \/>\nIlona Kammeier<\/p>\n<p><span style=\"color: #ff6600;\"><strong>St. Antonius Loikum<\/strong><\/span><br \/>\nSilvia Borkes-Bu\u00dfhaus<br \/>\nUrsula Klump<\/p>\n<p><span style=\"color: #ff6600;\"><strong>Heilig Kreuz Mehrhoog<\/strong><\/span><br \/>\nKornelia Bisdorf<br \/>\nBernadette Peters<\/p>\n<p><span style=\"color: #ff6600;\"><strong>Christus K\u00f6nig Ringenberg<\/strong><\/span><br \/>\nEva-Maria Lysikowski<br \/>\nSarah Verhoeven<\/p>\n<p><span style=\"color: #ff6600;\"><strong>Geborene Mitglieder:<\/strong><\/span><br \/>\nAbraham Manalil (Priester)<br \/>\nMaria Thier (Pastoralreferentin)<\/p>\n<p><span style=\"color: #ff6600;\"><strong>Berufenes Mitglied:<\/strong><\/span><br \/>\nSylvia Schmeink (p\u00e4d. Leitung Kinder- und Jugendtreff)<br \/>\nBernhild Bielefeld (Kita-Verbundleitung)<\/p>\n<p><strong>Aufgaben:<\/strong><\/p>\n<ul>\n<li>\u00dcbernahme und Mitverantwortung f\u00fcr eine\u00a0lebendige Liturgie in der Bindung zu den\u00a0Lebenserfahrungen und -themen der\u00a0Menschen<\/li>\n<li>Erarbeitung\/ Anpassung von Konzepten in der\u00a0Sakramentenkatechese<\/li>\n<li>Caritasarbeit<\/li>\n<li>\u00d6ffentlichkeitsarbeit<\/li>\n<li>Wecken und Wachhalten von Verantwortung\u00a0f\u00fcr weltkirchliche Anliegen<\/li>\n<li>\u00f6kumenische Zusammenarbeit<\/li>\n<li>Vernetzung der einzelnen Gemeinden in der\u00a0Pfarrei Maria Frieden<\/li>\n<\/ul>\n<p>Neben dem Pfarreirat werden in den einzelnen\u00a0Gemeindeteilen der Pfarrei Maria Frieden auch <a title=\"Die Ortsaussch\u00fcsse\" href=\"http:\/\/mariafrieden-hamminkeln.de\/?page_id=405\">Gemeindeaussch\u00fcsse\u00a0<\/a>installiert. Sie werden f\u00fcr die Wahrung der \u00f6ffentlichen Belange einer Gemeinde gebildet. Die Zahl der Mitglieder der Gemeindeaussch\u00fcsse soll nach den Bed\u00fcrfnissen der einzelnen Gemeinden festgelegt werden.<\/p>\n<p>Die Protokolle der Sitzungen k\u00f6nnen <a href=\"http:\/\/mariafrieden-hamminkeln.de\/?page_id=1467\">hier<\/a> gelesen werden.<\/p>\n ","protected":false},"excerpt":{"rendered":"<p>Zur Unterst\u00fctzung der seelsorglichen und pastoralen Arbeit in der Pfarrei Maria Frieden wird der Pfarreirat gew\u00e4hlt. Die Wahl hat am 9. November 2025 stattgefunden. Neben den gew\u00e4hlten Mitgliedern geh\u00f6rt dem Pfarreirat Pfarrer Thomas Linsen, ein weiterer Priester, ein Vertreter der Diakone, eine Pastoralreferentin, ein Vertreter des Kirchenvorstandes und ein Vertreter der Mitarbeiterinnen und Mitarbeiter der [&hellip;]<\/p>\n","protected":false},"author":1,"featured_media":0,"parent":45,"menu_order":0,"comment_status":"closed","ping_status":"closed","template":"","meta":{"footnotes":""},"_links":{"self":[{"href":"https:\/\/mariafrieden-hamminkeln.de\/index.php?rest_route=\/wp\/v2\/pages\/47"}],"collection":[{"href":"https:\/\/mariafrieden-hamminkeln.de\/index.php?rest_route=\/wp\/v2\/pages"}],"about":[{"href":"https:\/\/mariafrieden-hamminkeln.de\/index.php?rest_route=\/wp\/v2\/types\/page"}],"author":[{"embeddable":true,"href":"https:\/\/mariafrieden-hamminkeln.de\/index.php?rest_route=\/wp\/v2\/users\/1"}],"replies":[{"embeddable":true,"href":"https:\/\/mariafrieden-hamminkeln.de\/index.php?rest_route=%2Fwp%2Fv2%2Fcomments&post=47"}],"version-history":[{"count":44,"href":"https:\/\/mariafrieden-hamminkeln.de\/index.php?rest_route=\/wp\/v2\/pages\/47\/revisions"}],"predecessor-version":[{"id":16788,"href":"https:\/\/mariafrieden-hamminkeln.de\/index.php?rest_route=\/wp\/v2\/pages\/47\/revisions\/16788"}],"up":[{"embeddable":true,"href":"https:\/\/mariafrieden-hamminkeln.de\/index.php?rest_route=\/wp\/v2\/pages\/45"}],"wp:attachment":[{"href":"https:\/\/mariafrieden-hamminkeln.de\/index.php?rest_route=%2Fwp%2Fv2%2Fmedia&parent=47"}],"curies":[{"name":"wp","href":"https:\/\/api.w.org\/{rel}","templated":true}]}}

<p>Zur Unterstützung der seelsorglichen und pastoralen Arbeit in der Pfarrei Maria Frieden wird der Pfarreirat gewählt. Die Wahl hat am 9. November 2025 stattgefunden. Neben den gewählten Mitgliedern gehört dem Pfarreirat Pfarrer Thomas Linsen, ein weiterer Priester, ein Vertreter der Diakone, eine Pastoralreferentin, ein Vertreter des Kirchenvorstandes und ein Vertreter der Mitarbeiterinnen und Mitarbeiter der Pfarrei. Außerdem können durch den Pfarrer Berufungen ausgesprochen werden.</p>
<p><span style="color: #ff6600;"><strong>Die gewählten Mitglieder des Pfarreirates sind:</strong></span></p>
<p><span style="color: #ff6600;"><strong>St. Pankratius Dingden</strong></span><br />
Kornelia Opalka (Vorsitz)<br />
Verena Holtkamp</p>
<p><span style="color: #ff6600;"><strong>St. Maria Himmelfahrt Hamminkeln</strong></span><br />
Ilona Kammeier</p>
<p><span style="color: #ff6600;"><strong>St. Antonius Loikum</strong></span><br />
Silvia Borkes-Bußhaus<br />
Ursula Klump</p>
<p><span style="color: #ff6600;"><strong>Heilig Kreuz Mehrhoog</strong></span><br />
Kornelia Bisdorf<br />
Bernadette Peters</p>
<p><span style="color: #ff6600;"><strong>Christus König Ringenberg</strong></span><br />
Eva-Maria Lysikowski<br />
Sarah Verhoeven</p>
<p><span style="color: #ff6600;"><strong>Geborene Mitglieder:</strong></span><br />
Abraham Manalil (Priester)<br />
Maria Thier (Pastoralreferentin)</p>
<p><span style="color: #ff6600;"><strong>Berufenes Mitglied:</strong></span><br />
Sylvia Schmeink (päd. Leitung Kinder- und Jugendtreff)<br />
Bernhild Bielefeld (Kita-Verbundleitung)</p>
<p><strong>Aufgaben:</strong></p>
<ul>
<li>Übernahme und Mitverantwortung für eine lebendige Liturgie in der Bindung zu den Lebenserfahrungen und -themen der Menschen</li>
<li>Erarbeitung/ Anpassung von Konzepten in der Sakramentenkatechese</li>
<li>Caritasarbeit</li>
<li>Öffentlichkeitsarbeit</li>
<li>Wecken und Wachhalten von Verantwortung für weltkirchliche Anliegen</li>
<li>ökumenische Zusammenarbeit</li>
<li>Vernetzung der einzelnen Gemeinden in der Pfarrei Maria Frieden</li>
</ul>
<p>Neben dem Pfarreirat werden in den einzelnen Gemeindeteilen der Pfarrei Maria Frieden auch <a title="Die Ortsausschüsse" href="http://mariafrieden-hamminkeln.de/?page_id=405">Gemeindeausschüsse </a>installiert. Sie werden für die Wahrung der öffentlichen Belange einer Gemeinde gebildet. Die Zahl der Mitglieder der Gemeindeausschüsse soll nach den Bedürfnissen der einzelnen Gemeinden festgelegt werden.</p>
<p>Die Protokolle der Sitzungen können <a href="http://mariafrieden-hamminkeln.de/?page_id=1467">hier</a> gelesen werden.</p>

<p>Zur Unterstützung der seelsorglichen und pastoralen Arbeit in der Pfarrei Maria Frieden wird der Pfarreirat gewählt. Die Wahl hat am 9. November 2025 stattgefunden. Neben den gewählten Mitgliedern gehört dem Pfarreirat Pfarrer Thomas Linsen, ein weiterer Priester, ein Vertreter der Diakone, eine Pastoralreferentin, ein Vertreter des Kirchenvorstandes und ein Vertreter der Mitarbeiterinnen und Mitarbeiter der [&hellip;]</p>
