{"id":49,"date":"2014-03-29T10:28:48","date_gmt":"2014-03-29T10:28:48","guid":{"rendered":"http:\/\/mariafrieden-hamminkeln.de\/?page_id=49"},"modified":"2026-03-30T08:48:05","modified_gmt":"2026-03-30T08:48:05","slug":"verwaltungsausschuss-kirchenvorstand","status":"publish","type":"page","link":"https:\/\/mariafrieden-hamminkeln.de\/?page_id=49","title":{"rendered":"Kirchenvorstand"},"content":{"rendered":"<p>Der Kirchenvorstand ist das Verwaltungsgremium einer Pfarrei. Die Anzahl der Mitglieder des Kirchenvorstandes richtet sich nach der Gr\u00f6\u00dfe der Pfarrei. Bei den Kirchenvorstandswahlen am 9. November 2025 sind 10 Damen und Herren sowie 4 Ersatzmitglieder gew\u00e4hlt worden.<br \/>\n1.685 Gemeindemitglieder der Pfarrei Maria Frieden haben von ihrem Wahlrecht Gebrauch gemacht. Das entspricht einer Wahlbeteiligung von 20,6 Prozent.<\/p>\n<p><strong><span style=\"color: #ff6600;\">Mitglieder des\u00a0Kirchenvorstands:<\/span><br \/>\n<\/strong><span style=\"line-height: 1.71429; font-size: 1rem;\">Josef Bu\u00df<br \/>\nStephanie Demjanov<br \/>\nJohannes Hufe<br \/>\n<\/span><span style=\"line-height: 1.71429; font-size: 1rem;\">Josef van der Linde<br \/>\nAnsgar Paus<br \/>\nAndreas Peters<br \/>\n<\/span>Klaus Schepp<br \/>\nJohannes Schl\u00fctter<br \/>\nDr. Hermann-Josef Stenkamp<br \/>\nBirgit Terhorst<\/p>\n<p><span style=\"color: #ff6600;\"><strong>Ersatzmitglieder:<\/strong><\/span><br \/>\nLudwig Gertz<br \/>\nThomas Kulina<br \/>\nDr. Dieter Wigger<br \/>\nMartin Wolters<\/p>\n<p><span style=\"color: #000080;\"><b>Zust\u00e4ndigkeiten des Kirchenvorstandes ab 2025<\/b><\/span><\/p>\n<p><b><span style=\"color: #ff6600;\">Vorsitzender<br \/>\n<\/span><\/b>Pfarrer Thomas Linsen<\/p>\n<p><b><span style=\"color: #ff6600;\">Stellvertretender Vorsitzender<\/span><span style=\"text-decoration: underline;\"><br \/>\n<\/span><\/b>Dr. Hermann-Josef Stenkamp<\/p>\n<p><b><span style=\"color: #ff6600;\">Dienstgeberbeauftragter<\/span><span style=\"text-decoration: underline;\"><br \/>\n<\/span><\/b>Die Wahl zum Dienstgeberbeauftraten wird zum Zwecke der Kandidatenfindung vertagt.<\/p>\n<p><b><span style=\"color: #ff6600;\">Sicherheits- und Ortsbeauftragte (&#8222;K\u00fcmmerer&#8220;) der jeweiligen Kirchorte<\/span><span style=\"text-decoration: underline;\"><br \/>\n<\/span><\/b>Dingden:\u00a0 \u00a0 \u00a0 \u00a0 \u00a0 \u00a0Bernhard Arping<br \/>\nHamminkeln:\u00a0\u00a0 Wilhelm Grunden<br \/>\nLoikum:\u00a0 \u00a0 \u00a0 \u00a0 \u00a0 \u00a0 \u00a0Josef Bu\u00df<br \/>\nMehrhoog: \u00a0\u00a0 \u00a0\u00a0 Ludwig Gertz<br \/>\nRingenberg:\u00a0 \u00a0\u00a0 Albert Herschbach<\/p>\n<p><b><span style=\"color: #ff6600;\">Vertreter im Pfarreirat<br \/>\n<\/span><\/b>Birgit Terhorst<\/p>\n<p><span style=\"color: #ff6600;\"><b>Mitglied der Gesellschafterversammlung des St. Josef-Altenheimes<br \/>\n<\/b><\/span>Johannes Schl\u00fctter<br \/>\nPfarrer Thomas Linsen<\/p>\n<p><span style=\"color: #ff6600;\"><b>Besetzung der einzelnen Aussch\u00fcsse:<br \/>\n<\/b><\/span><strong><span style=\"color: #ff6600;\">in den Finanz- und Rechnungspr\u00fcfungsausschuss<\/span><br \/>\n<\/strong>Ansgar Paus<br \/>\nJohannes Schl\u00fctter<\/p>\n<p><strong><span style=\"color: #ff6600;\">in den Personal- und Kindergartenausschuss<\/span><br \/>\n<\/strong>Dr. Dieter Wigger (berufenes Mitglied)<br \/>\nDr. Hermann-Josef Stenkamp<br \/>\nStephanie Demjanov<\/p>\n<p><strong><span style=\"color: #ff6600;\">in den Liegenschafts- und Bauausschuss<\/span><br \/>\n<\/strong>Josef Bu\u00df<br \/>\nJohannes Hufe<br \/>\nJosef van der Linde<\/p>\n<p><strong style=\"font-size: 1rem;\"><span style=\"color: #ff6600;\">in den Friedhofausschuss<br \/>\n<\/span><\/strong>Josef Bu\u00df<br \/>\nJosef van der Linde<br \/>\nKathrin Luckmann (berufenes Mitglied)<br \/>\nGregor Schweckhorst (berufenes Mitglied)<\/p>\n<p><span style=\"color: #ff6600;\"><b>Vertreter des Kirchenvorstandes in den jeweiligen\u00a0Gemeindeaussch\u00fcssen<span style=\"text-decoration: underline;\"><br \/>\n<\/span><\/b><\/span>Dingden: \u00a0\u00a0\u00a0\u00a0\u00a0\u00a0\u00a0\u00a0 Ansgar Paus<br \/>\nHamminkeln:\u00a0\u00a0Andreas Peters<br \/>\nLoikum: \u00a0\u00a0\u00a0\u00a0\u00a0\u00a0 \u00a0 \u00a0 Birgit Terhorst<br \/>\nMehrhoog: \u00a0 \u00a0 \u00a0 Ludwig Gertz<br \/>\nRingenberg: \u00a0 \u00a0 Klaus Schepp<\/p>\n<p><span style=\"color: #ff6600;\"><b>Vertreter bei der Forstlichen Betriebsgemeinschaft<span style=\"text-decoration: underline;\"><br \/>\n<\/span><\/b><\/span>Johannes Hufe<\/p>\n<p><b><span style=\"color: #ff6600;\">Kirchengemeinde-Verbandsvertreter<br \/>\n<\/span><\/b>Ansgar Paus<br \/>\nJohannes Schl\u00fctter<\/p>\n ","protected":false},"excerpt":{"rendered":"<p>Der Kirchenvorstand ist das Verwaltungsgremium einer Pfarrei. Die Anzahl der Mitglieder des Kirchenvorstandes richtet sich nach der Gr\u00f6\u00dfe der Pfarrei. Bei den Kirchenvorstandswahlen am 9. November 2025 sind 10 Damen und Herren sowie 4 Ersatzmitglieder gew\u00e4hlt worden. 1.685 Gemeindemitglieder der Pfarrei Maria Frieden haben von ihrem Wahlrecht Gebrauch gemacht. Das entspricht einer Wahlbeteiligung von 20,6 [&hellip;]<\/p>\n","protected":false},"author":1,"featured_media":0,"parent":45,"menu_order":0,"comment_status":"closed","ping_status":"closed","template":"","meta":{"footnotes":""},"_links":{"self":[{"href":"https:\/\/mariafrieden-hamminkeln.de\/index.php?rest_route=\/wp\/v2\/pages\/49"}],"collection":[{"href":"https:\/\/mariafrieden-hamminkeln.de\/index.php?rest_route=\/wp\/v2\/pages"}],"about":[{"href":"https:\/\/mariafrieden-hamminkeln.de\/index.php?rest_route=\/wp\/v2\/types\/page"}],"author":[{"embeddable":true,"href":"https:\/\/mariafrieden-hamminkeln.de\/index.php?rest_route=\/wp\/v2\/users\/1"}],"replies":[{"embeddable":true,"href":"https:\/\/mariafrieden-hamminkeln.de\/index.php?rest_route=%2Fwp%2Fv2%2Fcomments&post=49"}],"version-history":[{"count":45,"href":"https:\/\/mariafrieden-hamminkeln.de\/index.php?rest_route=\/wp\/v2\/pages\/49\/revisions"}],"predecessor-version":[{"id":17032,"href":"https:\/\/mariafrieden-hamminkeln.de\/index.php?rest_route=\/wp\/v2\/pages\/49\/revisions\/17032"}],"up":[{"embeddable":true,"href":"https:\/\/mariafrieden-hamminkeln.de\/index.php?rest_route=\/wp\/v2\/pages\/45"}],"wp:attachment":[{"href":"https:\/\/mariafrieden-hamminkeln.de\/index.php?rest_route=%2Fwp%2Fv2%2Fmedia&parent=49"}],"curies":[{"name":"wp","href":"https:\/\/api.w.org\/{rel}","templated":true}]}}

<p>Der Kirchenvorstand ist das Verwaltungsgremium einer Pfarrei. Die Anzahl der Mitglieder des Kirchenvorstandes richtet sich nach der Größe der Pfarrei. Bei den Kirchenvorstandswahlen am 9. November 2025 sind 10 Damen und Herren sowie 4 Ersatzmitglieder gewählt worden.<br />
1.685 Gemeindemitglieder der Pfarrei Maria Frieden haben von ihrem Wahlrecht Gebrauch gemacht. Das entspricht einer Wahlbeteiligung von 20,6 Prozent.</p>
<p><strong><span style="color: #ff6600;">Mitglieder des Kirchenvorstands:</span><br />
</strong><span style="line-height: 1.71429; font-size: 1rem;">Josef Buß<br />
Stephanie Demjanov<br />
Johannes Hufe<br />
</span><span style="line-height: 1.71429; font-size: 1rem;">Josef van der Linde<br />
Ansgar Paus<br />
Andreas Peters<br />
</span>Klaus Schepp<br />
Johannes Schlütter<br />
Dr. Hermann-Josef Stenkamp<br />
Birgit Terhorst</p>
<p><span style="color: #ff6600;"><strong>Ersatzmitglieder:</strong></span><br />
Ludwig Gertz<br />
Thomas Kulina<br />
Dr. Dieter Wigger<br />
Martin Wolters</p>
<p><span style="color: #000080;"><b>Zuständigkeiten des Kirchenvorstandes ab 2025</b></span></p>
<p><b><span style="color: #ff6600;">Vorsitzender<br />
</span></b>Pfarrer Thomas Linsen</p>
<p><b><span style="color: #ff6600;">Stellvertretender Vorsitzender</span><span style="text-decoration: underline;"><br />
</span></b>Dr. Hermann-Josef Stenkamp</p>
<p><b><span style="color: #ff6600;">Dienstgeberbeauftragter</span><span style="text-decoration: underline;"><br />
</span></b>Die Wahl zum Dienstgeberbeauftraten wird zum Zwecke der Kandidatenfindung vertagt.</p>
<p><b><span style="color: #ff6600;">Sicherheits- und Ortsbeauftragte (&#8222;Kümmerer&#8220;) der jeweiligen Kirchorte</span><span style="text-decoration: underline;"><br />
</span></b>Dingden:           Bernhard Arping<br />
Hamminkeln:   Wilhelm Grunden<br />
Loikum:             Josef Buß<br />
Mehrhoog:       Ludwig Gertz<br />
Ringenberg:     Albert Herschbach</p>
<p><b><span style="color: #ff6600;">Vertreter im Pfarreirat<br />
</span></b>Birgit Terhorst</p>
<p><span style="color: #ff6600;"><b>Mitglied der Gesellschafterversammlung des St. Josef-Altenheimes<br />
</b></span>Johannes Schlütter<br />
Pfarrer Thomas Linsen</p>
<p><span style="color: #ff6600;"><b>Besetzung der einzelnen Ausschüsse:<br />
</b></span><strong><span style="color: #ff6600;">in den Finanz- und Rechnungsprüfungsausschuss</span><br />
</strong>Ansgar Paus<br />
Johannes Schlütter</p>
<p><strong><span style="color: #ff6600;">in den Personal- und Kindergartenausschuss</span><br />
</strong>Dr. Dieter Wigger (berufenes Mitglied)<br />
Dr. Hermann-Josef Stenkamp<br />
Stephanie Demjanov</p>
<p><strong><span style="color: #ff6600;">in den Liegenschafts- und Bauausschuss</span><br />
</strong>Josef Buß<br />
Johannes Hufe<br />
Josef van der Linde</p>
<p><strong style="font-size: 1rem;"><span style="color: #ff6600;">in den Friedhofausschuss<br />
</span></strong>Josef Buß<br />
Josef van der Linde<br />
Kathrin Luckmann (berufenes Mitglied)<br />
Gregor Schweckhorst (berufenes Mitglied)</p>
<p><span style="color: #ff6600;"><b>Vertreter des Kirchenvorstandes in den jeweiligen Gemeindeausschüssen<span style="text-decoration: underline;"><br />
</span></b></span>Dingden:          Ansgar Paus<br />
Hamminkeln:  Andreas Peters<br />
Loikum:            Birgit Terhorst<br />
Mehrhoog:       Ludwig Gertz<br />
Ringenberg:     Klaus Schepp</p>
<p><span style="color: #ff6600;"><b>Vertreter bei der Forstlichen Betriebsgemeinschaft<span style="text-decoration: underline;"><br />
</span></b></span>Johannes Hufe</p>
<p><b><span style="color: #ff6600;">Kirchengemeinde-Verbandsvertreter<br />
</span></b>Ansgar Paus<br />
Johannes Schlütter</p>

<p>Der Kirchenvorstand ist das Verwaltungsgremium einer Pfarrei. Die Anzahl der Mitglieder des Kirchenvorstandes richtet sich nach der Größe der Pfarrei. Bei den Kirchenvorstandswahlen am 9. November 2025 sind 10 Damen und Herren sowie 4 Ersatzmitglieder gewählt worden. 1.685 Gemeindemitglieder der Pfarrei Maria Frieden haben von ihrem Wahlrecht Gebrauch gemacht. Das entspricht einer Wahlbeteiligung von 20,6 [&hellip;]</p>
