{"id":666,"date":"2014-06-17T14:29:48","date_gmt":"2014-06-17T14:29:48","guid":{"rendered":"http:\/\/mariafrieden-hamminkeln.de\/?page_id=666"},"modified":"2024-08-07T19:59:06","modified_gmt":"2024-08-07T19:59:06","slug":"unser-pfarrbrief","status":"publish","type":"page","link":"https:\/\/mariafrieden-hamminkeln.de\/?page_id=666","title":{"rendered":"Pfarrbrief"},"content":{"rendered":"<p><strong><a href=\"https:\/\/mariafrieden-hamminkeln.de\/wp-content\/uploads\/2024\/06\/Pfarrbrief-Sommerspecial-2024.pdf\" target=\"_blank\" rel=\"noopener\"><img loading=\"lazy\" decoding=\"async\" class=\"alignleft wp-image-15606 size-thumbnail\" src=\"https:\/\/mariafrieden-hamminkeln.de\/wp-content\/uploads\/2024\/06\/Cover-Sommer-2024-150x150.jpg\" alt=\"\" width=\"150\" height=\"150\" srcset=\"https:\/\/mariafrieden-hamminkeln.de\/wp-content\/uploads\/2024\/06\/Cover-Sommer-2024-150x150.jpg 150w, https:\/\/mariafrieden-hamminkeln.de\/wp-content\/uploads\/2024\/06\/Cover-Sommer-2024-300x300.jpg 300w, https:\/\/mariafrieden-hamminkeln.de\/wp-content\/uploads\/2024\/06\/Cover-Sommer-2024-768x767.jpg 768w, https:\/\/mariafrieden-hamminkeln.de\/wp-content\/uploads\/2024\/06\/Cover-Sommer-2024-624x623.jpg 624w, https:\/\/mariafrieden-hamminkeln.de\/wp-content\/uploads\/2024\/06\/Cover-Sommer-2024.jpg 892w\" sizes=\"(max-width: 150px) 100vw, 150px\" \/><\/a>SOMMER 2024<\/strong><\/p>\n<p>Klein &#8211; aber fein! Mit 24 Seiten Umfang erscheint p\u00fcnktlich zur Einf\u00fchrung unseres neuen Pfarrers Thomas Linsen das Sommer-Special unseres Pfarrbriefs. Wie immer wird das Druckwerk an die Haushalte der Pfarrei verteilt &#8211; <a href=\"https:\/\/mariafrieden-hamminkeln.de\/wp-content\/uploads\/2024\/06\/Pfarrbrief-Sommerspecial-2024.pdf\" target=\"_blank\" rel=\"noopener\">oder kann hier als PDF (1,6 MB) gelesen werden<\/a>.<\/p>\n<p>&nbsp;<\/p>\n<p><strong><a href=\"https:\/\/mariafrieden-hamminkeln.de\/wp-content\/uploads\/2023\/11\/Pfarrbrief-Advent-2023_Screen.pdf\" target=\"_blank\" rel=\"noopener\"><img loading=\"lazy\" decoding=\"async\" class=\"alignleft wp-image-14667 size-thumbnail\" src=\"https:\/\/mariafrieden-hamminkeln.de\/wp-content\/uploads\/2023\/11\/Cover-Weihnachten-2023-150x150.jpg\" alt=\"\" width=\"150\" height=\"150\" srcset=\"https:\/\/mariafrieden-hamminkeln.de\/wp-content\/uploads\/2023\/11\/Cover-Weihnachten-2023-150x150.jpg 150w, https:\/\/mariafrieden-hamminkeln.de\/wp-content\/uploads\/2023\/11\/Cover-Weihnachten-2023-300x300.jpg 300w, https:\/\/mariafrieden-hamminkeln.de\/wp-content\/uploads\/2023\/11\/Cover-Weihnachten-2023-768x768.jpg 768w, https:\/\/mariafrieden-hamminkeln.de\/wp-content\/uploads\/2023\/11\/Cover-Weihnachten-2023-624x624.jpg 624w, https:\/\/mariafrieden-hamminkeln.de\/wp-content\/uploads\/2023\/11\/Cover-Weihnachten-2023.jpg 994w\" sizes=\"(max-width: 150px) 100vw, 150px\" \/><\/a>WEIHNACHTEN 2023<\/strong><\/p>\n<p>10 Jahre Maria Frieden. 10 Jahre Pfarrbrief. Die Jubil\u00e4umsausgabe zum Geburtstag der Pfarrgemeinde ist pickepacke voll mit Geschichten, Stories, Chronik und Berichten. 80 Seiten Umfang: das ist rekordverd\u00e4chtig! Der Pfarrbrief wird an die katholischen Haushalte verteilt. <a href=\"https:\/\/mariafrieden-hamminkeln.de\/wp-content\/uploads\/2023\/11\/Pfarrbrief-Advent-2023_Screen.pdf\" target=\"_blank\" rel=\"noopener\">Eine Online-Version (3 MB) gibt es hier<\/a>.<\/p>\n<p><strong><a href=\"https:\/\/mariafrieden-hamminkeln.de\/wp-content\/uploads\/2022\/08\/Sommerpfarrbrief-2022low.pdf\" target=\"_blank\" rel=\"noopener\"><img loading=\"lazy\" decoding=\"async\" class=\"alignleft wp-image-12846 size-thumbnail\" src=\"https:\/\/mariafrieden-hamminkeln.de\/wp-content\/uploads\/2022\/08\/Sommerpfarrbrief-2020Image-150x150.jpg\" alt=\"\" width=\"150\" height=\"150\" srcset=\"https:\/\/mariafrieden-hamminkeln.de\/wp-content\/uploads\/2022\/08\/Sommerpfarrbrief-2020Image-150x150.jpg 150w, https:\/\/mariafrieden-hamminkeln.de\/wp-content\/uploads\/2022\/08\/Sommerpfarrbrief-2020Image-300x300.jpg 300w, https:\/\/mariafrieden-hamminkeln.de\/wp-content\/uploads\/2022\/08\/Sommerpfarrbrief-2020Image-768x767.jpg 768w, https:\/\/mariafrieden-hamminkeln.de\/wp-content\/uploads\/2022\/08\/Sommerpfarrbrief-2020Image-624x623.jpg 624w, https:\/\/mariafrieden-hamminkeln.de\/wp-content\/uploads\/2022\/08\/Sommerpfarrbrief-2020Image.jpg 809w\" sizes=\"(max-width: 150px) 100vw, 150px\" \/><\/a>SOMMER 2022<\/strong><\/p>\n<p>Bewegte Zeiten. Bewegende Zeiten. Was sich bewegt und wie wir unsere Pfarrei Maria Frieden bewegen, das thematisiert die Redaktion im Sommer-Pfarrbrief 2022. Wie immer wird das Heftchen an die katholischen Haushalte verteilt. Die <a href=\"https:\/\/mariafrieden-hamminkeln.de\/wp-content\/uploads\/2022\/08\/Sommerpfarrbrief-2022low.pdf\" target=\"_blank\" rel=\"noopener\">Online-Ausgabe kann hier geladen<\/a> werden (ca. 4 MB).<\/p>\n<p><a href=\"https:\/\/mariafrieden-hamminkeln.de\/wp-content\/uploads\/2021\/11\/Pfarrbrief-Advent-2021low.pdf\" target=\"_blank\" rel=\"noopener\"><strong><img loading=\"lazy\" decoding=\"async\" class=\"alignleft wp-image-11679 size-thumbnail\" src=\"https:\/\/mariafrieden-hamminkeln.de\/wp-content\/uploads\/2021\/11\/Cover-Weihnachtspfarrbrief-2021-150x150.jpg\" alt=\"\" width=\"150\" height=\"150\" srcset=\"https:\/\/mariafrieden-hamminkeln.de\/wp-content\/uploads\/2021\/11\/Cover-Weihnachtspfarrbrief-2021-150x150.jpg 150w, https:\/\/mariafrieden-hamminkeln.de\/wp-content\/uploads\/2021\/11\/Cover-Weihnachtspfarrbrief-2021-300x300.jpg 300w, https:\/\/mariafrieden-hamminkeln.de\/wp-content\/uploads\/2021\/11\/Cover-Weihnachtspfarrbrief-2021-768x769.jpg 768w, https:\/\/mariafrieden-hamminkeln.de\/wp-content\/uploads\/2021\/11\/Cover-Weihnachtspfarrbrief-2021-624x625.jpg 624w, https:\/\/mariafrieden-hamminkeln.de\/wp-content\/uploads\/2021\/11\/Cover-Weihnachtspfarrbrief-2021.jpg 806w\" sizes=\"(max-width: 150px) 100vw, 150px\" \/><\/strong><\/a><strong>ADVENT 2021<\/strong><\/p>\n<p>Alles auf (Neu-)Anfang? Mit dieser Frage befassen sich eine Reihe von Artikeln im Advents-Pfarrbrief. Die Schrift wird wieder an die katholischen Haushalte der Pfarrei verteilt. In Wort und Bild werden die neu gew\u00e4hlten Mitglieder von Pfarreirat und Kirchenvorstand vorgestellt. <a href=\"https:\/\/mariafrieden-hamminkeln.de\/wp-content\/uploads\/2021\/11\/Pfarrbrief-Advent-2021low.pdf\" target=\"_blank\" rel=\"noopener\">Hier gibt es das PDF<\/a> als Download (ca. 2 MPB)<\/p>\n<p><strong>S<a href=\"https:\/\/mariafrieden-hamminkeln.de\/wp-content\/uploads\/2021\/06\/Pfarrbrief-Sommer-2021_low.pdf\" target=\"_blank\" rel=\"noopener\"><img loading=\"lazy\" decoding=\"async\" class=\"alignleft size-thumbnail wp-image-10979\" src=\"https:\/\/mariafrieden-hamminkeln.de\/wp-content\/uploads\/2021\/06\/Titel-Sommer-21-150x150.jpg\" alt=\"\" width=\"150\" height=\"150\" srcset=\"https:\/\/mariafrieden-hamminkeln.de\/wp-content\/uploads\/2021\/06\/Titel-Sommer-21-150x150.jpg 150w, https:\/\/mariafrieden-hamminkeln.de\/wp-content\/uploads\/2021\/06\/Titel-Sommer-21-300x300.jpg 300w, https:\/\/mariafrieden-hamminkeln.de\/wp-content\/uploads\/2021\/06\/Titel-Sommer-21-768x766.jpg 768w, https:\/\/mariafrieden-hamminkeln.de\/wp-content\/uploads\/2021\/06\/Titel-Sommer-21-624x623.jpg 624w, https:\/\/mariafrieden-hamminkeln.de\/wp-content\/uploads\/2021\/06\/Titel-Sommer-21.jpg 835w\" sizes=\"(max-width: 150px) 100vw, 150px\" \/><\/a>OMMER 2021<\/strong><\/p>\n<p>Viele Gesichter sind im Sommer-Pfarrbrief 2021 zu sehen. Die Schrift wird Ende Juni\/Anfang Juli in der Pfarrei verteilt. Vorgestellt werden &#8222;alte&#8220; und neue Gesichter, eine Kosmetikerin, Zwillinge sowie ein Ausblick auf die anstehenden Wahlen von Kirchenvorstand und Pfarreirat. <a href=\"https:\/\/mariafrieden-hamminkeln.de\/wp-content\/uploads\/2021\/06\/Pfarrbrief-Sommer-2021_low.pdf\" target=\"_blank\" rel=\"noopener\">Hier ist das PDF<\/a> als Download (ca. 3 MB).<\/p>\n<p><strong><a href=\"https:\/\/mariafrieden-hamminkeln.de\/wp-content\/uploads\/2021\/03\/Adventspfarrbrief-2020low.pdf\"><img loading=\"lazy\" decoding=\"async\" class=\"alignleft wp-image-9425 size-thumbnail\" src=\"https:\/\/mariafrieden-hamminkeln.de\/wp-content\/uploads\/2020\/11\/Cover-WPB-2020-150x150.jpg\" alt=\"\" width=\"150\" height=\"150\" srcset=\"https:\/\/mariafrieden-hamminkeln.de\/wp-content\/uploads\/2020\/11\/Cover-WPB-2020-150x150.jpg 150w, https:\/\/mariafrieden-hamminkeln.de\/wp-content\/uploads\/2020\/11\/Cover-WPB-2020-300x300.jpg 300w, https:\/\/mariafrieden-hamminkeln.de\/wp-content\/uploads\/2020\/11\/Cover-WPB-2020-624x626.jpg 624w, https:\/\/mariafrieden-hamminkeln.de\/wp-content\/uploads\/2020\/11\/Cover-WPB-2020.jpg 757w\" sizes=\"(max-width: 150px) 100vw, 150px\" \/><\/a><\/strong><strong>ADVENT 2020<\/strong><\/p>\n<p>Zeit ist das Oberthema im Advents-Pfarrbrief, der im Dezember 2020 wieder wie gewohnt an die Haushalte der Pfarrei verteilt wird. Verschiedene Autoren beleuchten das Thema: Von der biblischen Bedeutung \u00fcber unseren Alltag, den ahnenforschenden Pastor bis hin zum manuellen Aufziehen der Kirchturmuhr in Dingden. Die PDF-Ausgabe kann <a href=\"https:\/\/mariafrieden-hamminkeln.de\/wp-content\/uploads\/2021\/03\/Adventspfarrbrief-2020low.pdf\" target=\"_blank\" rel=\"noopener noreferrer\">hier<\/a> heruntergeladen werden (ca. 4 MB).<\/p>\n<p><a href=\"https:\/\/mariafrieden-hamminkeln.de\/wp-content\/uploads\/2020\/06\/Pfarrbrief-Sommer2020lowres.pdf\" target=\"_blank\" rel=\"noopener noreferrer\"><img loading=\"lazy\" decoding=\"async\" class=\"alignleft size-full wp-image-8817\" src=\"https:\/\/mariafrieden-hamminkeln.de\/wp-content\/uploads\/2020\/06\/Cover-Sommer-2020.jpg\" alt=\"\" width=\"150\" height=\"150\" \/><\/a><strong>SOMMER 2020<\/strong><\/p>\n<p>W\u00fcnsche und Erwartungen: Gerade in der Corona-Krise gab es vor allem den Wunsch, wieder zur\u00fcck zur gewohnten Normalit\u00e4t zu finden. Aber auch noch viel mehr. Zahlreiche Gemeindemitglieder haben sich an dem Aufruf beteiligt, ihre W\u00fcnsche zu artikulieren. In Wort und Bild. Der Pfarrbrief wird an die Haushalte verteilt und kann <a href=\"https:\/\/mariafrieden-hamminkeln.de\/wp-content\/uploads\/2021\/03\/Pfarrbrief-Sommer2020lowres.pdf\" target=\"_blank\" rel=\"noopener noreferrer\">hier<\/a> als PDF heruntergeladen und gelesen werden (ca. 2 MB).<\/p>\n<p><a href=\"https:\/\/mariafrieden-hamminkeln.de\/wp-content\/uploads\/2019\/11\/Adventspfarrbrief-2019low.pdf\" target=\"_blank\" rel=\"noopener noreferrer\"><img loading=\"lazy\" decoding=\"async\" class=\"alignleft size-thumbnail wp-image-7776\" src=\"https:\/\/mariafrieden-hamminkeln.de\/wp-content\/uploads\/2019\/11\/Cover-Advent-2019-150x150.jpg\" alt=\"\" width=\"150\" height=\"150\" srcset=\"https:\/\/mariafrieden-hamminkeln.de\/wp-content\/uploads\/2019\/11\/Cover-Advent-2019-150x150.jpg 150w, https:\/\/mariafrieden-hamminkeln.de\/wp-content\/uploads\/2019\/11\/Cover-Advent-2019-300x300.jpg 300w, https:\/\/mariafrieden-hamminkeln.de\/wp-content\/uploads\/2019\/11\/Cover-Advent-2019-768x768.jpg 768w, https:\/\/mariafrieden-hamminkeln.de\/wp-content\/uploads\/2019\/11\/Cover-Advent-2019-624x624.jpg 624w, https:\/\/mariafrieden-hamminkeln.de\/wp-content\/uploads\/2019\/11\/Cover-Advent-2019.jpg 835w\" sizes=\"(max-width: 150px) 100vw, 150px\" \/><\/a><strong>ADVENT 2019<\/strong><\/p>\n<p>Mit dem &#8222;Zuhause&#8220; setzt sich der Advents-Weihnachts-Pfarrbrief 2019 auseinander. Damit sind sowohl die Kirchen und R\u00e4ume unserer Pfarrei Maria Frieden gemeint. Aber genauso die eigenen vier W\u00e4nde und unsere Heimat. Wie gewohnt: Die Gruppierungen und Verb\u00e4nde berichten ebenfalls \u00fcber ihre Aktivit\u00e4ten. Der Pfarrbrief geht auf Papier an die Haushalte und kann <a href=\"https:\/\/mariafrieden-hamminkeln.de\/wp-content\/uploads\/2021\/03\/Adventspfarrbrief-2019low.pdf\" target=\"_blank\" rel=\"noopener noreferrer\">hier<\/a> geladen werden (ca. 3 MB).<\/p>\n<p><a href=\"https:\/\/mariafrieden-hamminkeln.de\/wp-content\/uploads\/2019\/06\/Pfarrbrief-Sommer2019Screen.pdf\" target=\"_blank\" rel=\"noopener noreferrer\"><img loading=\"lazy\" decoding=\"async\" class=\"alignleft size-thumbnail wp-image-7124\" src=\"https:\/\/mariafrieden-hamminkeln.de\/wp-content\/uploads\/2019\/06\/Titel-Sommer19-150x150.png\" alt=\"\" width=\"150\" height=\"150\" srcset=\"https:\/\/mariafrieden-hamminkeln.de\/wp-content\/uploads\/2019\/06\/Titel-Sommer19-150x150.png 150w, https:\/\/mariafrieden-hamminkeln.de\/wp-content\/uploads\/2019\/06\/Titel-Sommer19-300x300.png 300w, https:\/\/mariafrieden-hamminkeln.de\/wp-content\/uploads\/2019\/06\/Titel-Sommer19-768x768.png 768w, https:\/\/mariafrieden-hamminkeln.de\/wp-content\/uploads\/2019\/06\/Titel-Sommer19-624x624.png 624w, https:\/\/mariafrieden-hamminkeln.de\/wp-content\/uploads\/2019\/06\/Titel-Sommer19.png 835w\" sizes=\"(max-width: 150px) 100vw, 150px\" \/><\/a><strong>SOMMER 2019<\/strong><\/p>\n<p>Unsere weite Welt: so hei\u00dft das Motto des n\u00e4chsten Pfarrfestes und so lautet auch das Motto des Sommer-Pfarrbriefs. Verschiedene Artikel illustrieren, wo es in unserer Pfarrei vielf\u00e4ltige Bez\u00fcge in die ganze Welt gibt. Der Pfarrbrief wird an die Haushalte verteilt und kann als &#8222;e-paper&#8220; auch <a href=\"https:\/\/mariafrieden-hamminkeln.de\/wp-content\/uploads\/2021\/03\/Sommerpfarrbrief-2019low.pdf\" target=\"_blank\" rel=\"noopener noreferrer\">hier<\/a> geladen werden (ca. 3 MB).<\/p>\n<p><a href=\"https:\/\/mariafrieden-hamminkeln.de\/wp-content\/uploads\/2018\/11\/Advent-2018_screen.pdf\" target=\"_blank\" rel=\"noopener noreferrer\"><strong><img loading=\"lazy\" decoding=\"async\" class=\"alignleft size-thumbnail wp-image-6346\" style=\"margin-top: 0.857143rem; margin-right: 1.71429rem; margin-bottom: 0.857143rem;\" src=\"https:\/\/mariafrieden-hamminkeln.de\/wp-content\/uploads\/2018\/11\/TitelAdvent2018-150x150.jpg\" alt=\"\" width=\"150\" height=\"150\" srcset=\"https:\/\/mariafrieden-hamminkeln.de\/wp-content\/uploads\/2018\/11\/TitelAdvent2018-150x150.jpg 150w, https:\/\/mariafrieden-hamminkeln.de\/wp-content\/uploads\/2018\/11\/TitelAdvent2018.jpg 200w\" sizes=\"(max-width: 150px) 100vw, 150px\" \/><\/strong><\/a><strong>ADVENT 2018<\/strong><\/p>\n<p>Der neue Pastoralplan der Pfarrei Maria Frieden ist beschlossen. Darin werden\u00a0die Zukunftsprojekte der Gemeinde beschrieben. &#8222;Zukunft&#8220; ist deshalb auch Thema des Advent-Pfarrbriefs, der an die Haushalte verteilt wird. Die elektronische Fassung kann <a href=\"https:\/\/mariafrieden-hamminkeln.de\/wp-content\/uploads\/2018\/11\/Advent-2018_screen.pdf\" target=\"_blank\" rel=\"noopener noreferrer\">hier<\/a> als PDF heruntergeladen werden (ca. 2 MB).<\/p>\n<p><strong><img loading=\"lazy\" decoding=\"async\" class=\"alignleft size-thumbnail wp-image-5501\" src=\"http:\/\/mariafrieden-hamminkeln.de\/wp-content\/uploads\/2014\/06\/coversommer18-150x150.jpg\" alt=\"coversommer18\" width=\"150\" height=\"150\" srcset=\"https:\/\/mariafrieden-hamminkeln.de\/wp-content\/uploads\/2014\/06\/coversommer18-150x150.jpg 150w, https:\/\/mariafrieden-hamminkeln.de\/wp-content\/uploads\/2014\/06\/coversommer18.jpg 300w\" sizes=\"(max-width: 150px) 100vw, 150px\" \/>SOMMER 2018<\/strong><\/p>\n<p>&#8222;Suche Frieden&#8220;: So lautete das Motto des Katholikentages in M\u00fcnster. Frieden, im Gro\u00dfen wie im Kleinen, ist auch Thema des Sommer-Pfarrbriefs 2018. Der Pfarrbrief wird &#8211; wie immer &#8211; an die Haushalte der Pfarrei verteilt, die elektronische Ausgabe kann <a href=\"https:\/\/mariafrieden-hamminkeln.de\/wp-content\/uploads\/2018\/06\/Sommer-2018-lowRes.pdf\" target=\"_blank\" rel=\"noopener\">hier<\/a> gelesen werden (ca. 2 MB).<\/p>\n<p><img loading=\"lazy\" decoding=\"async\" class=\"alignleft size-thumbnail wp-image-4827\" src=\"http:\/\/mariafrieden-hamminkeln.de\/wp-content\/uploads\/2014\/06\/Cover-Winter17-150x150.jpg\" alt=\"Cover Winter17\" width=\"150\" height=\"150\" srcset=\"https:\/\/mariafrieden-hamminkeln.de\/wp-content\/uploads\/2014\/06\/Cover-Winter17-150x150.jpg 150w, https:\/\/mariafrieden-hamminkeln.de\/wp-content\/uploads\/2014\/06\/Cover-Winter17-300x300.jpg 300w, https:\/\/mariafrieden-hamminkeln.de\/wp-content\/uploads\/2014\/06\/Cover-Winter17-624x624.jpg 624w, https:\/\/mariafrieden-hamminkeln.de\/wp-content\/uploads\/2014\/06\/Cover-Winter17.jpg 956w\" sizes=\"(max-width: 150px) 100vw, 150px\" \/><\/p>\n<p><strong>ADVENT 2017<\/strong><\/p>\n<p>Das vielf\u00e4ltige Ehrenamt in unserer Pfarrei Maria Frieden ist Thema im Weihnachts-Pfarrbrief 2017. Aktive berichten \u00fcber ihr Engagement. Die Druckversion wird w\u00e4hrend der Adventszeit durch ehrenamtliche (!) Boten an die Haushalte verteilt, die e-paper-Fassung kann <a href=\"http:\/\/mariafrieden-hamminkeln.de\/wp-content\/uploads\/2017\/11\/Advent-2017low.pdf\" target=\"_blank\" rel=\"noopener noreferrer\">hier<\/a>\u00a0geladen werden (ca. 3 MB).<\/p>\n<p><img loading=\"lazy\" decoding=\"async\" class=\"alignleft size-thumbnail wp-image-4034\" style=\"font-size: 1rem;\" src=\"http:\/\/mariafrieden-hamminkeln.de\/wp-content\/uploads\/2014\/06\/Sommer-17-150x150.jpg\" alt=\"Sommer-17\" width=\"150\" height=\"150\" srcset=\"https:\/\/mariafrieden-hamminkeln.de\/wp-content\/uploads\/2014\/06\/Sommer-17-150x150.jpg 150w, https:\/\/mariafrieden-hamminkeln.de\/wp-content\/uploads\/2014\/06\/Sommer-17-300x300.jpg 300w, https:\/\/mariafrieden-hamminkeln.de\/wp-content\/uploads\/2014\/06\/Sommer-17-624x624.jpg 624w, https:\/\/mariafrieden-hamminkeln.de\/wp-content\/uploads\/2014\/06\/Sommer-17.jpg 673w\" sizes=\"(max-width: 150px) 100vw, 150px\" \/><\/p>\n<p><span style=\"font-size: 1rem;\"><strong>SOMMER 2017<\/strong><\/span><\/p>\n<p>Katholische und evangelische Christen leben in unserer Stadt zusammen. Der Pfarrbrief beleuchtet im Luther-Jahr 2017 die verschiedenen Aspekte der \u00f6kumenischen Zusammenarbeit. Boten verteilen die Druckversion in diesen Tagen an die Haushalte unserer Pfarrei. Die elektronische Fassung finden Sie <a href=\"http:\/\/mariafrieden-hamminkeln.de\/wp-content\/uploads\/2017\/06\/Sommer2017_low.pdf\" target=\"_blank\" rel=\"noopener noreferrer\">hier<\/a>\u00a0(ca. 4 MB).<\/p>\n<p><span style=\"font-size: 1rem;\"><a href=\"https:\/\/mariafrieden-hamminkeln.de\/wp-content\/uploads\/2024\/08\/Pfarrbrief-Advent-2016_Screen.pdf\" target=\"_blank\" rel=\"noopener noreferrer\"><img loading=\"lazy\" decoding=\"async\" class=\"alignleft wp-image-3093 size-thumbnail\" src=\"https:\/\/mariafrieden-hamminkeln.de\/wp-content\/uploads\/2014\/06\/PB-Dez16-150x150.png\" alt=\"PB Dez16\" width=\"150\" height=\"150\" srcset=\"https:\/\/mariafrieden-hamminkeln.de\/wp-content\/uploads\/2014\/06\/PB-Dez16-150x150.png 150w, https:\/\/mariafrieden-hamminkeln.de\/wp-content\/uploads\/2014\/06\/PB-Dez16-300x300.png 300w, https:\/\/mariafrieden-hamminkeln.de\/wp-content\/uploads\/2014\/06\/PB-Dez16.png 482w\" sizes=\"(max-width: 150px) 100vw, 150px\" \/><\/a><\/span><strong>ADVENT 2016<\/strong><\/p>\n<p>Geld und Kirche: So lautet das Thema des neuen Pfarrbriefs, der im Advent 2016 erschienen ist. Die Redaktion befasst sich in ihren Artikeln mit verschiedenen Aspekte rund um den Mammon (wie es in der Bibel hei\u00dft). Die Druckversion kommt in die Haushalte, der Pfarrbrief kann als PDF <a href=\"https:\/\/mariafrieden-hamminkeln.de\/wp-content\/uploads\/2024\/08\/Pfarrbrief-Advent-2016_Screen.pdf\">hier<\/a> geladen werden (ca. 4 MB).<\/p>\n<p><img loading=\"lazy\" decoding=\"async\" class=\"alignleft size-thumbnail wp-image-2458\" src=\"http:\/\/mariafrieden-hamminkeln.de\/wp-content\/uploads\/2014\/06\/Pfarrbrief-Sommer-2016-150x150.png\" alt=\"Pfarrbrief Sommer 2016\" width=\"150\" height=\"150\" srcset=\"https:\/\/mariafrieden-hamminkeln.de\/wp-content\/uploads\/2014\/06\/Pfarrbrief-Sommer-2016-150x150.png 150w, https:\/\/mariafrieden-hamminkeln.de\/wp-content\/uploads\/2014\/06\/Pfarrbrief-Sommer-2016-300x297.png 300w, https:\/\/mariafrieden-hamminkeln.de\/wp-content\/uploads\/2014\/06\/Pfarrbrief-Sommer-2016.png 481w\" sizes=\"(max-width: 150px) 100vw, 150px\" \/><\/p>\n<p><strong>SOMMER 2016<\/strong><\/p>\n<p>Der neue Pfarrbrief widmet sich dem Thema &#8222;Barmherzigkeit&#8220;. Papst Franziskus hat das Jahr 2016 als Jahr der Barmherzigkeit ausgerufen. Die Redaktion beleuchtet das Thema aus verschiedenen Blickwinkeln. Die Druckversion wird in die Haushalte verteilt, ein PDF kann <a href=\"https:\/\/mariafrieden-hamminkeln.de\/wp-content\/uploads\/2021\/03\/Sommerpfarrbrief-2016low.pdf\" target=\"_blank\" rel=\"noopener noreferrer\">hier<\/a> geladen werden (ca. 4,2 MB).<\/p>\n<p><strong><a href=\"http:\/\/mariafrieden-hamminkeln.de\/wp-content\/uploads\/2015\/11\/Pfarrbrief-Advent-2015_low.pdf\" target=\"_blank\" rel=\"noopener noreferrer\"><img loading=\"lazy\" decoding=\"async\" class=\"alignleft size-thumbnail wp-image-1954\" src=\"http:\/\/mariafrieden-hamminkeln.de\/wp-content\/uploads\/2014\/06\/cover-150x150.jpg\" alt=\"cover\" width=\"150\" height=\"150\" srcset=\"https:\/\/mariafrieden-hamminkeln.de\/wp-content\/uploads\/2014\/06\/cover-150x150.jpg 150w, https:\/\/mariafrieden-hamminkeln.de\/wp-content\/uploads\/2014\/06\/cover-300x300.jpg 300w, https:\/\/mariafrieden-hamminkeln.de\/wp-content\/uploads\/2014\/06\/cover-624x623.jpg 624w, https:\/\/mariafrieden-hamminkeln.de\/wp-content\/uploads\/2014\/06\/cover.jpg 700w\" sizes=\"(max-width: 150px) 100vw, 150px\" \/><\/a>ADVENT 2015<\/strong><\/p>\n<p>Frisch erschienen: Zur Adventszeit 2015 hat das Redaktionsteam den neuen Pfarrbrief herausgegeben. Mit Blick auf das 475-j\u00e4hrige Jubil\u00e4um in Loikum hei\u00dft das Oberthema: Feste feiern. Dies gilt nat\u00fcrlich auch f\u00fcr Weihnachten&#8230; Die Druckversion wird verteilt, die Onlineausgabe kann <a href=\"https:\/\/mariafrieden-hamminkeln.de\/wp-content\/uploads\/2021\/03\/Adventspfarrbrief-2015low.pdf\" target=\"_blank\" rel=\"noopener noreferrer\">hier<\/a> geladen werden (ca. 2,5 MB).<\/p>\n<p><strong><a href=\"http:\/\/mariafrieden-hamminkeln.de\/wp-content\/uploads\/2015\/06\/Pfarrbrief-Sommer-2015screen.pdf\" target=\"_blank\" rel=\"noopener noreferrer\"><img loading=\"lazy\" decoding=\"async\" class=\"alignleft size-thumbnail wp-image-1399\" src=\"http:\/\/mariafrieden-hamminkeln.de\/wp-content\/uploads\/2014\/06\/01-Titelseite-150x150.jpg\" alt=\"01 - Titelseite\" width=\"150\" height=\"150\" srcset=\"https:\/\/mariafrieden-hamminkeln.de\/wp-content\/uploads\/2014\/06\/01-Titelseite-150x150.jpg 150w, https:\/\/mariafrieden-hamminkeln.de\/wp-content\/uploads\/2014\/06\/01-Titelseite-300x300.jpg 300w, https:\/\/mariafrieden-hamminkeln.de\/wp-content\/uploads\/2014\/06\/01-Titelseite-1024x1024.jpg 1024w, https:\/\/mariafrieden-hamminkeln.de\/wp-content\/uploads\/2014\/06\/01-Titelseite-624x624.jpg 624w\" sizes=\"(max-width: 150px) 100vw, 150px\" \/><\/a><\/strong><\/p>\n<p><strong>SOMMER 2015<\/strong><\/p>\n<p>Jetzt hier verf\u00fcgbar: Der Sommer-Pfarrbrief 2015. Schwerpunkt-Thema: Willkommen bei uns! Wir berichten \u00fcber Fl\u00fcchtlinge, die in unsere Stadt kommen. Und \u00fcber die vielf\u00e4ltigen Angebote, die unsere Pfarrei ihnen bietet. Die Druckversion geht an die Haushalte, das PDF kann <a href=\"https:\/\/mariafrieden-hamminkeln.de\/wp-content\/uploads\/2021\/03\/Sommerpfarrbrief-2015low.pdf\" target=\"_blank\" rel=\"noopener noreferrer\">hier<\/a>\u00a0(ca. 4 MB) geladen werden.<\/p>\n<p><a href=\"http:\/\/mariafrieden-hamminkeln.de\/wp-content\/uploads\/2014\/11\/Pfarrbrief_Advent_2014_screen.pdf\" target=\"_blank\" rel=\"noopener noreferrer\"><img loading=\"lazy\" decoding=\"async\" class=\"alignleft size-full wp-image-1049\" src=\"http:\/\/mariafrieden-hamminkeln.de\/wp-content\/uploads\/2014\/06\/cover122014.jpg\" alt=\"cover122014\" width=\"150\" height=\"148\" \/><\/a><\/p>\n<p><strong>ADVENT 2014<\/strong><br \/>\nDer neue Pfarrbrief ist erschienen. Schwerpunkt-Thema: Familie. Das Titelbild wird geschm\u00fcckt von einem Bild, das ein Kindergartenkind gemalt hat. Der Pfarrbrief wird an die Haushalte in den f\u00fcnf Gemeinden verteilt und kann <a href=\"http:\/\/mariafrieden-hamminkeln.de\/wp-content\/uploads\/2014\/11\/Pfarrbrief_Advent_2014_screen.pdf\" target=\"_blank\" rel=\"noopener noreferrer\">hier<\/a> als PDF (ca. 4. MB) geladen werden.<\/p>\n<p>&nbsp;<\/p>\n<p><img loading=\"lazy\" decoding=\"async\" class=\"alignleft\" style=\"line-height: 1.714285714; font-size: 1rem;\" src=\"http:\/\/mariafrieden-hamminkeln.de\/wp-content\/uploads\/2014\/06\/Sommerpfarrbrief-MFH_web_Seite_01-150x150.jpg\" alt=\"Sommerpfarrbrief MFH_web_Seite_01\" width=\"150\" height=\"150\" \/><\/p>\n<p><strong>SOMMER 2014<\/strong><br \/>\nDer neue Pfarrbrief ist Anfang Juli 2014 erschienen. Er wird an die Haushalte in den f\u00fcnf Gemeinden verteilt und kann <a href=\"https:\/\/mariafrieden-hamminkeln.de\/wp-content\/uploads\/2021\/03\/Sommerpfarrbrief-2014low.pdf\" target=\"_blank\" rel=\"noopener\">hier<\/a> als PDF-Dokument geladen werden.<\/p>\n<p>&nbsp;<\/p>\n<p>&nbsp;<\/p>\n<p><a href=\"http:\/\/mariafrieden-hamminkeln.de\/wp-content\/uploads\/2014\/03\/Pfarrbrief-Advent-2013.pdf\" target=\"_blank\" rel=\"noopener noreferrer\"><img loading=\"lazy\" decoding=\"async\" class=\"alignleft\" src=\"http:\/\/mariafrieden-hamminkeln.de\/wp-content\/uploads\/2014\/06\/Pfarrbrief-Advent-2013_Seite_01-150x150.jpg\" alt=\"Pfarrbrief-Advent-2013_Seite_01\" width=\"150\" height=\"150\" \/><\/a> <strong>ADVENT 2013<\/strong><br \/>\nDie Erstausgabe unseres Pfarrbriefes erschien im Advent 2013, p\u00fcnktlich zur Gr\u00fcndung der neuen Pfarrei Maria Frieden. <a href=\"http:\/\/mariafrieden-hamminkeln.de\/wp-content\/uploads\/2014\/03\/Pfarrbrief-Advent-2013.pdf\" target=\"_blank\" rel=\"noopener noreferrer\">Hier<\/a> kann der Pfarrbrief als PDF-Dokument (ca. 2,3 MB) geladen werden.<\/p>\n ","protected":false},"excerpt":{"rendered":"<p>SOMMER 2024 Klein &#8211; aber fein! Mit 24 Seiten Umfang erscheint p\u00fcnktlich zur Einf\u00fchrung unseres neuen Pfarrers Thomas Linsen das Sommer-Special unseres Pfarrbriefs. Wie immer wird das Druckwerk an die Haushalte der Pfarrei verteilt &#8211; oder kann hier als PDF (1,6 MB) gelesen werden. &nbsp; WEIHNACHTEN 2023 10 Jahre Maria Frieden. 10 Jahre Pfarrbrief. Die [&hellip;]<\/p>\n","protected":false},"author":1,"featured_media":0,"parent":7,"menu_order":0,"comment_status":"closed","ping_status":"closed","template":"","meta":{"footnotes":""},"_links":{"self":[{"href":"https:\/\/mariafrieden-hamminkeln.de\/index.php?rest_route=\/wp\/v2\/pages\/666"}],"collection":[{"href":"https:\/\/mariafrieden-hamminkeln.de\/index.php?rest_route=\/wp\/v2\/pages"}],"about":[{"href":"https:\/\/mariafrieden-hamminkeln.de\/index.php?rest_route=\/wp\/v2\/types\/page"}],"author":[{"embeddable":true,"href":"https:\/\/mariafrieden-hamminkeln.de\/index.php?rest_route=\/wp\/v2\/users\/1"}],"replies":[{"embeddable":true,"href":"https:\/\/mariafrieden-hamminkeln.de\/index.php?rest_route=%2Fwp%2Fv2%2Fcomments&post=666"}],"version-history":[{"count":84,"href":"https:\/\/mariafrieden-hamminkeln.de\/index.php?rest_route=\/wp\/v2\/pages\/666\/revisions"}],"predecessor-version":[{"id":15725,"href":"https:\/\/mariafrieden-hamminkeln.de\/index.php?rest_route=\/wp\/v2\/pages\/666\/revisions\/15725"}],"up":[{"embeddable":true,"href":"https:\/\/mariafrieden-hamminkeln.de\/index.php?rest_route=\/wp\/v2\/pages\/7"}],"wp:attachment":[{"href":"https:\/\/mariafrieden-hamminkeln.de\/index.php?rest_route=%2Fwp%2Fv2%2Fmedia&parent=666"}],"curies":[{"name":"wp","href":"https:\/\/api.w.org\/{rel}","templated":true}]}}