{"id":9029,"date":"2020-09-12T11:11:54","date_gmt":"2020-09-12T11:11:54","guid":{"rendered":"https:\/\/mariafrieden-hamminkeln.de\/?page_id=9029"},"modified":"2021-03-20T10:06:14","modified_gmt":"2021-03-20T10:06:14","slug":"familiengottesdienst-fuer-zuhause-13-september-2020","status":"publish","type":"page","link":"https:\/\/mariafrieden-hamminkeln.de\/?page_id=9029","title":{"rendered":"Familiengottesdienst f\u00fcr Zuhause (13. September 2020)"},"content":{"rendered":"<table style=\"border-collapse: collapse; width: 100%;\">\n<tbody>\n<tr>\n<td style=\"width: 100%; background-color: #c8c8c8;\">\n<h1 style=\"text-align: center;\"><span style=\"font-size: 14pt; color: #ff6600;\">Gebrauchsanweisung: Familiengottesdienste f\u00fcr Zuhause<\/span><\/h1>\n<ul style=\"list-style-type: square;\">\n<li><span style=\"font-size: 10pt; color: #000000;\">Sie k\u00f6nnen diesen Gottesdienst f\u00fcr sich als Familie feiern. Sie k\u00f6nnen aber auch gemeinsam mit einer befreundeten Familie, den Nachbarn oder Gro\u00dfeltern tun.<\/span><\/li>\n<li><span style=\"font-size: 10pt; color: #000000;\">\u00dcberlegen Sie sich gemeinsam, zu welcher Uhrzeit Sie diesen Gottesdienst feiern m\u00f6chten. Vielleicht nehmen Sie die Gottesdienstzeit Ihrer Kirche.<\/span><\/li>\n<li><span style=\"font-size: 10pt; color: #000000;\">Suchen Sie sich gemeinsam einen Ort, an dem Sie gut diesen Gottesdienst feiern k\u00f6nnen. Das kann der Esstisch, die Couch im Wohnzimmer sein oder auch auf dem Teppichboden sitzend im Kinderzimmer.<\/span><\/li>\n<li><span style=\"font-size: 10pt; color: #000000;\">Schauen Sie, wie Sie diesen Ort gestalten. Wenn m\u00f6glich, z\u00fcnden Sie eine Kerze an und stellen Sie diese in die Mitte, legen eine (Kinder-)Bibel und evtl. ein kleines Wandkreuz dazu.<\/span><\/li>\n<li><span style=\"font-size: 10pt; color: #000000;\">Sie k\u00f6nnen alle Texte selber lesen bzw. beten. Sie k\u00f6nnen sich aber auch einige anh\u00f6ren.<\/span><\/li>\n<\/ul>\n<\/td>\n<\/tr>\n<\/tbody>\n<\/table>\n<h1><span style=\"color: #ff0000; font-size: 18pt;\">Familiengottesdienst zum 13. September 2020<\/span><\/h1>\n<p><span style=\"color: #3366ff;\"><i>Per Mausklick auf den Pfeil die Audio-Datei abspielen, n<\/i><em style=\"font-size: 1rem;\">ach dem Kreuzzeichen antworten wir gemeinsam mit \u201eAmen\u201c<\/em><i style=\"font-size: 1rem;\">:<\/i><\/span><\/p>\n<!--[if lt IE 9]><script>document.createElement('audio');<\/script><![endif]-->\n<audio class=\"wp-audio-shortcode\" id=\"audio-9029-1\" preload=\"none\" style=\"width: 100%;\" controls=\"controls\"><source type=\"audio\/mpeg\" src=\"https:\/\/mariafrieden-hamminkeln.de\/wp-content\/uploads\/2020\/09\/2020-09-13-Begr\u00fc\u00dfung.mp3?_=1\" \/><a href=\"https:\/\/mariafrieden-hamminkeln.de\/wp-content\/uploads\/2020\/09\/2020-09-13-Begr\u00fc\u00dfung.mp3\">https:\/\/mariafrieden-hamminkeln.de\/wp-content\/uploads\/2020\/09\/2020-09-13-Begr\u00fc\u00dfung.mp3<\/a><\/audio>\n<p style=\"padding-left: 40px;\"><span style=\"color: #008000;\"><strong>Begr\u00fc\u00dfung<br \/>\n<\/strong><\/span>Hallo, wie sch\u00f6n, dass Ihr euch zum Gottesdienst versammelt habt.<br \/>\nWir wollen miteinander unseren Glauben feiern.<br \/>\nUnd so machen wir gemeinsam das Kreuzzeichen, mit dem wir zeigen, dass wir im Namen Gottes hier zusammengekommen sind.<br \/>\n<em>Wir sprechen gemeinsam:<br \/>\n<\/em><strong>\u201eIm Namen des Vaters und des Sohnes und des Heiligen Geistes, Amen.\u201c<\/strong><\/p>\n<p><span style=\"color: #008000;\"><strong>Lied: <\/strong><\/span>Einfach spitze<br \/>\n<iframe loading=\"lazy\" title=\"Einfach spitze\" width=\"625\" height=\"469\" src=\"https:\/\/www.youtube.com\/embed\/OSQV_qbHbrk?feature=oembed\" frameborder=\"0\" allow=\"accelerometer; autoplay; encrypted-media; gyroscope; picture-in-picture\" allowfullscreen><\/iframe><\/p>\n<p><span style=\"color: #3366ff;\"><i>Per Mausklick auf den Pfeil die Audio-Datei abspielen. <em>Wir wollen gemeinsam beten und falten dazu die H\u00e4nde.<\/em><\/i><\/span><\/p>\n<audio class=\"wp-audio-shortcode\" id=\"audio-9029-2\" preload=\"none\" style=\"width: 100%;\" controls=\"controls\"><source type=\"audio\/mpeg\" src=\"https:\/\/mariafrieden-hamminkeln.de\/wp-content\/uploads\/2020\/09\/2020-09-13-Gebet.mp3?_=2\" \/><a href=\"https:\/\/mariafrieden-hamminkeln.de\/wp-content\/uploads\/2020\/09\/2020-09-13-Gebet.mp3\">https:\/\/mariafrieden-hamminkeln.de\/wp-content\/uploads\/2020\/09\/2020-09-13-Gebet.mp3<\/a><\/audio>\n<p style=\"padding-left: 40px;\"><strong><span style=\"color: #008000;\">Gebet<\/span><br \/>\n<\/strong>Guter Gott,<br \/>\ndu m\u00f6chtest, dass wir gut zueinander sind.<br \/>\nDas gef\u00e4llt auch uns am besten.<br \/>\nAber manchmal sind wir b\u00f6se und gemein zueinander<br \/>\nund es f\u00e4llt uns schwer uns zu entschuldigen.<br \/>\nWenn uns einer so richtig ge\u00e4rgert hat, f\u00e4llt es uns manchmal noch<br \/>\nschwerer dem anderen zu vergeben.<br \/>\nBitte, hilf uns, dass wir immer wieder Wege finden aufeinander zuzugehen.<br \/>\nAmen<\/p>\n<p><strong><span style=\"color: #008000;\">Evangelium<\/span> <\/strong>nach Matth\u00e4us 18,21-35 (aus der \u201eNeukirchener Kinder-Bibel\u201c)<\/p>\n<p><strong>H\u00f6rt die frohmachende Botschaft Gottes!<br \/>\n<\/strong>Einmal kam Petrus zu Jesus. \u201eDarf ich etwas fragen?\u201c, bat er.<br \/>\n\u201eWas soll ich machen, wenn mir jemand Unrecht tut? Wie oft muss ich ihm vergeben? Reicht es siebenmal?\u201c<br \/>\n\u201eNein\u201c, antwortete Jesus, \u201eSondern siebzigmal siebenmal!\u201c<br \/>\nPetrus sah Jesus ungl\u00e4ubig an. Aber Jesus sagte: \u201eIch will dir ein Beispiel geben. H\u00f6r die Geschichte von dem Knecht, der nicht vergeben wollte.\u201c<\/p>\n<p>Es war ein K\u00f6nig, der hatte viele Knechte. Einer unter ihnen schuldete dem K\u00f6nig eine Menge Geld, eine riesige Summe.<br \/>\nEines Tages aber rief der K\u00f6nig seinen Knecht und befahl ihm: \u201eGib mir das Geld zur\u00fcck!\u201c Da erschrak der Knecht sehr. Woher sollte er das Geld nehmen?<br \/>\nEr hatte kein Geld mehr, keinen Cent.<br \/>\n\u201eDann nehme ich dir deine Frau und deine Kinder!\u201c, rief der K\u00f6nig. Aber der Knecht fiel auf seine Knie, weinte und bettelte: \u201eO K\u00f6nig! Hab doch Geduld mit mir! Ich will dir alles zur\u00fcckzahlen.\u201c<br \/>\nDa bekam der K\u00f6nig Mitleid mit seinem Knecht. \u201eGeh nur!\u201c sagte er freundlich.<br \/>\n\u201eDu brauchst mir nichts mehr zu zahlen. Ich schenke dir alles.\u201c<br \/>\nErleichtert zog der Knecht davon. Sein Herr hatte ihm alle Schuld erlassen. Er schuldete ihm nichts mehr, nicht einen Cent!<\/p>\n<p>Doch als der Knecht auf die Stra\u00dfe kam, traf er einen anderen Knecht. Der schuldete ihm Geld, nicht sehr viel, nur ein paar kleine Silberst\u00fccke. Aber der Knecht ging auf den anderen los, packte ihn am Kragen und schrie ihn an: \u201eEndlich habe ich dich erwischt! Gib mir sofort mein Geld zur\u00fcck! Sonst kommst du ins Gef\u00e4ngnis.\u201c<br \/>\nDa fiel der andere auf seine Knie, weinte und bat ihn: \u201eHab doch Geduld mit mir! Ich will dir alles zur\u00fcckzahlen.\u201c<br \/>\nAber der Knecht h\u00f6rte nicht auf ihn. Packte den anderen, schleppte ihn weg und warf ihn ins Gef\u00e4ngnis.<br \/>\nDas hatten andere gesehen. Schnell liefen sie zum K\u00f6nig und erz\u00e4hlten ihm traurig was der Knecht getan hatte.<br \/>\nDa wurde der K\u00f6nig sehr zornig. Sofort lie\u00df er den Knecht noch einmal holen.<br \/>\n\u201eDu Schurke!\u201c rief er. \u201eDeine ganze Schuld hab ich dir erlassen, weil du mich darum gebeten hast. Aber du hast dem anderen gar nichts erlassen?\u201c<br \/>\nDa konnte de Knecht weinen und betteln, so viel er wollte. Es half ihm nichts.<br \/>\nDer K\u00f6nig lie\u00df ihn in das Gef\u00e4ngnis werfen. Dort musste er bleiben, bis er alles bezahlte.\u201c<\/p>\n<p>\u201eSeht\u201c, sagte Jesus, \u201eso hat mein Vater im Himmel euch alle Schuld vergeben. Aber ihr? Ihr wollt einander die Schuld nicht vergeben?\u201c<\/p>\n<p><span style=\"color: #008000;\"><strong><span style=\"color: #3366ff;\"><i>Per Mausklick auf den Pfeil die Audio-Datei abspielen:<\/i><\/span><\/strong><\/span><\/p>\n<audio class=\"wp-audio-shortcode\" id=\"audio-9029-3\" preload=\"none\" style=\"width: 100%;\" controls=\"controls\"><source type=\"audio\/mpeg\" src=\"https:\/\/mariafrieden-hamminkeln.de\/wp-content\/uploads\/2020\/09\/2020-09-13-Gedanken.mp3?_=3\" \/><a href=\"https:\/\/mariafrieden-hamminkeln.de\/wp-content\/uploads\/2020\/09\/2020-09-13-Gedanken.mp3\">https:\/\/mariafrieden-hamminkeln.de\/wp-content\/uploads\/2020\/09\/2020-09-13-Gedanken.mp3<\/a><\/audio>\n<p style=\"padding-left: 40px;\"><span style=\"color: #008000;\"><strong>Gedanken zum Evangelium<br \/>\n<\/strong><\/span><\/p>\n<div id=\"attachment_9041\" style=\"width: 310px\" class=\"wp-caption alignright\"><a href=\"https:\/\/mariafrieden-hamminkeln.de\/wp-content\/uploads\/2020\/09\/https___www.pfarrbriefservice.de_sites_default_files_atoms_image_19728_handreichung_21_by_martha_gahbauer_pfarrbriefservice-scaled.jpg\"><img loading=\"lazy\" decoding=\"async\" aria-describedby=\"caption-attachment-9041\" class=\"size-medium wp-image-9041\" src=\"https:\/\/mariafrieden-hamminkeln.de\/wp-content\/uploads\/2020\/09\/https___www.pfarrbriefservice.de_sites_default_files_atoms_image_19728_handreichung_21_by_martha_gahbauer_pfarrbriefservice-300x200.jpg\" alt=\"\" width=\"300\" height=\"200\" srcset=\"https:\/\/mariafrieden-hamminkeln.de\/wp-content\/uploads\/2020\/09\/https___www.pfarrbriefservice.de_sites_default_files_atoms_image_19728_handreichung_21_by_martha_gahbauer_pfarrbriefservice-300x200.jpg 300w, https:\/\/mariafrieden-hamminkeln.de\/wp-content\/uploads\/2020\/09\/https___www.pfarrbriefservice.de_sites_default_files_atoms_image_19728_handreichung_21_by_martha_gahbauer_pfarrbriefservice-1024x681.jpg 1024w, https:\/\/mariafrieden-hamminkeln.de\/wp-content\/uploads\/2020\/09\/https___www.pfarrbriefservice.de_sites_default_files_atoms_image_19728_handreichung_21_by_martha_gahbauer_pfarrbriefservice-768x511.jpg 768w, https:\/\/mariafrieden-hamminkeln.de\/wp-content\/uploads\/2020\/09\/https___www.pfarrbriefservice.de_sites_default_files_atoms_image_19728_handreichung_21_by_martha_gahbauer_pfarrbriefservice-1536x1022.jpg 1536w, https:\/\/mariafrieden-hamminkeln.de\/wp-content\/uploads\/2020\/09\/https___www.pfarrbriefservice.de_sites_default_files_atoms_image_19728_handreichung_21_by_martha_gahbauer_pfarrbriefservice-2048x1363.jpg 2048w, https:\/\/mariafrieden-hamminkeln.de\/wp-content\/uploads\/2020\/09\/https___www.pfarrbriefservice.de_sites_default_files_atoms_image_19728_handreichung_21_by_martha_gahbauer_pfarrbriefservice-624x415.jpg 624w\" sizes=\"(max-width: 300px) 100vw, 300px\" \/><\/a><p id=\"caption-attachment-9041\" class=\"wp-caption-text\"><em>Bild: Martha Gahbauer, In: Pfarrbriefservice.de<\/em><\/p><\/div>\n<p style=\"padding-left: 40px;\">Na, das, was der hartherzige Diener da gemacht hat, ist doch wohl unm\u00f6glich!<br \/>\nDer gute K\u00f6nig erl\u00e4sst seinem Diener die gro\u00dfe Schuld. Aber derselbe Diener l\u00e4sst seinen N\u00e4chsten wegen ein paar Silberst\u00fccke ins Gef\u00e4ngnis werfen. Er hat Gutes erfahren, aber er gibt es nicht weiter.<br \/>\nIch glaube aber, wenn wir ehrlich sind, dann m\u00fcssen wir zugeben, dass auch wir solche Situationen kennen. Auch wir sind manchmal hartherzig und bestehen auf unserem Recht.<br \/>\nWenn wir von Gott geliebt sind und er uns jeder Schuld vergibt, dann ist die logische Folge, dass auch wir unserem N\u00e4chsten immer wieder vergeben k\u00f6nnen. Gott schenkt uns so viel Gutes, da d\u00fcrfen wir mit Geduld und Liebe nicht geizen.<br \/>\n\u201eVerzeihen\u201c ist echt schwer, vor allem in den Situationen, wenn wir das Gef\u00fchl haben, dass uns jemand absolut Unrecht getan hat, wir also wirkliche unschuldige Opfer sind. Wieso soll ich ihm dann verzeihen? Soll der sich doch bei mir entschuldigen.<\/p>\n<p style=\"padding-left: 40px;\">Vielleicht f\u00e4llt dir eine Situation ein, in der jemand gro\u00dfherzig zu dir war, dir verziehen hat und dir somit die Chance f\u00fcr einen Neuanfang gegeben hat. Wie hat sich das angef\u00fchlt?<\/p>\n<p><span style=\"color: #008000;\"><strong><span style=\"color: #3366ff;\"><i>Per Mausklick auf den Pfeil die Audio-Datei abspielen:<\/i><\/span><\/strong><\/span><\/p>\n<audio class=\"wp-audio-shortcode\" id=\"audio-9029-4\" preload=\"none\" style=\"width: 100%;\" controls=\"controls\"><source type=\"audio\/mpeg\" src=\"https:\/\/mariafrieden-hamminkeln.de\/wp-content\/uploads\/2020\/09\/2020-09-13-Geschichte-online-audio-converter.com_.mp3?_=4\" \/><a href=\"https:\/\/mariafrieden-hamminkeln.de\/wp-content\/uploads\/2020\/09\/2020-09-13-Geschichte-online-audio-converter.com_.mp3\">https:\/\/mariafrieden-hamminkeln.de\/wp-content\/uploads\/2020\/09\/2020-09-13-Geschichte-online-audio-converter.com_.mp3<\/a><\/audio>\n<p style=\"padding-left: 40px;\"><span style=\"color: #008000;\"><strong>Geschichte &#8211; Die Br\u00fccke<\/strong><\/span><\/p>\n<p style=\"padding-left: 40px;\">Hans und Peter lebten in einem kleinen Dorf, nicht weit voneinander entfernt. Sie waren Schulfreunde, beste Freunde.<\/p>\n<p style=\"padding-left: 40px;\">Sie lachten miteinander, sie halfen einander, sie spielten miteinander Fu\u00dfball.<\/p>\n<div id=\"attachment_9043\" style=\"width: 310px\" class=\"wp-caption alignright\"><a href=\"https:\/\/mariafrieden-hamminkeln.de\/wp-content\/uploads\/2020\/09\/https___www.pfarrbriefservice.de_sites_default_files_atoms_image_aufeinander_zugehen_farbe_by_factum_adp_pfarrbriefservice-scaled.jpg\"><img loading=\"lazy\" decoding=\"async\" aria-describedby=\"caption-attachment-9043\" class=\"size-medium wp-image-9043\" src=\"https:\/\/mariafrieden-hamminkeln.de\/wp-content\/uploads\/2020\/09\/https___www.pfarrbriefservice.de_sites_default_files_atoms_image_aufeinander_zugehen_farbe_by_factum_adp_pfarrbriefservice-300x203.jpg\" alt=\"\" width=\"300\" height=\"203\" srcset=\"https:\/\/mariafrieden-hamminkeln.de\/wp-content\/uploads\/2020\/09\/https___www.pfarrbriefservice.de_sites_default_files_atoms_image_aufeinander_zugehen_farbe_by_factum_adp_pfarrbriefservice-300x203.jpg 300w, https:\/\/mariafrieden-hamminkeln.de\/wp-content\/uploads\/2020\/09\/https___www.pfarrbriefservice.de_sites_default_files_atoms_image_aufeinander_zugehen_farbe_by_factum_adp_pfarrbriefservice-1024x693.jpg 1024w, https:\/\/mariafrieden-hamminkeln.de\/wp-content\/uploads\/2020\/09\/https___www.pfarrbriefservice.de_sites_default_files_atoms_image_aufeinander_zugehen_farbe_by_factum_adp_pfarrbriefservice-768x520.jpg 768w, https:\/\/mariafrieden-hamminkeln.de\/wp-content\/uploads\/2020\/09\/https___www.pfarrbriefservice.de_sites_default_files_atoms_image_aufeinander_zugehen_farbe_by_factum_adp_pfarrbriefservice-1536x1040.jpg 1536w, https:\/\/mariafrieden-hamminkeln.de\/wp-content\/uploads\/2020\/09\/https___www.pfarrbriefservice.de_sites_default_files_atoms_image_aufeinander_zugehen_farbe_by_factum_adp_pfarrbriefservice-2048x1386.jpg 2048w, https:\/\/mariafrieden-hamminkeln.de\/wp-content\/uploads\/2020\/09\/https___www.pfarrbriefservice.de_sites_default_files_atoms_image_aufeinander_zugehen_farbe_by_factum_adp_pfarrbriefservice-624x422.jpg 624w\" sizes=\"(max-width: 300px) 100vw, 300px\" \/><\/a><p id=\"caption-attachment-9043\" class=\"wp-caption-text\">Bild: Factum\/ADP In: Pfarrbriefservice.de<\/p><\/div>\n<p style=\"padding-left: 40px;\">Von einem Tag zum anderen aber begannen sie einander zu hassen. Niemand wusste warum. Hans schimpfte auf Peter, Peter auf Hans.\u00a0 \u201eDu Dummkopf!\u201c \u201eDu Feigling!\u201c Wenn sie sich sahen, drohten sie einander mit der Faust. Schulkollegen probierten, die beiden zu vers\u00f6hnen, aber es half nichts. Eines Tages begann es stark zu regnen. Die Stra\u00dfe wurde zu einem Bach. Man konnte sie nur sehr schwer \u00fcberqueren. Peter kam aus dem Haus und schaute. Sch\u00f6n war das, die Sonne schien wieder, wo die Stra\u00dfe war, floss Wasser wie ein richtiger Bach. Pl\u00f6tzlich aber schaute er finster.<\/p>\n<p style=\"padding-left: 40px; text-align: left;\">Beim Haus gegen\u00fcber stand sein Feind Hans. Er hatte einen Stein in der Hand. Peter dachte, du willst einen Stein nach mir werfen? Das kann ich auch. Er lief in den Hof zur\u00fcck und holte einen gro\u00dfen Stein. Aber\u2026\u2026\u2026\u2026.. Hans warf keinen Stein. Der b\u00fcckte sich am Stra\u00dfenrand und legte vorsichtig den Stein ins Wasser. Er pr\u00fcfte, ob der Stein fest war und ob man darauf stehen konnte. Dann holte er wieder einen Stein. Die Steine sahen im Wasser aus wie kleine Inseln. Peter dachte: Ach so, das kann ich auch. Er holte Steine und legte sie wie Hans ins Wasser. So bauten sie einen \u00dcbergang \u00fcber die Stra\u00dfe.\u00a0 Die Leute blieben stehen und schauten zu. Hans und Peter kamen sich ganz nahe. Seit langer Zeit schauten sie sich wieder in die Augen und Hans sagte: Ich habe einen neuen Fu\u00dfball bekommen. Willst du mit mir spielen? Und Hand in Hand liefen sie in den Hof von Hans &#8211; gute Freunde wie vorher.<\/p>\n<p style=\"padding-left: 40px; text-align: right;\">(Geschichte von Natalie Oettli)<\/p>\n<p><span style=\"color: #008000;\"><strong>Lied<\/strong>:<\/span> Wir bauen Br\u00fccken<\/p>\n<p><iframe loading=\"lazy\" title=\"Daniela Dicker - &#039;Wir bauen Br\u00fccken&#039; aus Wir sind die Kinder dieser Welt\" width=\"625\" height=\"352\" src=\"https:\/\/www.youtube.com\/embed\/12bF_vUz69I?feature=oembed\" frameborder=\"0\" allow=\"accelerometer; autoplay; encrypted-media; gyroscope; picture-in-picture\" allowfullscreen><\/iframe><\/p>\n<p>&nbsp;<\/p>\n<p><span style=\"color: #008000;\"><strong>Aktion<br \/>\n<\/strong><\/span>Wenn du magst, hol ein paar Baukl\u00f6tze oder Legosteine und baut gemeinsam eine Br\u00fccke. Als Zeichen daf\u00fcr, dass wir immer wieder aufeinander zugehen wollen.<\/p>\n<p>Im \u201eVater unser\u201c beten wir: \u201eUnd vergib uns unsere Schuld, wie auch wir vergeben unsern Schuldigern.\u201c Unsere Bitte wird zu einem Auftrag, Vergebung zu schenken. Das ist nicht leicht und m\u00fcssen wir immer wieder \u00fcben. Gott hilft uns dabei.<\/p>\n<p><em><span style=\"color: #0000ff;\">So wollen wir nun gemeinsam beten:<br \/>\n<\/span><\/em><span style=\"color: #008000;\"><strong>Vater unser<\/strong><\/span><\/p>\n<p><span style=\"color: #008000;\"><strong>Segen<\/strong><\/span><\/p>\n<p><iframe loading=\"lazy\" title=\"Der Herr segne und beh\u00fcte dich\" width=\"625\" height=\"352\" src=\"https:\/\/www.youtube.com\/embed\/w2pjC6s6O_c?feature=oembed\" frameborder=\"0\" allow=\"accelerometer; autoplay; encrypted-media; gyroscope; picture-in-picture\" allowfullscreen><\/iframe><\/p>\n<p>Der Herr segne und beh\u00fcte dich.<br \/>\nDer Herr lasse sein Angesicht leuchten \u00fcber dir und sei dir gn\u00e4dig,<br \/>\nDer Herr wende sein Angesicht dir zu und schenke dir sein Heil. Amen<\/p>\n<p><span style=\"color: #008000;\"><strong>Ausmalbild<br \/>\n<\/strong><\/span>Hier findest du ein Ausmalbild zum Evangelium: <a href=\"https:\/\/www.erzbistum-koeln.de\/export\/sites\/ebkportal\/seelsorge_und_glaube\/ehe_und_familie\/.content\/.galleries\/ausmalbilder\/A_24.pdf\" target=\"_blank\" rel=\"noopener noreferrer\">Download als PDF<\/a><\/p>\n<p>Hier der <a href=\"https:\/\/mariafrieden-hamminkeln.de\/wp-content\/uploads\/2020\/09\/2020-09-13-Ablauf.pdf\" target=\"_blank\" rel=\"noopener noreferrer\">gesamte Ablauf als PDF zum Download<\/a>.<\/p>\n ","protected":false},"excerpt":{"rendered":"<p>Gebrauchsanweisung: Familiengottesdienste f\u00fcr Zuhause Sie k\u00f6nnen diesen Gottesdienst f\u00fcr sich als Familie feiern. Sie k\u00f6nnen aber auch gemeinsam mit einer befreundeten Familie, den Nachbarn oder Gro\u00dfeltern tun. \u00dcberlegen Sie sich gemeinsam, zu welcher Uhrzeit Sie diesen Gottesdienst feiern m\u00f6chten. Vielleicht nehmen Sie die Gottesdienstzeit Ihrer Kirche. Suchen Sie sich gemeinsam einen Ort, an dem Sie [&hellip;]<\/p>\n","protected":false},"author":1,"featured_media":0,"parent":8615,"menu_order":0,"comment_status":"closed","ping_status":"closed","template":"","meta":{"footnotes":""},"_links":{"self":[{"href":"https:\/\/mariafrieden-hamminkeln.de\/index.php?rest_route=\/wp\/v2\/pages\/9029"}],"collection":[{"href":"https:\/\/mariafrieden-hamminkeln.de\/index.php?rest_route=\/wp\/v2\/pages"}],"about":[{"href":"https:\/\/mariafrieden-hamminkeln.de\/index.php?rest_route=\/wp\/v2\/types\/page"}],"author":[{"embeddable":true,"href":"https:\/\/mariafrieden-hamminkeln.de\/index.php?rest_route=\/wp\/v2\/users\/1"}],"replies":[{"embeddable":true,"href":"https:\/\/mariafrieden-hamminkeln.de\/index.php?rest_route=%2Fwp%2Fv2%2Fcomments&post=9029"}],"version-history":[{"count":8,"href":"https:\/\/mariafrieden-hamminkeln.de\/index.php?rest_route=\/wp\/v2\/pages\/9029\/revisions"}],"predecessor-version":[{"id":9048,"href":"https:\/\/mariafrieden-hamminkeln.de\/index.php?rest_route=\/wp\/v2\/pages\/9029\/revisions\/9048"}],"up":[{"embeddable":true,"href":"https:\/\/mariafrieden-hamminkeln.de\/index.php?rest_route=\/wp\/v2\/pages\/8615"}],"wp:attachment":[{"href":"https:\/\/mariafrieden-hamminkeln.de\/index.php?rest_route=%2Fwp%2Fv2%2Fmedia&parent=9029"}],"curies":[{"name":"wp","href":"https:\/\/api.w.org\/{rel}","templated":true}]}}