{"id":9749,"date":"2021-01-05T09:00:39","date_gmt":"2021-01-05T09:00:39","guid":{"rendered":"https:\/\/mariafrieden-hamminkeln.de\/?page_id=9749"},"modified":"2023-12-12T15:11:11","modified_gmt":"2023-12-12T15:11:11","slug":"kirchenmusiker","status":"publish","type":"page","link":"https:\/\/mariafrieden-hamminkeln.de\/?page_id=9749","title":{"rendered":"Kirchenmusiker"},"content":{"rendered":"<p><a href=\"mailto:rainer.tidden@icloud.com\">Rainer Tidden<\/a> ist seit \u00fcber vierzig Jahren Organist in den Kirchen der Pfarrei Maria Frieden.<br \/>\nAls st\u00e4ndige Aushilfen sind au\u00dferdem\u00a0<a href=\"http:\/\/www.sven-joosten.de\/\">Sven Joosten<\/a>\u00a0und\u00a0<a href=\"http:\/\/orgelplus.de\/stevens.html\">Dr. Gerd-Heinz Stevens<\/a>\u00a0in der Pfarrei t\u00e4tig.<\/p>\n<p><a href=\"https:\/\/mariafrieden-hamminkeln.de\/wp-content\/uploads\/2023\/12\/Rainer-Tidden-Vorstellung.jpg\"><img loading=\"lazy\" decoding=\"async\" class=\"alignleft wp-image-14745\" src=\"https:\/\/mariafrieden-hamminkeln.de\/wp-content\/uploads\/2023\/12\/Rainer-Tidden-Vorstellung.jpg\" alt=\"\" width=\"475\" height=\"491\" srcset=\"https:\/\/mariafrieden-hamminkeln.de\/wp-content\/uploads\/2023\/12\/Rainer-Tidden-Vorstellung.jpg 501w, https:\/\/mariafrieden-hamminkeln.de\/wp-content\/uploads\/2023\/12\/Rainer-Tidden-Vorstellung-291x300.jpg 291w\" sizes=\"(max-width: 475px) 100vw, 475px\" \/><\/a><\/p>\n<p>&nbsp;<\/p>\n<p>&nbsp;<\/p>\n<p>&nbsp;<\/p>\n ","protected":false},"excerpt":{"rendered":"<p>Rainer Tidden ist seit \u00fcber vierzig Jahren Organist in den Kirchen der Pfarrei Maria Frieden. Als st\u00e4ndige Aushilfen sind au\u00dferdem\u00a0Sven Joosten\u00a0und\u00a0Dr. Gerd-Heinz Stevens\u00a0in der Pfarrei t\u00e4tig. &nbsp; &nbsp; &nbsp;<\/p>\n","protected":false},"author":1,"featured_media":0,"parent":0,"menu_order":0,"comment_status":"closed","ping_status":"closed","template":"","meta":{"footnotes":""},"_links":{"self":[{"href":"https:\/\/mariafrieden-hamminkeln.de\/index.php?rest_route=\/wp\/v2\/pages\/9749"}],"collection":[{"href":"https:\/\/mariafrieden-hamminkeln.de\/index.php?rest_route=\/wp\/v2\/pages"}],"about":[{"href":"https:\/\/mariafrieden-hamminkeln.de\/index.php?rest_route=\/wp\/v2\/types\/page"}],"author":[{"embeddable":true,"href":"https:\/\/mariafrieden-hamminkeln.de\/index.php?rest_route=\/wp\/v2\/users\/1"}],"replies":[{"embeddable":true,"href":"https:\/\/mariafrieden-hamminkeln.de\/index.php?rest_route=%2Fwp%2Fv2%2Fcomments&post=9749"}],"version-history":[{"count":26,"href":"https:\/\/mariafrieden-hamminkeln.de\/index.php?rest_route=\/wp\/v2\/pages\/9749\/revisions"}],"predecessor-version":[{"id":14781,"href":"https:\/\/mariafrieden-hamminkeln.de\/index.php?rest_route=\/wp\/v2\/pages\/9749\/revisions\/14781"}],"wp:attachment":[{"href":"https:\/\/mariafrieden-hamminkeln.de\/index.php?rest_route=%2Fwp%2Fv2%2Fmedia&parent=9749"}],"curies":[{"name":"wp","href":"https:\/\/api.w.org\/{rel}","templated":true}]}}